{"id":2116,"date":"2025-02-18T16:53:55","date_gmt":"2025-02-18T09:53:55","guid":{"rendered":"https:\/\/thanglongcomputer.vn\/san-pham\/card-man-hinh-asus-tuf-rtx-4060-ti-o8g-gaming\/"},"modified":"2025-02-28T16:31:44","modified_gmt":"2025-02-28T09:31:44","slug":"card-man-hinh-asus-tuf-rtx-4060-ti-o8g-gaming","status":"publish","type":"product","link":"https:\/\/thanglongcomputer.vn\/?product=card-man-hinh-asus-tuf-rtx-4060-ti-o8g-gaming","title":{"rendered":"Card m\u00e0n h\u00ecnh Asus TUF-RTX 4060 Ti-O8G-GAMING"},"content":{"rendered":"<h2 class=\"box-title\">\u0110\u00e1nh gi\u00e1: Card m\u00e0n h\u00ecnh Asus TUF-RTX 4060 Ti-O8G-GAMING<\/h2>\n<div class=\"static-html-group js-static-container\">\n<div id=\"js-product-description\" class=\"js-static-content static-html-content\">\n<p><img decoding=\"async\" class=\"loading\" src=\"https:\/\/hanoicomputercdn.com\/media\/lib\/30-05-2023\/card-man-hinh-asus-tuf-rtx-4060-ti-o8g-gaming-mt1.jpg\" alt=\"Card m\u00e0n h\u00ecnh Asus TUF-RTX 4060 Ti-O8G-GAMING\" width=\"100%\" data-was-processed=\"true\" \/><img decoding=\"async\" class=\"loading\" src=\"https:\/\/hanoicomputercdn.com\/media\/lib\/30-05-2023\/card-man-hinh-asus-tuf-rtx-4060-ti-o8g-gaming-mt2.jpg\" alt=\"Card m\u00e0n h\u00ecnh Asus TUF-RTX 4060 Ti-O8G-GAMING\" width=\"100%\" data-was-processed=\"true\" \/><img decoding=\"async\" class=\"loading\" src=\"https:\/\/hanoicomputercdn.com\/media\/lib\/30-05-2023\/card-man-hinh-asus-tuf-rtx-4060-ti-o8g-gaming-mt3.jpg\" alt=\"Card m\u00e0n h\u00ecnh Asus TUF-RTX 4060 Ti-O8G-GAMING\" width=\"100%\" data-was-processed=\"true\" \/><img decoding=\"async\" class=\"loading\" src=\"https:\/\/hanoicomputercdn.com\/media\/lib\/30-05-2023\/card-man-hinh-asus-tuf-rtx-4060-ti-o8g-gaming-mt4.jpg\" alt=\"Card m\u00e0n h\u00ecnh Asus TUF-RTX 4060 Ti-O8G-GAMING\" width=\"100%\" data-was-processed=\"true\" \/><img decoding=\"async\" class=\"loading\" src=\"https:\/\/hanoicomputercdn.com\/media\/lib\/30-05-2023\/card-man-hinh-asus-tuf-rtx-4060-ti-o8g-gaming-mt5.jpg\" alt=\"Card m\u00e0n h\u00ecnh Asus TUF-RTX 4060 Ti-O8G-GAMING\" width=\"100%\" data-was-processed=\"true\" \/><img decoding=\"async\" class=\"loading\" src=\"https:\/\/hanoicomputercdn.com\/media\/lib\/30-05-2023\/card-man-hinh-asus-tuf-rtx-4060-ti-o8g-gaming-mt6.jpg\" alt=\"Card m\u00e0n h\u00ecnh Asus TUF-RTX 4060 Ti-O8G-GAMING\" width=\"100%\" data-was-processed=\"true\" \/><\/p>\n<\/div>\n<div class=\"static-btn-group\"><\/div>\n<\/div>\n","protected":false},"excerpt":{"rendered":"<p class=\"group-title\">Th\u00f4ng s\u1ed1 s\u1ea3n ph\u1ea9m:<\/p>\n<div>\n<ul>\n<li class=\"item\">Nh\u00e2n \u0111\u1ed3 h\u1ecda: NVIDIA\u00ae GeForce RTX\u2122 4060 Ti<\/li>\n<li class=\"item\">Nh\u00e2n CUDA: 4352<\/li>\n<li class=\"item\">B\u1ed9 nh\u1edb: 8GB GDDR6<\/li>\n<li class=\"item\">Giao th\u1ee9c b\u1ed9 nh\u1edb: 128-bit<\/li>\n<li class=\"item\">Ngu\u1ed3n khuy\u1ebfn ngh\u1ecb: 650W<\/li>\n<\/ul>\n<\/div>\n","protected":false},"featured_media":2206,"comment_status":"open","ping_status":"closed","template":"","meta":{"_acf_changed":false},"product_brand":[115],"product_cat":[64,442],"product_tag":[290,82,445,140,455,102,443],"class_list":{"0":"post-2116","1":"product","2":"type-product","3":"status-publish","4":"has-post-thumbnail","6":"product_brand-asus","7":"product_cat-linh-kien-may-tinh","8":"product_cat-card-man-hinh-vga","9":"product_tag-8gb","10":"product_tag-asus","11":"product_tag-card","12":"product_tag-gaming","13":"product_tag-rtx4060ti","14":"product_tag-tuf","15":"product_tag-vga","17":"first","18":"instock","19":"sale","20":"shipping-taxable","21":"purchasable","22":"product-type-simple"},"acf":[],"jetpack_sharing_enabled":true,"_links":{"self":[{"href":"https:\/\/thanglongcomputer.vn\/index.php?rest_route=\/wp\/v2\/product\/2116","targetHints":{"allow":["GET"]}}],"collection":[{"href":"https:\/\/thanglongcomputer.vn\/index.php?rest_route=\/wp\/v2\/product"}],"about":[{"href":"https:\/\/thanglongcomputer.vn\/index.php?rest_route=\/wp\/v2\/types\/product"}],"replies":[{"embeddable":true,"href":"https:\/\/thanglongcomputer.vn\/index.php?rest_route=%2Fwp%2Fv2%2Fcomments&post=2116"}],"wp:featuredmedia":[{"embeddable":true,"href":"https:\/\/thanglongcomputer.vn\/index.php?rest_route=\/wp\/v2\/media\/2206"}],"wp:attachment":[{"href":"https:\/\/thanglongcomputer.vn\/index.php?rest_route=%2Fwp%2Fv2%2Fmedia&parent=2116"}],"wp:term":[{"taxonomy":"product_brand","embeddable":true,"href":"https:\/\/thanglongcomputer.vn\/index.php?rest_route=%2Fwp%2Fv2%2Fproduct_brand&post=2116"},{"taxonomy":"product_cat","embeddable":true,"href":"https:\/\/thanglongcomputer.vn\/index.php?rest_route=%2Fwp%2Fv2%2Fproduct_cat&post=2116"},{"taxonomy":"product_tag","embeddable":true,"href":"https:\/\/thanglongcomputer.vn\/index.php?rest_route=%2Fwp%2Fv2%2Fproduct_tag&post=2116"}],"curies":[{"name":"wp","href":"https:\/\/api.w.org\/{rel}","templated":true}]}}