{"id":2114,"date":"2025-02-18T16:53:55","date_gmt":"2025-02-18T09:53:55","guid":{"rendered":"https:\/\/thanglongcomputer.vn\/san-pham\/card-man-hinh-asus-dual-rtx-4060-o8g-evo-white\/"},"modified":"2026-02-25T10:29:10","modified_gmt":"2026-02-25T03:29:10","slug":"card-man-hinh-asus-dual-rtx-4060-o8g-evo-white","status":"publish","type":"product","link":"https:\/\/thanglongcomputer.vn\/?product=card-man-hinh-asus-dual-rtx-4060-o8g-evo-white","title":{"rendered":"Card m\u00e0n h\u00ecnh Asus DUAL RTX 4060-O8G-EVO WHITE"},"content":{"rendered":"<div class=\"KvSummary__productHeadiing__UPRDo KvSummary__themeWhite__21KI0\"><strong>Card m\u00e0n h\u00ecnh ASUS Dual GeForce RTX\u21224060 White OC Edition 8GB GDDR6<\/strong>\u00a0v\u1edbi hai qu\u1ea1t c\u00f4ng ngh\u1ec7 h\u01b0\u1edbng tr\u1ee5c m\u1ea1nh m\u1ebd v\u00e0 thi\u1ebft k\u1ebf 2,5 khe c\u1eafm cho kh\u1ea3 n\u0103ng t\u01b0\u01a1ng th\u00edch r\u1ed9ng<\/div>\n<div class=\"KvSummary__productIntro__1WXF- KvSummary__themeWhite__21KI0\">\n<ul>\n<li><strong>\u0110\u01b0\u1ee3c h\u1ed7 tr\u1ee3 b\u1edfi NVIDIA DLSS3,<\/strong>\u00a0v\u00f2m Ada Lovelace c\u1ef1c k\u1ef3 hi\u1ec7u qu\u1ea3 v\u00e0 d\u00f2 tia \u0111\u1ea7y \u0111\u1ee7<\/li>\n<li><strong>L\u00f5i Tensor th\u1ebf h\u1ec7 th\u1ee9 4:<\/strong>\u00a0Hi\u1ec7u su\u1ea5t l\u00ean t\u1edbi 4 l\u1ea7n v\u1edbi DLSS 3 so v\u1edbi k\u1ebft xu\u1ea5t brute-force<\/li>\n<li><strong>L\u00f5i RT th\u1ebf h\u1ec7 th\u1ee9 3:<\/strong>\u00a0Hi\u1ec7u su\u1ea5t d\u00f2 tia l\u00ean t\u1edbi 2 l\u1ea7n<\/li>\n<li><strong>Phi\u00ean b\u1ea3n OC: 2535 MHz (Ch\u1ebf \u0111\u1ed9 OC)\/ 2505 MHz (Ch\u1ebf \u0111\u1ed9 m\u1eb7c \u0111\u1ecbnh)<\/strong><\/li>\n<li><strong>Thi\u1ebft k\u1ebf qu\u1ea1t c\u00f4ng ngh\u1ec7 h\u01b0\u1edbng tr\u1ee5c<\/strong>\u00a0c\u00f3 tr\u1ee5c qu\u1ea1t nh\u1ecf h\u01a1n \u0111\u1ec3 t\u0103ng lu\u1ed3ng kh\u00f4ng kh\u00ed qua m\u1ea3ng l\u00e0m m\u00e1t<\/li>\n<li><strong>Thi\u1ebft k\u1ebf 2,5 khe<\/strong>\u00a0t\u1ed1i \u0111a h\u00f3a kh\u1ea3 n\u0103ng t\u01b0\u01a1ng th\u00edch v\u00e0 hi\u1ec7u qu\u1ea3 l\u00e0m m\u00e1t \u0111\u1ec3 c\u00f3 hi\u1ec7u su\u1ea5t v\u01b0\u1ee3t tr\u1ed9i trong khung m\u00e1y nh\u1ecf.<\/li>\n<li><strong>V\u00f2ng bi qu\u1ea1t bi k\u00e9p<\/strong>\u00a0c\u00f3 th\u1ec3 b\u1ec1n g\u1ea5p \u0111\u00f4i so v\u1edbi thi\u1ebft k\u1ebf v\u00f2ng bi tay \u00e1o<\/li>\n<li><strong>C\u00f4ng ngh\u1ec7 0dB<\/strong>\u00a0cho ph\u00e9p b\u1ea1n t\u1eadn h\u01b0\u1edfng tr\u00f2 ch\u01a1i nh\u1eb9 nh\u00e0ng trong s\u1ef1 im l\u1eb7ng t\u01b0\u01a1ng \u0111\u1ed1i<\/li>\n<\/ul>\n<p><img loading=\"lazy\" decoding=\"async\" class=\"lazy entered loaded\" src=\"https:\/\/nguyencongpc.vn\/media\/lib\/29-08-2023\/kv.jpg\" alt=\"\" width=\"1\" height=\"1\" data-src=\"\/media\/lib\/29-08-2023\/kv.jpg\" data-ll-status=\"loaded\" data-was-processed=\"true\" \/><\/p>\n<p>ASUS Dual GeForce RTX\u2122 4060 k\u1ebft h\u1ee3p hi\u1ec7u su\u1ea5t nhi\u1ec7t \u0111\u1ed9ng v\u1edbi kh\u1ea3 n\u0103ng t\u01b0\u01a1ng th\u00edch r\u1ed9ng.\u00a0C\u00e1c gi\u1ea3i ph\u00e1p l\u00e0m m\u00e1t ti\u00ean ti\u1ebfn t\u1eeb card \u0111\u1ed3 h\u1ecda h\u00e0ng \u0111\u1ea7u \u2014 bao g\u1ed3m hai qu\u1ea1t c\u00f4ng ngh\u1ec7 h\u01b0\u1edbng tr\u1ee5c \u0111\u1ec3 t\u1ed1i \u0111a h\u00f3a lu\u1ed3ng kh\u00f4ng kh\u00ed \u0111\u1ebfn t\u1ea3n nhi\u1ec7t \u2014 \u0111\u01b0\u1ee3c g\u00f3i g\u1ecdn trong card 2,5 khe d\u00e0i 22,7 cm, mang l\u1ea1i nhi\u1ec1u \u0111i\u1ec7n n\u0103ng h\u01a1n trong kh\u00f4ng gian \u00edt h\u01a1n.\u00a0Nh\u1eefng c\u1ea3i ti\u1ebfn n\u00e0y gi\u00fap ASUS Dual tr\u1edf th\u00e0nh s\u1ef1 l\u1ef1a ch\u1ecdn ho\u00e0n h\u1ea3o cho nh\u1eefng game th\u1ee7 mu\u1ed1n c\u00f3 hi\u1ec7u n\u0103ng \u0111\u1ed3 h\u1ecda h\u1ea1ng n\u1eb7ng trong m\u1ed9t thi\u1ebft k\u1ebf nh\u1ecf g\u1ecdn.<\/p>\n<p><img loading=\"lazy\" decoding=\"async\" class=\"lazy entered loaded\" src=\"https:\/\/nguyencongpc.vn\/media\/lib\/29-08-2023\/screenshot_1693282551.png\" alt=\"\" width=\"1\" height=\"1\" data-src=\"\/media\/lib\/29-08-2023\/screenshot_1693282551.png\" data-was-processed=\"true\" data-ll-status=\"loaded\" \/><\/p>\n<h3 class=\"color-gradient\">Thi\u1ebft k\u1ebf qu\u1ea1t c\u00f4ng ngh\u1ec7 h\u01b0\u1edbng tr\u1ee5c<\/h3>\n<p>Hai qu\u1ea1t c\u00f4ng ngh\u1ec7 h\u01b0\u1edbng tr\u1ee5c \u0111\u00e3 \u0111\u01b0\u1ee3c th\u1eed v\u00e0 x\u00e1c th\u1ef1c c\u00f3 tr\u1ee5c nh\u1ecf h\u01a1n gi\u00fap t\u1ea1o \u0111i\u1ec1u ki\u1ec7n cho c\u00e1c c\u00e1nh qu\u1ea1t d\u00e0i h\u01a1n v\u00e0 m\u1ed9t v\u00f2ng ch\u1eafn \u0111\u1ec3 t\u0103ng \u00e1p su\u1ea5t kh\u00f4ng kh\u00ed \u0111i xu\u1ed1ng.<\/p>\n<p><img loading=\"lazy\" decoding=\"async\" class=\"lazy entered loaded\" src=\"https:\/\/nguyencongpc.vn\/media\/lib\/29-08-2023\/screenshot_1693282683.png\" alt=\"\" width=\"1\" height=\"1\" data-src=\"\/media\/lib\/29-08-2023\/screenshot_1693282683.png\" data-ll-status=\"loaded\" data-was-processed=\"true\" \/><\/p>\n<h3 class=\"color-gradient\">C\u00f4ng ngh\u1ec7 0dB<\/h3>\n<p>\u0110\u1ec3 lo\u1ea1i b\u1ecf ti\u1ebfng \u1ed3n kh\u00f4ng c\u1ea7n thi\u1ebft, ch\u1ebf \u0111\u1ed9 d\u1eebng s\u1ebd t\u1ea1m d\u1eebng t\u1ea5t c\u1ea3 c\u00e1c qu\u1ea1t khi nhi\u1ec7t \u0111\u1ed9 GPU gi\u1ea3m xu\u1ed1ng d\u01b0\u1edbi 50 \u0111\u1ed9 v\u00e0 m\u1ee9c ti\u00eau th\u1ee5 \u0111i\u1ec7n n\u0103ng th\u1ea5p.<\/p>\n<p><img decoding=\"async\" class=\"lazy entered loaded exited\" src=\"https:\/\/nguyencongpc.vn\/media\/lib\/29-08-2023\/screenshot_1693282694.png\" alt=\"\" data-was-processed=\"true\" \/><\/p>\n<h3 class=\"color-gradient\">V\u00f2ng bi qu\u1ea1t k\u00e9p<\/h3>\n<p>C\u00e1c lo\u1ea1i v\u00f2ng bi kh\u00e1c nhau c\u00f3 nh\u1eefng \u01b0u v\u00e0 nh\u01b0\u1ee3c \u0111i\u1ec3m ri\u00eang.\u00a0V\u00f2ng bi v\u01b0\u1ee3t tr\u1ed9i v\u1ec1 \u0111\u1ed9 b\u1ec1n v\u00e0 c\u00f3 th\u1ec3 k\u00e9o d\u00e0i g\u1ea5p \u0111\u00f4i so v\u1edbi thi\u1ebft k\u1ebf v\u00f2ng bi tay \u00e1o.<\/p>\n<p><img decoding=\"async\" class=\"lazy entered exited loaded\" src=\"https:\/\/nguyencongpc.vn\/media\/lib\/29-08-2023\/dual_ball_fan_bearings.jpg\" alt=\"\" data-was-processed=\"true\" \/><\/p>\n<h3 class=\"color-gradient\">BIOS k\u00e9p<\/h3>\n<p>B\u1ea1n \u01b0u ti\u00ean nhi\u1ec7t \u0111\u1ed9 l\u00f5i th\u1ea5p hay \u0111\u1ed9 \u1ed3n th\u1ea5p?\u00a0Ch\u1ebf \u0111\u1ed9 hi\u1ec7u su\u1ea5t s\u1ebd cho ph\u00e9p qu\u1ea1t quay \u0111\u1ec3 gi\u1eef cho card lu\u00f4n m\u00e1t.\u00a0Ch\u1ebf \u0111\u1ed9 im l\u1eb7ng duy tr\u00ec c\u00f9ng m\u1ee5c ti\u00eau c\u00f4ng su\u1ea5t v\u00e0 c\u00e1c c\u00e0i \u0111\u1eb7t cao c\u1ea5p nh\u1ea5t nh\u01b0ng cung c\u1ea5p \u0111\u01b0\u1eddng cong qu\u1ea1t \u00edt ho\u1ea1t \u0111\u1ed9ng h\u01a1n \u0111\u1ec3 ho\u1ea1t \u0111\u1ed9ng \u00eam h\u01a1n \u1edf nhi\u1ec7t \u0111\u1ed9 trung b\u00ecnh.\u00a0\u0110\u1ec3 t\u00f9y ch\u1ec9nh v\u00e0 ki\u1ec3m so\u00e1t nhi\u1ec1u h\u01a1n n\u1eefa, h\u00e3y xem ph\u1ea7n m\u1ec1m GPU Tweak III c\u1ee7a ch\u00fang t\u00f4i.<\/p>\n<p><img loading=\"lazy\" decoding=\"async\" class=\"lazy entered loaded\" src=\"https:\/\/nguyencongpc.vn\/media\/lib\/29-08-2023\/dual-bios.png\" alt=\"\" width=\"1\" height=\"1\" data-src=\"\/media\/lib\/29-08-2023\/dual-bios.png\" data-ll-status=\"loaded\" data-was-processed=\"true\" \/><\/p>\n<h3 class=\"color-gradient\">Thi\u1ebft k\u1ebf 2,5 khe<\/h3>\n<p>B\u1ed1 tr\u00ed v\u1ecf b\u1ecdc, t\u1ea3n nhi\u1ec7t v\u00e0 \u1ed1ng d\u1eabn nhi\u1ec7t \u0111\u01b0\u1ee3c thi\u1ebft k\u1ebf c\u1ea9n th\u1eadn cho ph\u00e9p hai qu\u1ea1t c\u00f4ng ngh\u1ec7 h\u01b0\u1edbng tr\u1ee5c t\u1eadn d\u1ee5ng kh\u1ea3 n\u0103ng th\u00f4ng gi\u00f3 \u1edf b\u1ea3ng \u0111i\u1ec1u khi\u1ec3n b\u00ean c\u1ee7a khung m\u00e1y v\u00e0 mang l\u1ea1i hi\u1ec7u su\u1ea5t nhi\u1ec7t ph\u00f9 h\u1ee3p v\u1edbi k\u00edch th\u01b0\u1edbc c\u1ee7a th\u1ebb.<\/p>\n<p><img loading=\"lazy\" decoding=\"async\" class=\"lazy entered loaded\" src=\"https:\/\/nguyencongpc.vn\/media\/lib\/29-08-2023\/2_slot_design.png\" alt=\"\" width=\"1\" height=\"1\" data-src=\"\/media\/lib\/29-08-2023\/2_slot_design.png\" data-ll-status=\"loaded\" data-was-processed=\"true\" \/><\/p>\n<h3 class=\"color-gradient\">C\u00f4ng ngh\u1ec7 Auto-Extreme<\/h3>\n<p>C\u00f4ng ngh\u1ec7 Auto-Extreme l\u00e0 m\u1ed9t quy tr\u00ecnh s\u1ea3n xu\u1ea5t t\u1ef1 \u0111\u1ed9ng \u0111\u1eb7t ra c\u00e1c ti\u00eau chu\u1ea9n m\u1edbi trong ng\u00e0nh b\u1eb1ng c\u00e1ch cho ph\u00e9p ho\u00e0n th\u00e0nh t\u1ea5t c\u1ea3 c\u00e1c ho\u1ea1t \u0111\u1ed9ng h\u00e0n ch\u1ec9 trong m\u1ed9t l\u1ea7n h\u00e0n.\u00a0\u0110i\u1ec1u n\u00e0y l\u00e0m gi\u1ea3m s\u1ee9c c\u0103ng nhi\u1ec7t tr\u00ean c\u00e1c b\u1ed9 ph\u1eadn v\u00e0 tr\u00e1nh s\u1eed d\u1ee5ng c\u00e1c h\u00f3a ch\u1ea5t t\u1ea9y r\u1eeda m\u1ea1nh, d\u1eabn \u0111\u1ebfn \u00edt t\u00e1c \u0111\u1ed9ng \u0111\u1ebfn m\u00f4i tr\u01b0\u1eddng h\u01a1n, ti\u00eau th\u1ee5 \u0111i\u1ec7n n\u0103ng s\u1ea3n xu\u1ea5t th\u1ea5p h\u01a1n v\u00e0 t\u1ed5ng th\u1ec3 s\u1ea3n ph\u1ea9m \u0111\u00e1ng tin c\u1eady h\u01a1n<\/p>\n<p><img loading=\"lazy\" decoding=\"async\" class=\"lazy entered loaded\" src=\"https:\/\/nguyencongpc.vn\/media\/lib\/29-08-2023\/screenshot_1693282719.png\" alt=\"\" width=\"1\" height=\"1\" data-src=\"\/media\/lib\/29-08-2023\/screenshot_1693282719.png\" data-ll-status=\"loaded\" data-was-processed=\"true\" \/><\/p>\n<h3 class=\"color-gradient\">T\u1ea5m \u1ed1p l\u01b0ng b\u1ea3o v\u1ec7<\/h3>\n<p>PCB \u0111\u01b0\u1ee3c gia c\u1ed1 b\u1eb1ng t\u1ea5m \u1ed1p l\u01b0ng b\u1eb1ng nh\u00f4m gi\u00fap t\u0103ng th\u00eam \u0111\u1ed9 c\u1ee9ng cho c\u1ea5u tr\u00fac, gi\u00fap ng\u0103n ng\u1eeba u\u1ed1n cong v\u00e0 b\u1ea3o v\u1ec7 c\u00e1c b\u1ed9 ph\u1eadn c\u0169ng nh\u01b0 d\u1ea5u v\u1ebft \u0111\u01b0\u1eddng d\u1eabn kh\u1ecfi h\u01b0 h\u1ecfng.\u00a0Ph\u00eda sau c\u00f3 m\u1ed9t l\u1ed7 th\u00f4ng h\u01a1i r\u1ed9ng cho ph\u00e9p kh\u00f4ng kh\u00ed n\u00f3ng tho\u00e1t ra ph\u00eda qu\u1ea1t h\u00fat c\u1ee7a khung m\u00e1y thay v\u00ec \u0111\u01b0\u1ee3c t\u00e1i ch\u1ebf tr\u1edf l\u1ea1i b\u1ed9 l\u00e0m m\u00e1t GPU.<\/p>\n<p><img loading=\"lazy\" decoding=\"async\" class=\"lazy entered loaded\" src=\"https:\/\/nguyencongpc.vn\/media\/lib\/29-08-2023\/protective_backplate_3060.png\" alt=\"\" width=\"1\" height=\"1\" data-src=\"\/media\/lib\/29-08-2023\/protective_backplate_3060.png\" data-ll-status=\"loaded\" data-was-processed=\"true\" \/><\/p>\n<h3 class=\"color-gradient\">Gi\u00e1 \u0111\u1ee1 b\u1eb1ng th\u00e9p kh\u00f4ng g\u1ec9<\/h3>\n<p>Gi\u00e1 \u0111\u1ee1 c\u1ee7a Dual \u0111\u00e3 \u0111\u01b0\u1ee3c t\u0103ng c\u01b0\u1eddng b\u1eb1ng Th\u00e9p kh\u00f4ng g\u1ec9 304 c\u1ee9ng h\u01a1n v\u00e0 c\u00f3 kh\u1ea3 n\u0103ng ch\u1ed1ng \u0103n m\u00f2n cao h\u01a1n.<\/p>\n<p><img loading=\"lazy\" decoding=\"async\" class=\"lazy entered loaded\" src=\"https:\/\/nguyencongpc.vn\/media\/lib\/29-08-2023\/stainless_steel_bracket.png\" alt=\"\" width=\"1\" height=\"1\" data-src=\"\/media\/lib\/29-08-2023\/stainless_steel_bracket.png\" data-was-processed=\"true\" data-ll-status=\"loaded\" \/><\/p>\n<\/div>\n","protected":false},"excerpt":{"rendered":"<p class=\"title font-weight-600\"><strong>Th\u00f4ng s\u1ed1 s\u1ea3n ph\u1ea9m<\/strong><\/p>\n<ul id=\"js-summary\" class=\"list-product-summary active\">\n<li>Model: DUAL-RTX4060-O8G-WHITE<\/li>\n<li>B\u1ed9 nh\u1edb: 8GB GDDR6<\/li>\n<li>Nh\u00e2n CUDA: 3072<\/li>\n<li>\u0110\u1ed3ng h\u1ed3 b\u1ed9 nh\u1edb: 17 Gbps<\/li>\n<li>PSU \u0111\u1ec1 ngh\u1ecb: 550W<\/li>\n<\/ul>\n","protected":false},"featured_media":2178,"comment_status":"open","ping_status":"closed","template":"","meta":{"_acf_changed":false},"product_brand":[115],"product_cat":[64,442],"product_tag":[290,82,445,454,453,443,85],"class_list":{"0":"post-2114","1":"product","2":"type-product","3":"status-publish","4":"has-post-thumbnail","6":"product_brand-asus","7":"product_cat-linh-kien-may-tinh","8":"product_cat-card-man-hinh-vga","9":"product_tag-8gb","10":"product_tag-asus","11":"product_tag-card","12":"product_tag-evo","13":"product_tag-rtx4060","14":"product_tag-vga","15":"product_tag-white","17":"first","18":"instock","19":"sale","20":"shipping-taxable","21":"purchasable","22":"product-type-simple"},"acf":[],"jetpack_sharing_enabled":true,"_links":{"self":[{"href":"https:\/\/thanglongcomputer.vn\/index.php?rest_route=\/wp\/v2\/product\/2114","targetHints":{"allow":["GET"]}}],"collection":[{"href":"https:\/\/thanglongcomputer.vn\/index.php?rest_route=\/wp\/v2\/product"}],"about":[{"href":"https:\/\/thanglongcomputer.vn\/index.php?rest_route=\/wp\/v2\/types\/product"}],"replies":[{"embeddable":true,"href":"https:\/\/thanglongcomputer.vn\/index.php?rest_route=%2Fwp%2Fv2%2Fcomments&post=2114"}],"wp:featuredmedia":[{"embeddable":true,"href":"https:\/\/thanglongcomputer.vn\/index.php?rest_route=\/wp\/v2\/media\/2178"}],"wp:attachment":[{"href":"https:\/\/thanglongcomputer.vn\/index.php?rest_route=%2Fwp%2Fv2%2Fmedia&parent=2114"}],"wp:term":[{"taxonomy":"product_brand","embeddable":true,"href":"https:\/\/thanglongcomputer.vn\/index.php?rest_route=%2Fwp%2Fv2%2Fproduct_brand&post=2114"},{"taxonomy":"product_cat","embeddable":true,"href":"https:\/\/thanglongcomputer.vn\/index.php?rest_route=%2Fwp%2Fv2%2Fproduct_cat&post=2114"},{"taxonomy":"product_tag","embeddable":true,"href":"https:\/\/thanglongcomputer.vn\/index.php?rest_route=%2Fwp%2Fv2%2Fproduct_tag&post=2114"}],"curies":[{"name":"wp","href":"https:\/\/api.w.org\/{rel}","templated":true}]}}