{"id":2060,"date":"2025-02-18T16:53:48","date_gmt":"2025-02-18T09:53:48","guid":{"rendered":"https:\/\/thanglongcomputer.vn\/san-pham\/mainboard-msi-b650m-gaming-plus-wifi\/"},"modified":"2025-02-28T16:37:42","modified_gmt":"2025-02-28T09:37:42","slug":"mainboard-msi-b650m-gaming-plus-wifi","status":"publish","type":"product","link":"https:\/\/thanglongcomputer.vn\/?product=mainboard-msi-b650m-gaming-plus-wifi","title":{"rendered":"Mainboard MSI B650M GAMING PLUS WIFI"},"content":{"rendered":"<h2><span data-darkreader-inline-color=\"\"><strong>Mainboard MSI B650M Gaming Plus Wifi DDR5<\/strong><\/span><\/h2>\n<p><span data-darkreader-inline-color=\"\" data-darkreader-inline-bgcolor=\"\">L\u00e0 m\u1ed9t h\u00e3ng n\u1ed5i ti\u1ebfng trong l\u00e0ng c\u00f4ng ngh\u1ec7 th\u1ebf gi\u1edbi, MSI \u0111\u00e3 v\u00e0 \u0111ang cung c\u1ea5p cho kh\u00e1ch h\u00e0ng nh\u1eefng s\u1ea3n ph\u1ea9m v\u00f4 c\u00f9ng \u1ea5n t\u01b0\u1ee3ng c\u1ea3 v\u1ec1 ngo\u1ea1i h\u00ecnh v\u00e0 ch\u1ee9c n\u0103ng t\u1eeb c\u00e1c linh ki\u1ec7n c\u00f4ng ngh\u1ec7 nh\u01b0 bo m\u1ea1ch ch\u1ee7, card \u0111\u1ed3 h\u1ecda, PSU, v\u1ecf case cho \u0111\u1ebfn c\u00e1c thi\u1ebft b\u1ecb c\u00f4ng ngh\u1ec7 n\u1ed5i ti\u1ebfng nh\u01b0 laptop. V\u00e0 trong l\u1ea7n tr\u1edf l\u1ea1i m\u1edbi n\u00e0y, MSI \u0111\u00e3 mang \u0111\u1ebfn cho kh\u00e1ch h\u00e0ng c\u1ee7a m\u00ecnh s\u1ea3n ph\u1ea9m <strong>bo m\u1ea1ch ch\u1ee7<\/strong> v\u1edbi th\u00f4ng s\u1ed1 hi\u1ec7n \u0111\u1ea1i v\u1edbi \u0111a d\u1ea1ng nhu c\u1ea7u c\u1ee7a ng\u01b0\u1eddi d\u00f9ng, \u0111\u00f3 ch\u00ednh l\u00e0 <\/span><strong><span data-darkreader-inline-color=\"\" data-darkreader-inline-bgcolor=\"\">Mainboard MSI PRO B650M Gaming Plus Wifi DDR5<\/span><\/strong><\/p>\n<p><strong><img decoding=\"async\" src=\"https:\/\/anphat.com.vn\/media\/lib\/12-03-2024\/47865_mainboard_msi_b650m_gaming_plus_wifi_ddr5__3_.jpg\" alt=\"\" width=\"700\" \/><\/strong><\/p>\n<p><span data-darkreader-inline-color=\"\" data-darkreader-inline-bgcolor=\"\">Xu\u1ea5t hi\u1ec7n v\u1edbi k\u00edch th\u01b0\u1edbc 243.84mm x 243.84mm, b\u01b0\u1edbc \u0111\u1ea7u cho th\u1ea5y s\u1ef1 nh\u1ecf g\u1ecdn, ti\u1ec7n l\u1ee3i, d\u1ec5 d\u00e0ng l\u1eafp \u0111\u1eb7t k\u1ebft n\u1ed1i v\u1edbi c\u00e1c linh ki\u1ec7n kh\u00e1c trong h\u1ec7 th\u1ed1ng m\u00e1y ch\u1ee7.\u00a0<\/span><\/p>\n<p><strong><span data-darkreader-inline-color=\"\" data-darkreader-inline-bgcolor=\"\">Mainboard MSI PRO B650M Gaming Plus Wifi DDR5 <\/span><\/strong><span data-darkreader-inline-color=\"\" data-darkreader-inline-bgcolor=\"\">c\u00f3 s\u1ef1 g\u00f3p m\u1eb7t c\u1ee7a socket AM5 Supports AMD Ryzen 8000\/ 7000 Series Desktop Processors t\u01b0\u01a1ng th\u00edch v\u1edbi nhi\u1ec1u lo\u1ea1i b\u1ed9 t\u1ea3n nhi\u1ec7t CPU, l\u00e0 <strong>CPU<\/strong> th\u1ebf h\u1ec7 m\u1edbi th\u01b0\u1eddng m\u1ea1nh m\u1ebd h\u01a1n v\u1ec1 t\u1ed1c \u0111\u1ed9 x\u1eed l\u00fd, \u0111a nhi\u1ec7m v\u00e0 x\u1eed l\u00fd c\u00e1c t\u00e1c v\u1ee5 n\u1eb7ng nh\u01b0 ch\u01a1i game hay d\u1ef1ng h\u00ecnh.\u00a0<\/span><\/p>\n<p><img decoding=\"async\" src=\"https:\/\/anphat.com.vn\/media\/lib\/12-03-2024\/47865_mainboard_msi_b650m_gaming_plus_wifi_ddr5__2_.jpg\" alt=\"\" width=\"700\" \/><\/p>\n<p><span data-darkreader-inline-color=\"\" data-darkreader-inline-bgcolor=\"\">S\u1ea3n ph\u1ea9m c\u00f2n \u0111\u01b0\u1ee3c h\u1ed7 tr\u1ee3 4 x DDR5, ph\u00f9 h\u1ee3p v\u1edbi h\u1ea7u h\u1ebft c\u00e1c d\u00f2ng Ram hi\u1ec7n \u0111\u1ea1i ng\u00e0y nay v\u00e0 \u0111\u1eb7c bi\u1ec7t 4 khe c\u1eafm n\u00e0y s\u1ebd gi\u00fap s\u1ea3n ph\u1ea9m c\u1ee7a ng\u01b0\u1eddi d\u00f9ng c\u00f3 nhi\u1ec1u dung l\u01b0\u1ee3ng h\u01a1n, vi\u1ec7c s\u1eed d\u1ee5ng nh\u1eefng d\u1eef li\u1ec7u h\u00ecnh \u1ea3nh, \u00e2m thanh, video v\u1edbi k\u00edch th\u01b0\u1edbc l\u1edbn s\u1ebd kh\u00f4ng ph\u1ea3i l\u00e0 v\u1ea5n \u0111\u1ec1 l\u1edbn. B\u00ean c\u1ea1nh \u0111\u00f3, 1x PCI-E x16 slot, 2x PCI-E x1 slot; 2x M.2, 4x SATA 6G c\u00e0ng ch\u1ee9ng minh \u0111\u01b0\u1ee3c s\u1ee9c m\u1ea1nh c\u1ee7a s\u1ea3n ph\u1ea9m, kh\u00f4ng ch\u1ec9 \u0111a d\u1ea1ng \u0111\u01b0\u1ee3c khe c\u1eafm v\u1edbi s\u1ed1 l\u01b0\u1ee3ng nhi\u1ec1u m\u00e0 c\u00f2n ph\u00f9 h\u1ee3p v\u1edbi nh\u1eefng c\u00f4ng ngh\u1ec7 hi\u1ec7n \u0111\u1ea1i h\u00e0ng \u0111\u1ea7u hi\u1ec7n nay, t\u0103ng kh\u1ea3 n\u0103ng l\u01b0u tr\u1eef v\u00e0 s\u1eed d\u1ee5ng c\u1ee7a kh\u00e1ch h\u00e0ng.\u00a0<\/span><\/p>\n<p><strong><img decoding=\"async\" src=\"https:\/\/anphat.com.vn\/media\/lib\/12-03-2024\/47865_mainboard_msi_b650m_gaming_plus_wifi_ddr5__1_.jpg\" alt=\"\" width=\"700\" \/><\/strong><\/p>\n<p><span data-darkreader-inline-color=\"\" data-darkreader-inline-bgcolor=\"\">Ngo\u00e0i ra, s\u1ea3n ph\u1ea9m c\u00f2n \u0111\u01b0\u1ee3c trang b\u1ecb Intel B650 Chipset l\u00e0m \u0111a d\u1ea1ng kh\u1ea3 n\u0103ng k\u1ebft n\u1ed1i v\u00e0 ho\u1ea1t \u0111\u1ed9ng c\u1ee7a chi\u1ebfc<strong> bo m\u1ea1ch ch\u1ee7 MSI <\/strong>n\u00e0y.\u00a0<\/span><\/p>\n<p><span data-darkreader-inline-color=\"\" data-darkreader-inline-bgcolor=\"\">S\u1ea3n ph\u1ea9m \u0111\u01b0\u1ee3c trang b\u1ecb \u0111a d\u1ea1ng c\u1ed5ng k\u1ebft n\u1ed1i g\u1ed3m DisplayPort <\/span>2.5G LAN, USB 3.2 Gen 2 10Gbps (Type-A), USB 3.2 Gen 1 5Gbps (Type-A), Wi-Fi \/ Bluetooth, Flash BIOS Button, HDMI, USB 3.2 Gen 2 10Gbps (Type-A), USB 3.2 Gen 2 10Gbps (Type-C), Audio connectors l\u00e0m t\u0103ng kh\u1ea3 n\u0103ng \u0111a nhi\u1ec7m c\u1ee7a s\u1ea3n ph\u1ea9m, h\u1ed7 tr\u1ee3 s\u1ef1 k\u1ebft n\u1ed1i nhanh, \u0111a d\u1ea1ng v\u1edbi \u0111\u1ed9 tr\u1ec5 th\u1ea5p.<\/p>\n","protected":false},"excerpt":{"rendered":"<p class=\"group-title\"><strong>Th\u00f4ng s\u1ed1 s\u1ea3n ph\u1ea9m<\/strong><\/p>\n<div>\n<ul>\n<li class=\"item\">Chu\u1ea9n mainboard: M-ATX<\/li>\n<li class=\"item\">Socket: AM5 , Chipset: B650<\/li>\n<li class=\"item\">H\u1ed7 tr\u1ee3 RAM: 4 khe DDR5, t\u1ed1i \u0111a 256GB<\/li>\n<li class=\"item\">L\u01b0u tr\u1eef: 2 x M.2 NVMe, 4 x SATA 3 6Gb\/s<\/li>\n<li class=\"item\">C\u1ed5ng xu\u1ea5t h\u00ecnh: 1 x HDMI, 1 x DisplayPort<\/li>\n<\/ul>\n<\/div>\n","protected":false},"featured_media":2430,"comment_status":"open","ping_status":"closed","template":"","meta":{"_acf_changed":false},"product_brand":[283],"product_cat":[64,327],"product_tag":[373,361,372,342,140,333,231,381,343],"class_list":{"0":"post-2060","1":"product","2":"type-product","3":"status-publish","4":"has-post-thumbnail","6":"product_brand-msi","7":"product_cat-linh-kien-may-tinh","8":"product_cat-bo-mach-chu-mainboard","9":"product_tag-am5","10":"product_tag-amd","11":"product_tag-b650m","12":"product_tag-ddr5","13":"product_tag-gaming","14":"product_tag-matx","15":"product_tag-msi","16":"product_tag-plus","17":"product_tag-wifi","19":"first","20":"instock","21":"sale","22":"shipping-taxable","23":"purchasable","24":"product-type-simple"},"acf":[],"jetpack_sharing_enabled":true,"_links":{"self":[{"href":"https:\/\/thanglongcomputer.vn\/index.php?rest_route=\/wp\/v2\/product\/2060","targetHints":{"allow":["GET"]}}],"collection":[{"href":"https:\/\/thanglongcomputer.vn\/index.php?rest_route=\/wp\/v2\/product"}],"about":[{"href":"https:\/\/thanglongcomputer.vn\/index.php?rest_route=\/wp\/v2\/types\/product"}],"replies":[{"embeddable":true,"href":"https:\/\/thanglongcomputer.vn\/index.php?rest_route=%2Fwp%2Fv2%2Fcomments&post=2060"}],"wp:featuredmedia":[{"embeddable":true,"href":"https:\/\/thanglongcomputer.vn\/index.php?rest_route=\/wp\/v2\/media\/2430"}],"wp:attachment":[{"href":"https:\/\/thanglongcomputer.vn\/index.php?rest_route=%2Fwp%2Fv2%2Fmedia&parent=2060"}],"wp:term":[{"taxonomy":"product_brand","embeddable":true,"href":"https:\/\/thanglongcomputer.vn\/index.php?rest_route=%2Fwp%2Fv2%2Fproduct_brand&post=2060"},{"taxonomy":"product_cat","embeddable":true,"href":"https:\/\/thanglongcomputer.vn\/index.php?rest_route=%2Fwp%2Fv2%2Fproduct_cat&post=2060"},{"taxonomy":"product_tag","embeddable":true,"href":"https:\/\/thanglongcomputer.vn\/index.php?rest_route=%2Fwp%2Fv2%2Fproduct_tag&post=2060"}],"curies":[{"name":"wp","href":"https:\/\/api.w.org\/{rel}","templated":true}]}}