{"id":2058,"date":"2025-02-18T16:53:48","date_gmt":"2025-02-18T09:53:48","guid":{"rendered":"https:\/\/thanglongcomputer.vn\/san-pham\/mainboard-msi-pro-b760m-e-ddr4\/"},"modified":"2025-02-28T16:38:00","modified_gmt":"2025-02-28T09:38:00","slug":"mainboard-msi-pro-b760m-e-ddr4","status":"publish","type":"product","link":"https:\/\/thanglongcomputer.vn\/?product=mainboard-msi-pro-b760m-e-ddr4","title":{"rendered":"Mainboard MSI PRO B760M-E DDR4"},"content":{"rendered":"<h2><span data-darkreader-inline-color=\"\"><strong>Mainboard MSI PRO B760M-E DDR4<\/strong><\/span><\/h2>\n<p><img decoding=\"async\" src=\"https:\/\/anphat.com.vn\/media\/lib\/31-01-2023\/mams0309-1.jpg\" alt=\"\" \/><\/p>\n<p><span data-darkreader-inline-color=\"\"><strong>MAINBOARD MSI PRO B760M-E DDR4<\/strong><\/span>\u00a0l\u00e0\u00a0<span data-darkreader-inline-color=\"\"><strong>linh ki\u1ec7n m\u00e1y t\u00ednh<\/strong><\/span>\u00a0n\u00e0y s\u1edf h\u1eefu hi\u1ec7u su\u1ea5t \u1ea5n t\u01b0\u1ee3ng v\u00e0 ch\u1ea5t l\u01b0\u1ee3ng cao, \u0111\u1ed3ng th\u1eddi h\u01b0\u1edbng \u0111\u1ebfn vi\u1ec7c cung c\u1ea5p cho ng\u01b0\u1eddi d\u00f9ng tr\u1ea3i nghi\u1ec7m \u0111\u00e1ng kinh ng\u1ea1c. Ng\u01b0\u1eddi d\u00f9ng quan t\u00e2m \u0111\u1ebfn n\u0103ng su\u1ea5t v\u00e0 hi\u1ec7u qu\u1ea3 ch\u1eafc ch\u1eafn c\u00f3 th\u1ec3 tin t\u01b0\u1edfng v\u00e0o D\u00f2ng s\u1ea3n ph\u1ea9m\u00a0<span data-darkreader-inline-color=\"\"><strong>Mainboard MSI<\/strong><\/span>\u00a0PRO \u0111\u1ec3 h\u1ed7 tr\u1ee3 b\u1ea1n th\u1ef1c hi\u1ec7n \u0111a nhi\u1ec7m v\u00e0 t\u0103ng hi\u1ec7u qu\u1ea3.<\/p>\n<p>&nbsp;<\/p>\n<h2><span data-darkreader-inline-color=\"\"><strong>T\u1ed4NG QUAN<\/strong><\/span><\/h2>\n<ul>\n<li>H\u1ed7 tr\u1ee3 CPU Intel 12th, CPU Intel 13th cho Socket LGA 1700<\/li>\n<li>H\u1ed7 tr\u1ee3 b\u1ed9 nh\u1edb RAM DDR4, Dual Channel DDR4 4800+MHz (OC)<\/li>\n<li>Core Boost : V\u1edbi b\u1ed1 c\u1ee5c cao c\u1ea5p v\u00e0 thi\u1ebft k\u1ebf ngu\u1ed3n k\u1ef9 thu\u1eadt s\u1ed1 \u0111\u1ec3 h\u1ed7 tr\u1ee3 nhi\u1ec1u l\u00f5i h\u01a1n v\u00e0 mang l\u1ea1i hi\u1ec7u su\u1ea5t t\u1ed1t h\u01a1n<\/li>\n<li>T\u0103ng c\u01b0\u1eddng b\u1ed9 nh\u1edb: C\u00f4ng ngh\u1ec7 ti\u00ean ti\u1ebfn \u0111\u1ec3 cung c\u1ea5p t\u00edn hi\u1ec7u d\u1eef li\u1ec7u thu\u1ea7n t\u00fay \u0111\u1ec3 c\u00f3 hi\u1ec7u su\u1ea5t, \u0111\u1ed9 \u1ed5n \u0111\u1ecbnh v\u00e0 kh\u1ea3 n\u0103ng t\u01b0\u01a1ng th\u00edch t\u1ed1t nh\u1ea5t<\/li>\n<li>Tr\u1ea3i nghi\u1ec7m nhanh nh\u01b0 ch\u1edbp: SSD \u2013 \u1ed4 c\u1ee9ng r\u1eafn PCIe 4.0, Lightning Gen4 x4 M.2<\/li>\n<li>T\u0102NG C\u01af\u1edcNG \u00c2M THANH: Th\u01b0\u1edfng cho \u0111\u00f4i tai c\u1ee7a b\u1ea1n v\u1edbi ch\u1ea5t l\u01b0\u1ee3ng \u00e2m thanh c\u1ea5p ph\u00f2ng thu \u0111\u1ec3 c\u00f3 tr\u1ea3i nghi\u1ec7m ch\u01a1i game \u0111\u1eafm ch\u00ecm nh\u1ea5t<\/li>\n<li>Gi\u00e1p th\u00e9p: B\u1ea3o v\u1ec7 card VGA ch\u1ed1ng u\u1ed1n cong v\u00e0 EMI \u0111\u1ec3 c\u00f3 hi\u1ec7u su\u1ea5t, \u0111\u1ed9 \u1ed5n \u0111\u1ecbnh v\u00e0 s\u1ee9c m\u1ea1nh t\u1ed1t h\u01a1n<\/li>\n<\/ul>\n<p>&nbsp;<\/p>\n<h2><span data-darkreader-inline-color=\"\"><strong>\u0110\u1eb6C \u0110I\u1ec2M N\u1ed4I B\u1eacT MAINBOARD MSI PRO B760M-E DDR4<\/strong><\/span><\/h2>\n<h3><strong>T\u0102NG C\u01af\u1edcNG C\u1ed0T L\u00d5I<\/strong><\/h3>\n<p><img decoding=\"async\" src=\"https:\/\/anphat.com.vn\/media\/lib\/31-01-2023\/mams0309-2.jpg\" alt=\"\" \/><\/p>\n<p>C\u00f4ng ngh\u1ec7 Core Boost k\u1ebft h\u1ee3p b\u1ed1 c\u1ee5c cao c\u1ea5p c\u1ee7a MSI v\u00e0 thi\u1ebft k\u1ebf \u0111i\u1ec7n n\u0103ng \u0111\u01b0\u1ee3c t\u1ed1i \u01b0u h\u00f3a, cho ph\u00e9p ph\u00e2n ph\u1ed1i d\u00f2ng \u0111i\u1ec7n nhanh h\u01a1n v\u00e0 kh\u00f4ng b\u1ecb bi\u1ebfn d\u1ea1ng t\u1edbi CPU v\u1edbi \u0111\u1ed9 ch\u00ednh x\u00e1c \u0111\u1ebfn t\u1eebng \u0111i\u1ec3m. Kh\u00f4ng ch\u1ec9 h\u1ed7 tr\u1ee3 CPU \u0111a nh\u00e2n, c\u00f2n t\u1ea1o \u0111i\u1ec1u ki\u1ec7n ho\u00e0n h\u1ea3o cho vi\u1ec7c \u00e9p xung CPU c\u1ee7a b\u1ea1n.<\/p>\n<p>&nbsp;<\/p>\n<h3><strong>L\u01afU TR\u1eee NHANH CH\u00d3NG V\u00c0 T\u01af\u01a0NG LAI<\/strong><\/h3>\n<p><img decoding=\"async\" src=\"https:\/\/anphat.com.vn\/media\/lib\/31-01-2023\/mams0308-3.jpg\" alt=\"\" \/><\/p>\n<p>C\u00e1c bo m\u1ea1ch ch\u1ee7 d\u00f2ng MSI PRO h\u1ed7 tr\u1ee3 t\u1ea5t c\u1ea3 c\u00e1c ti\u00eau chu\u1ea9n l\u01b0u tr\u1eef m\u1edbi nh\u1ea5t, cho ph\u00e9p ng\u01b0\u1eddi d\u00f9ng k\u1ebft n\u1ed1i b\u1ea5t k\u1ef3 thi\u1ebft b\u1ecb l\u01b0u tr\u1eef n\u00e0o v\u1edbi t\u1ed1c \u0111\u1ed9 c\u1ef1c nhanh. B\u1eaft \u0111\u1ea7u tr\u00f2 ch\u01a1i nhanh h\u01a1n, t\u1ea3i c\u1ea5p \u0111\u1ed9 nhanh h\u01a1n v\u00e0 c\u00f3 l\u1ee3i th\u1ebf th\u1ef1c s\u1ef1 tr\u01b0\u1edbc k\u1ebb th\u00f9 c\u1ee7a b\u1ea1n.<\/p>\n<p>&nbsp;<\/p>\n<h3><strong>GI\u1ea2I PH\u00c1P B\u1ed8 NH\u1eda DDR4<\/strong><\/h3>\n<p><img decoding=\"async\" src=\"https:\/\/anphat.com.vn\/media\/lib\/31-01-2023\/mams0308-5.jpg\" alt=\"\" \/><\/p>\n<p>V\u1edbi c\u00f4ng ngh\u1ec7 MSI Memory Boost v\u00e0 thi\u1ebft k\u1ebf b\u1ed1 c\u1ee5c cao c\u1ea5p, bo m\u1ea1ch ch\u1ee7 MSI PRO Series s\u1eb5n s\u00e0ng mang \u0111\u1ebfn hi\u1ec7u n\u0103ng b\u1ed9 nh\u1edb \u0111\u1eb3ng c\u1ea5p th\u1ebf gi\u1edbi.<\/p>\n<p>&nbsp;<\/p>\n<h3><strong>M\u1ede R\u1ed8NG TR\u1ea2I NGHI\u1ec6M RGB C\u1ee6A B\u1ea0N M\u1ed8T C\u00c1CH D\u1ec4 D\u00c0NG<\/strong><\/h3>\n<p><img decoding=\"async\" src=\"https:\/\/anphat.com.vn\/media\/lib\/31-01-2023\/mams0308-8.jpg\" alt=\"\" \/><\/p>\n<p>Th\u00eam nhi\u1ec1u m\u00e0u s\u1eafc h\u01a1n n\u1ebfu b\u1ea1n mu\u1ed1n! \u0110\u1ea7u c\u1eafm ch\u00e2n m\u1edf r\u1ed9ng Mystic Light cung c\u1ea5p m\u1ed9t c\u00e1ch tr\u1ef1c quan \u0111\u1ec3 \u0111i\u1ec1u khi\u1ec3n c\u00e1c d\u1ea3i RGB b\u1ed5 sung v\u00e0 c\u00e1c thi\u1ebft b\u1ecb ngo\u1ea1i vi RGB kh\u00e1c \u0111\u01b0\u1ee3c th\u00eam v\u00e0o h\u1ec7 th\u1ed1ng m\u00e0 kh\u00f4ng c\u1ea7n b\u1ed9 \u0111i\u1ec1u khi\u1ec3n RGB ri\u00eang.<\/p>\n","protected":false},"excerpt":{"rendered":"<p class=\"group-title\"><strong>Th\u00f4ng s\u1ed1 s\u1ea3n ph\u1ea9m<\/strong><\/p>\n<div>\n<ul>\n<li class=\"item\">Chipset: Intel B760<\/li>\n<li class=\"item\">Socket: Intel LGA 1700<\/li>\n<li class=\"item\">K\u00edch th\u01b0\u1edbc:M-ATX<\/li>\n<li class=\"item\">S\u1ed1 khe RAM: 2 khe (T\u1ed1i \u0111a 64GB)<\/li>\n<\/ul>\n<\/div>\n","protected":false},"featured_media":2450,"comment_status":"open","ping_status":"closed","template":"","meta":{"_acf_changed":false},"product_brand":[283],"product_cat":[64,327],"product_tag":[370,281,335,338,333,231],"class_list":{"0":"post-2058","1":"product","2":"type-product","3":"status-publish","4":"has-post-thumbnail","6":"product_brand-msi","7":"product_cat-linh-kien-may-tinh","8":"product_cat-bo-mach-chu-mainboard","9":"product_tag-b760m","10":"product_tag-ddr4","11":"product_tag-intel","12":"product_tag-lga1700","13":"product_tag-matx","14":"product_tag-msi","16":"first","17":"instock","18":"sale","19":"shipping-taxable","20":"purchasable","21":"product-type-simple"},"acf":[],"jetpack_sharing_enabled":true,"_links":{"self":[{"href":"https:\/\/thanglongcomputer.vn\/index.php?rest_route=\/wp\/v2\/product\/2058","targetHints":{"allow":["GET"]}}],"collection":[{"href":"https:\/\/thanglongcomputer.vn\/index.php?rest_route=\/wp\/v2\/product"}],"about":[{"href":"https:\/\/thanglongcomputer.vn\/index.php?rest_route=\/wp\/v2\/types\/product"}],"replies":[{"embeddable":true,"href":"https:\/\/thanglongcomputer.vn\/index.php?rest_route=%2Fwp%2Fv2%2Fcomments&post=2058"}],"wp:featuredmedia":[{"embeddable":true,"href":"https:\/\/thanglongcomputer.vn\/index.php?rest_route=\/wp\/v2\/media\/2450"}],"wp:attachment":[{"href":"https:\/\/thanglongcomputer.vn\/index.php?rest_route=%2Fwp%2Fv2%2Fmedia&parent=2058"}],"wp:term":[{"taxonomy":"product_brand","embeddable":true,"href":"https:\/\/thanglongcomputer.vn\/index.php?rest_route=%2Fwp%2Fv2%2Fproduct_brand&post=2058"},{"taxonomy":"product_cat","embeddable":true,"href":"https:\/\/thanglongcomputer.vn\/index.php?rest_route=%2Fwp%2Fv2%2Fproduct_cat&post=2058"},{"taxonomy":"product_tag","embeddable":true,"href":"https:\/\/thanglongcomputer.vn\/index.php?rest_route=%2Fwp%2Fv2%2Fproduct_tag&post=2058"}],"curies":[{"name":"wp","href":"https:\/\/api.w.org\/{rel}","templated":true}]}}