{"id":2039,"date":"2025-02-18T16:53:45","date_gmt":"2025-02-18T09:53:45","guid":{"rendered":"https:\/\/thanglongcomputer.vn\/san-pham\/mainboard-asrock-b760m-pro-rs-d4\/"},"modified":"2025-02-23T08:38:09","modified_gmt":"2025-02-23T01:38:09","slug":"mainboard-asrock-b760m-pro-rs-d4","status":"publish","type":"product","link":"https:\/\/thanglongcomputer.vn\/?product=mainboard-asrock-b760m-pro-rs-d4","title":{"rendered":"Mainboard ASROCK B760M Pro RS\/D4"},"content":{"rendered":"<p><strong>Mainboard ASRock B760M Pro RS\/D4<\/strong><br \/>\n<img decoding=\"async\" class=\"lazy entered exited loaded\" src=\"https:\/\/nguyencongpc.vn\/media\/lib\/10-02-2023\/screenshot_1676004501.png\" alt=\"\" data-was-processed=\"true\" \/><\/p>\n<p><strong>Thi\u1ebft k\u1ebf VRM \u0111\u01b0\u1ee3c t\u1ed1i \u01b0u h\u00f3a<\/strong><\/p>\n<p><strong>Dr.MOS<\/strong>\u00a0l\u00e0 gi\u1ea3i ph\u00e1p c\u1ea5p ngu\u1ed3n t\u00edch h\u1ee3p \u0111\u01b0\u1ee3c t\u1ed1i \u01b0u h\u00f3a cho c\u00e1c \u1ee9ng d\u1ee5ng \u0111i\u1ec7n \u00e1p th\u1ea5p \u0111\u1ed3ng b\u1ed9! So v\u1edbi c\u00e1c\u00a0<strong>MOSFET<\/strong>\u00a0r\u1eddi r\u1ea1c truy\u1ec1n th\u1ed1ng, n\u00f3 cung c\u1ea5p d\u00f2ng \u0111i\u1ec7n cao h\u01a1n m\u1ed9t c\u00e1ch th\u00f4ng minh cho m\u1ed7i pha, do \u0111\u00f3 mang l\u1ea1i k\u1ebft qu\u1ea3 nhi\u1ec7t \u0111\u01b0\u1ee3c c\u1ea3i thi\u1ec7n v\u00e0 hi\u1ec7u su\u1ea5t v\u01b0\u1ee3t tr\u1ed9i.<\/p>\n<p><img decoding=\"async\" class=\"lazy entered exited loaded\" src=\"https:\/\/nguyencongpc.vn\/media\/lib\/10-02-2023\/screenshot_1676004539.png\" alt=\"\" data-was-processed=\"true\" \/><\/p>\n<p>N\u1ed5i b\u1eadt v\u1edbi c\u00e1c th\u00e0nh ph\u1ea7n ch\u1eafc ch\u1eafn v\u00e0 kh\u1ea3 n\u0103ng cung c\u1ea5p n\u0103ng l\u01b0\u1ee3ng ho\u00e0n to\u00e0n tr\u01a1n tru cho CPU, mang l\u1ea1i hi\u1ec7u su\u1ea5t n\u00e2ng cao cho c\u00e1c game th\u1ee7.<\/p>\n<p><img decoding=\"async\" class=\"lazy entered exited loaded\" src=\"https:\/\/nguyencongpc.vn\/media\/lib\/10-02-2023\/screenshot_1676005714.png\" alt=\"\" data-was-processed=\"true\" \/><\/p>\n<p><strong>\u00c2m thanh quan tr\u1ecdng<\/strong><br \/>\nCho d\u00f9 b\u1ea1n \u0111ang s\u1eed d\u1ee5ng tai nghe, tai nghe, loa ngo\u00e0i hay loa trong, qua USB, Wi-Fi, \u0111\u1ea7u ra analog hay th\u1eadm ch\u00ed HDMI, Nahimic Audio \u0111\u1ec1u mang \u0111\u1ebfn cho b\u1ea1n tr\u1ea3i nghi\u1ec7m nghe h\u1ea5p d\u1eabn nh\u1ea5t, s\u1ed1ng \u0111\u1ed9ng v\u00e0 phong ph\u00fa v\u1edbi c\u00e1c chi ti\u1ebft.<\/p>\n<p>&nbsp;<\/p>\n<p>N\u00e2ng cao ch\u1ea5t l\u01b0\u1ee3ng truy\u1ec1n th\u00f4ng<br \/>\nC\u00e1c thu\u1eadt to\u00e1n m\u1ea1nh m\u1ebd \u0111\u1ec3 \u0111\u1ea3m b\u1ea3o cu\u1ed9c tr\u00f2 chuy\u1ec7n kh\u00f4ng c\u00f3 ti\u1ebfng \u1ed3n t\u1ed1t nh\u1ea5t, mang l\u1ea1i \u00e2m l\u01b0\u1ee3ng gi\u1ecdng h\u00e1t kh\u00f4ng \u0111\u1ed5i b\u1ea5t k\u1ec3 kho\u1ea3ng c\u00e1ch t\u1eeb mic c\u1ee7a b\u1ea1n. C\u00f4ng c\u1ee5 \u00e2m thanh Nahimic t\u1ef1 \u0111\u1ed9ng x\u00f3a \u00e2m thanh, lo\u1ea1i b\u1ecf nhi\u1ec5u nhi\u1ec5u v\u00e0 gi\u1ea3m bi\u1ebfn th\u1ec3 gi\u1ecdng n\u00f3i. K\u1ebft qu\u1ea3 l\u00e0 m\u1ed9t s\u1ef1 hi\u1ec3u bi\u1ebft t\u1ed1t h\u01a1n v\u00e0 \u00edt m\u1ec7t m\u1ecfi h\u01a1n.<br \/>\n\u25cfKh\u1eed nhi\u1ec5u t\u0129nh<br \/>\n\u25cfH\u1ee7y ti\u1ebfng vang<br \/>\n\u25cfKh\u1eed \u00e2m thanh b\u00ean<br \/>\n\u25cf\u1ed4n \u0111\u1ecbnh gi\u1ecdng n\u00f3i<strong>Tr\u1ea3i nghi\u1ec7m ch\u01a1i game \u0111\u1ec9nh cao<\/strong><br \/>\n\u25cfTr\u00ecnh theo d\u00f5i \u00e2m thanh<br \/>\nTr\u00ecnh theo d\u00f5i \u00e2m thanh l\u00e0 m\u1ed9t ch\u1ec9 b\u00e1o tr\u1ef1c quan ch\u1ec9 ra c\u00e1c h\u01b0\u1edbng ph\u00e1t ra \u00e2m thanh chi\u1ebfm \u01b0u th\u1ebf.<br \/>\nM\u1ed7i \u00e2m thanh \u0111\u01b0\u1ee3c \u0111\u1ecbnh v\u1ecb ch\u00ednh x\u00e1c \u1edf 360\u00b0 tr\u00ean radar \u0111\u1ec3 b\u1ea1n c\u00f3 th\u1ec3 \u0111\u1eafm ch\u00ecm ho\u00e0n to\u00e0n trong tr\u00f2 ch\u01a1i.<\/p>\n<p>\u25cfHo\u1ea1t \u0111\u1ed9ng tr\u00ean m\u1ecdi thi\u1ebft b\u1ecb!<br \/>\nTh\u01b0\u1edfng th\u1ee9c \u00c2m thanh v\u00f2m s\u1ed1ng \u0111\u1ed9ng v\u00e0 ch\u1ea5t l\u01b0\u1ee3ng cao tr\u00ean t\u1ea5t c\u1ea3 c\u00e1c thi\u1ebft b\u1ecb \u00e2m thanh y\u00eau th\u00edch c\u1ee7a b\u1ea1n:<br \/>\nGi\u1eafc c\u1eafm, USB, Bluetooth, HDMI, S\/PDIF. Nahimic t\u01b0\u01a1ng th\u00edch v\u1edbi t\u1ea5t c\u1ea3 c\u00e1c c\u00f4ng c\u1ee5 \u00e2m thanh y\u00eau th\u00edch c\u1ee7a b\u1ea1n v\u00e0 \u0111\u1ea3m b\u1ea3o \u00e2m thanh t\u1ed1t nh\u1ea5t v\u1edbi b\u1ea5t k\u1ef3 c\u00f4ng c\u1ee5 n\u00e0o trong s\u1ed1 \u0111\u00f3. Nahimic \u0111o l\u01b0\u1eddng v\u00e0 c\u1ea3i thi\u1ec7n \u0111\u1ec3 t\u1ed1i \u01b0u h\u00f3a c\u00f4ng ngh\u1ec7 c\u1ee7a ch\u00fang t\u00f4i v\u00e0 cung c\u1ea5p cho b\u1ea1n tr\u1ea3i nghi\u1ec7m t\u1ed1t nh\u1ea5t.<\/p>\n<p><img decoding=\"async\" class=\"lazy entered exited loaded\" src=\"https:\/\/nguyencongpc.vn\/media\/lib\/10-02-2023\/screenshot_1676004577.png\" alt=\"\" data-was-processed=\"true\" \/><br \/>\n<strong>POLYCHROME RGB<\/strong><br \/>\nNgo\u00e0i h\u1ec7 th\u1ed1ng chi\u1ebfu s\u00e1ng RGB t\u00edch h\u1ee3p, n\u00f3 c\u00f2n c\u00f3 c\u00e1c \u0111\u1ea7u c\u1eafm RGB tr\u00ean bo m\u1ea1ch v\u00e0 m\u1ed9t \u0111\u1ea7u c\u1eafm<br \/>\nRGB c\u00f3 th\u1ec3 \u0111\u1ecbnh \u0111\u1ecba ch\u1ec9 cho ph\u00e9p bo m\u1ea1ch ch\u1ee7 \u0111\u01b0\u1ee3c k\u1ebft n\u1ed1i v\u1edbi c\u00e1c thi\u1ebft b\u1ecb LED t\u01b0\u01a1ng th\u00edch nh\u01b0 d\u1ea3i, qu\u1ea1t CPU, b\u1ed9 l\u00e0m m\u00e1t, th\u00f9ng m\u00e1y, v.v.<br \/>\nNg\u01b0\u1eddi d\u00f9ng c\u0169ng c\u00f3 th\u1ec3 \u0111\u1ed3ng b\u1ed9 h\u00f3a c\u00e1c thi\u1ebft b\u1ecb LED RGB tr\u00ean c\u00e1c ph\u1ee5 ki\u1ec7n \u0111\u01b0\u1ee3c ch\u1ee9ng nh\u1eadn Polychrom RGB Sync \u0111\u1ec3 t\u1ea1o hi\u1ec7u \u1ee9ng \u00e1nh s\u00e1ng \u0111\u1ed9c \u0111\u00e1o c\u1ee7a ri\u00eang m\u00ecnh.<\/p>\n<p><strong>Gi\u1ea3i ph\u00e1p M.2 t\u1ed1c \u0111\u1ed9 cao (PCIe Gen4 x4)<\/strong><br \/>\nH\u1ed7 tr\u1ee3 SSD PCI Express 4.0 M.2, n\u00f3 c\u00f3 kh\u1ea3 n\u0103ng th\u1ef1c hi\u1ec7n t\u1ed1c \u0111\u1ed9 g\u1ea5p \u0111\u00f4i so v\u1edbi th\u1ebf h\u1ec7 th\u1ee9 3 tr\u01b0\u1edbc \u0111\u00f3, mang l\u1ea1i tr\u1ea3i nghi\u1ec7m<br \/>\ntruy\u1ec1n d\u1eef li\u1ec7u nhanh nh\u01b0 ch\u1edbp.<\/p>\n<p><img decoding=\"async\" class=\"lazy entered exited loaded\" src=\"https:\/\/nguyencongpc.vn\/media\/lib\/10-02-2023\/screenshot_1676004602.png\" alt=\"\" data-was-processed=\"true\" \/><br \/>\n<strong>Dragon 2.5 Gb\/s LAN<\/strong><\/p>\n<p><img decoding=\"async\" class=\"lazy entered exited loaded\" src=\"https:\/\/nguyencongpc.vn\/media\/lib\/10-02-2023\/screenshot_1676004609.png\" alt=\"\" data-was-processed=\"true\" \/><br \/>\nN\u1ec1n t\u1ea3ng LAN 2,5Gb\/gi\u00e2y th\u00f4ng minh \u0111\u01b0\u1ee3c x\u00e2y d\u1ef1ng \u0111\u1ec3 mang l\u1ea1i hi\u1ec7u su\u1ea5t m\u1ea1ng t\u1ed1i \u0111a cho c\u00e1c y\u00eau c\u1ea7u kh\u1eaft khe c\u1ee7a m\u1ea1ng gia \u0111\u00ecnh,<br \/>\nng\u01b0\u1eddi t\u1ea1o n\u1ed9i dung, game th\u1ee7 tr\u1ef1c tuy\u1ebfn v\u00e0 ph\u01b0\u01a1ng ti\u1ec7n truy\u1ec1n ph\u00e1t tr\u1ef1c tuy\u1ebfn ch\u1ea5t l\u01b0\u1ee3ng cao. T\u0103ng c\u01b0\u1eddng hi\u1ec7u su\u1ea5t m\u1ea1ng b\u0103ng th\u00f4ng<br \/>\nl\u00ean t\u1edbi 2,5 l\u1ea7n so v\u1edbi Ethernet gigabit ti\u00eau chu\u1ea9n, b\u1ea1n s\u1ebd t\u1eadn h\u01b0\u1edfng tr\u1ea3i nghi\u1ec7m k\u1ebft n\u1ed1i nhanh h\u01a1n v\u00e0 v\u01b0\u1ee3t tr\u1ed9i \u0111\u1ec3 ch\u01a1i game, truy\u1ec1n t\u1ec7p v\u00e0 sao l\u01b0u.<\/p>\n<p><strong>USB 3.2 Gen1 Type-C<\/strong><\/p>\n<p>\u0110\u1ea7u USB 3.2 Gen1 Type-C ph\u00eda tr\u01b0\u1edbc cung c\u1ea5p t\u1ed1c \u0111\u1ed9 truy\u1ec1n d\u1eef li\u1ec7u l\u00ean \u0111\u1ebfn 10 Gbps v\u00e0 thi\u1ebft k\u1ebf USB \u0111\u1ea3o ng\u01b0\u1ee3c th\u1ebf h\u1ec7 ti\u1ebfp theo cho b\u1ea3ng \u0111i\u1ec1u khi\u1ec3n ph\u00eda tr\u01b0\u1edbc c\u1ee7a v\u1ecf m\u00e1y t\u00ednh.<\/p>\n<p>&nbsp;<\/p>\n<p><strong>EZ Setting<\/strong><br \/>\n<strong>Tr\u00ecnh c\u00e0i \u0111\u1eb7t tr\u00ecnh \u0111i\u1ec1u khi\u1ec3n t\u1ef1 \u0111\u1ed9ng<\/strong><br \/>\n\u1ed4 \u0111\u0129a quang ho\u1eb7c DVD tr\u00ecnh \u0111i\u1ec1u khi\u1ec3n kh\u00f4ng c\u00f2n c\u1ea7n thi\u1ebft n\u1eefa! Bo m\u1ea1ch ch\u1ee7 ASRock \u0111\u00e3 c\u00f3 s\u1eb5n tr\u00ecnh \u0111i\u1ec1u khi\u1ec3n Ethernet trong ROM BIOS,<br \/>\nsau khi ho\u00e0n t\u1ea5t c\u00e0i \u0111\u1eb7t h\u1ec7 \u0111i\u1ec1u h\u00e0nh, ch\u1ec9 c\u1ea7n l\u00e0m theo h\u01b0\u1edbng d\u1eabn v\u00e0 cho ph\u00e9p ADI t\u1ef1 \u0111\u1ed9ng t\u1ea3i xu\u1ed1ng v\u00e0 c\u00e0i \u0111\u1eb7t t\u1ea5t c\u1ea3 c\u00e1c tr\u00ecnh \u0111i\u1ec1u khi\u1ec3n c\u1ea7n thi\u1ebft!<br \/>\nB\u01b0\u1edbc 1: C\u00e0i \u0111\u1eb7t tr\u00ecnh c\u00e0i \u0111\u1eb7t tr\u00ecnh \u0111i\u1ec1u khi\u1ec3n t\u1ef1 \u0111\u1ed9ng<br \/>\nB\u01b0\u1edbc 2: ADI s\u1ebd t\u1ef1 \u0111\u1ed9ng t\u1ea3i xu\u1ed1ng v\u00e0 c\u00e0i \u0111\u1eb7t t\u1ea5t c\u1ea3 c\u00e1c tr\u00ecnh \u0111i\u1ec1u khi\u1ec3n c\u1ea7n thi\u1ebft.<br \/>\nB\u01b0\u1edbc 3: Xong!<\/p>\n<p><strong>L\u00e1 ch\u1eafn IO \u0111\u01b0\u1ee3c c\u00e0i \u0111\u1eb7t s\u1eb5n<\/strong><br \/>\nASRock c\u1ed1 g\u1eafng ch\u1ec9 cung c\u1ea5p c\u00f4ng ngh\u1ec7 ti\u00ean ti\u1ebfn nh\u1ea5t v\u1edbi thi\u1ebft k\u1ebf th\u00e2n thi\u1ec7n v\u1edbi ng\u01b0\u1eddi d\u00f9ng nh\u1ea5t. Thi\u1ebft k\u1ebf IO Shield<br \/>\n\u0111\u01b0\u1ee3c c\u00e0i \u0111\u1eb7t s\u1eb5n gi\u00fap bo m\u1ea1ch ch\u1ee7 \u0111\u01b0\u1ee3c l\u1eafp \u0111\u1eb7t ch\u1eafc ch\u1eafn v\u00e0o khung m\u00e1y m\u1ed9t c\u00e1ch ch\u00ednh x\u00e1c \u0111\u1ec3 ng\u0103n ch\u1eb7n b\u1ea5t k\u1ef3 s\u1ef1 c\u1ea3n tr\u1edf n\u00e0o v\u00e0 t\u0103ng t\u1ed1c qu\u00e1 tr\u00ecnh thi\u1ebft l\u1eadp.<br \/>\n<img decoding=\"async\" class=\"lazy entered loading\" src=\"https:\/\/nguyencongpc.vn\/media\/lib\/10-02-2023\/screenshot_1676006686.png\" alt=\"\" data-ll-status=\"loading\" data-was-processed=\"true\" \/><\/p>\n","protected":false},"excerpt":{"rendered":"<p class=\"group-title\"><strong>Th\u00f4ng s\u1ed1 s\u1ea3n ph\u1ea9m<\/strong><\/p>\n<div>\n<ul>\n<li class=\"item\">Chipset: Intel B760<\/li>\n<li class=\"item\">Socket: Intel LGA 1700<\/li>\n<li class=\"item\">K\u00edch th\u01b0\u1edbc:M-ATX<\/li>\n<li class=\"item\">S\u1ed1 khe RAM: 4 khe( T\u1ed1i \u0111a 128GB)<\/li>\n<\/ul>\n<\/div>\n","protected":false},"featured_media":2590,"comment_status":"open","ping_status":"closed","template":"","meta":{"_acf_changed":false},"product_brand":[391],"product_cat":[327],"product_tag":[364,370,281,335,338,333,371],"class_list":{"0":"post-2039","1":"product","2":"type-product","3":"status-publish","4":"has-post-thumbnail","6":"product_brand-asrock","7":"product_cat-bo-mach-chu-mainboard","8":"product_tag-asrock","9":"product_tag-b760m","10":"product_tag-ddr4","11":"product_tag-intel","12":"product_tag-lga1700","13":"product_tag-matx","14":"product_tag-pro","16":"first","17":"instock","18":"sale","19":"shipping-taxable","20":"purchasable","21":"product-type-simple"},"acf":[],"jetpack_sharing_enabled":true,"_links":{"self":[{"href":"https:\/\/thanglongcomputer.vn\/index.php?rest_route=\/wp\/v2\/product\/2039","targetHints":{"allow":["GET"]}}],"collection":[{"href":"https:\/\/thanglongcomputer.vn\/index.php?rest_route=\/wp\/v2\/product"}],"about":[{"href":"https:\/\/thanglongcomputer.vn\/index.php?rest_route=\/wp\/v2\/types\/product"}],"replies":[{"embeddable":true,"href":"https:\/\/thanglongcomputer.vn\/index.php?rest_route=%2Fwp%2Fv2%2Fcomments&post=2039"}],"wp:featuredmedia":[{"embeddable":true,"href":"https:\/\/thanglongcomputer.vn\/index.php?rest_route=\/wp\/v2\/media\/2590"}],"wp:attachment":[{"href":"https:\/\/thanglongcomputer.vn\/index.php?rest_route=%2Fwp%2Fv2%2Fmedia&parent=2039"}],"wp:term":[{"taxonomy":"product_brand","embeddable":true,"href":"https:\/\/thanglongcomputer.vn\/index.php?rest_route=%2Fwp%2Fv2%2Fproduct_brand&post=2039"},{"taxonomy":"product_cat","embeddable":true,"href":"https:\/\/thanglongcomputer.vn\/index.php?rest_route=%2Fwp%2Fv2%2Fproduct_cat&post=2039"},{"taxonomy":"product_tag","embeddable":true,"href":"https:\/\/thanglongcomputer.vn\/index.php?rest_route=%2Fwp%2Fv2%2Fproduct_tag&post=2039"}],"curies":[{"name":"wp","href":"https:\/\/api.w.org\/{rel}","templated":true}]}}