{"id":2037,"date":"2025-02-18T16:53:45","date_gmt":"2025-02-18T09:53:45","guid":{"rendered":"https:\/\/thanglongcomputer.vn\/san-pham\/mainboard-asrock-h510m-hdv-m-2-se\/"},"modified":"2025-02-24T08:42:35","modified_gmt":"2025-02-24T01:42:35","slug":"mainboard-asrock-h510m-hdv-m-2-se","status":"publish","type":"product","link":"https:\/\/thanglongcomputer.vn\/?product=mainboard-asrock-h510m-hdv-m-2-se","title":{"rendered":"Mainboard ASROCK H510M-HDV\/M.2 SE"},"content":{"rendered":"<h2 align=\"center\"><span data-darkreader-inline-color=\"\"><strong>Mainboard Asrock H510M-HDV\/M.2 SE<\/strong><\/span><\/h2>\n<p><span data-darkreader-inline-color=\"\"><strong>Thi\u1ebft k\u1ebf ph\u1ed5 th\u00f4ng ph\u00f9 h\u1ee3p nhi\u1ec1u c\u1ea5u h\u00ecnh<\/strong><\/span><\/p>\n<p><span data-darkreader-inline-color=\"\"><strong><img decoding=\"async\" src=\"https:\/\/anphat.com.vn\/media\/lib\/04-08-2023\/mainboardasrockh510m-hdvm2se2.jpg\" alt=\"\" \/><\/strong><\/span><\/p>\n<p><span data-darkreader-inline-color=\"\"><strong>Mainboard Asrock H510M-HDV\/M.2 SE<\/strong>\u00a0c\u00f3 k\u00edch th\u01b0\u1edbc M-ATX\u00a023.1 cm x 19.8 cm ph\u00f9 h\u1ee3p v\u1edbi nhi\u1ec1u v\u1ecf case m\u00e1y t\u00ednh l\u1edbn nh\u1ecf kh\u00e1c nhau. Thu\u1ed9c ph\u00e2n kh\u00fac bo m\u1ea1ch ch\u1ee7 ph\u1ed5 th\u00f4ng n\u00ean c\u00e1ch b\u1ed1 tr\u00ed tr\u00ean ph\u1ea7n m\u1ea1ch \u1edf m\u1ee9c kh\u00e1 c\u01a1 b\u1ea3n tuy nhi\u00ean k\u1ebft c\u1ea5u l\u1ea1i kh\u00e1 ch\u1eafc ch\u1eafn v\u1edbi m\u1eadt \u0111\u1ed9 s\u1ee3i th\u1ee7y tinh PCB d\u00e0y \u0111\u1eb7c. L\u1edbp m\u1ea1ch ngo\u00e0i \u0111\u01b0\u1ee3c ph\u00f9 m\u00e0u \u0111en h\u00e0i h\u00f2a th\u1ea9m m\u1ef9. C\u00f3 th\u1ec3 n\u00f3i r\u1eb1ng \u0111\u00e2y ch\u00ednh l\u00e0 bo m\u1ea1ch ch\u1ee7 ph\u00f9 h\u1ee3p cho c\u00e1c b\u1ed9\u00a0PC Gaming\u00a0gi\u00e1 r\u1ebb ho\u1eb7c c\u00e1c b\u1ed9\u00a0PC v\u0103n ph\u00f2ng.<\/span><\/p>\n<p>&nbsp;<\/p>\n<p><span data-darkreader-inline-color=\"\"><strong>\u0110\u00e1p \u1ee9ng nhu c\u1ea7u l\u01b0u tr\u1eef t\u1ed1c \u0111\u1ed9 cao<\/strong><\/span><\/p>\n<p><img decoding=\"async\" src=\"https:\/\/anphat.com.vn\/media\/lib\/04-08-2023\/mainboardasrockh510m-hdvm2se1.jpg\" alt=\"\" \/><\/p>\n<p>Khe c\u1eafm M.2 trang b\u1ecb tr\u00ean\u00a0<strong><span data-darkreader-inline-color=\"\">Mainboard Asrock H510M-HDV\/M.2 SE<\/span>\u00a0<\/strong>thu\u1ed9c\u00a0gen 3 c\u00f3 t\u1ed1c \u0111\u1ed9 truy\u1ec1n d\u1eef li\u1ec7u l\u00ean t\u1edbi 32Gb\/s ph\u00f9 h\u1ee3p v\u1edbi m\u1ecdi \u1ed5 c\u1ee9ng\u00a0SSD M.2 NVMe\u00a0gen 3 v\u00e0 gen 4 (t\u01b0\u01a1ng th\u00edch ng\u01b0\u1ee3c) tr\u00ean th\u1ecb tr\u01b0\u1eddng. Kh\u00f4ng ch\u1ec9 v\u1eady, khe c\u1eafm n\u00e0y c\u0169ng t\u01b0\u01a1ng th\u00edch v\u1edbi c\u00e1c \u1ed5 c\u1ee9ng M.2 SATA3 v\u1edbi t\u1ed1c \u0111\u1ed9 6Gb\/s.<\/p>\n<p>&nbsp;<\/p>\n<p><span data-darkreader-inline-color=\"\"><strong>K\u1ebft n\u1ed1i ph\u1ed5 th\u00f4ng t\u01b0\u01a1ng th\u00edch nhi\u1ec1u thi\u1ebft b\u1ecb ngo\u1ea1i vi<\/strong><\/span><\/p>\n<p><img decoding=\"async\" src=\"https:\/\/anphat.com.vn\/media\/lib\/04-08-2023\/mainboardasrockh510m-hdvm2se.jpg\" alt=\"\" \/><\/p>\n<p>Chi\u1ebfc\u00a0mainboard H510\u00a0n\u00e0y s\u1edf h\u1eefu t\u1edbi 3 lo\u1ea1i c\u1ed5ng xu\u1ea5t h\u00ecnh ph\u1ed5 bi\u1ebfn g\u1ed3m\u00a0D-Sub, DVI-D v\u00e0 HDMI ph\u1ee5c v\u1ee5 t\u1ed1t cho nhu c\u1ea7u s\u1eed d\u1ee5ng l\u00ean t\u1edbi 3 m\u00e0n h\u00ecnh. S\u1ed1 l\u01b0\u1ee3ng c\u1ed5ng USB l\u00ean t\u1edbi 12 c\u1ed5ng trong \u0111\u00f3 c\u00f3\u00a06 x USB 3.2 Gen1 truy\u1ec1n t\u1ed1c \u0111\u1ed9 cao v\u00e0\u00a06 x USB 2.0 ph\u00f9 h\u1ee3p cho c\u00e1c thi\u1ebft b\u1ecb chu\u1ed9t m\u00e1y t\u00ednh, b\u00e0n ph\u00edm, webcam, USB hay \u1ed5 c\u1ee9ng di \u0111\u1ed9ng. \u0110\u1eb7c bi\u1ec7t, n\u1ebfu ng\u01b0\u1eddi d\u00f9ng c\u00f3 nhu c\u1ea7u s\u1eed d\u1ee5ng c\u00e1c b\u1ed9\u00a0t\u1ea3n nhi\u1ec7t n\u01b0\u1edbc CPU\u00a0tr\u00ean c\u00e1c b\u1ed9 vi x\u1eed l\u00fd th\u1ebf h\u1ec7 10 v\u00e0 11 m\u00e0 bo m\u1ea1ch ch\u1ee7 n\u00e0y h\u1ed7 tr\u1ee3 ho\u00e0n to\u00e0n c\u00f3 th\u1ec3 y\u00ean t\u00e2m khi s\u1ea3n ph\u1ea9m n\u00e0y \u0111\u00e3 c\u00f3 s\u1eb5n 1 c\u1ed5ng c\u1eafm Pump Header.<\/p>\n","protected":false},"excerpt":{"rendered":"<p class=\"group-title\"><strong>Th\u00f4ng s\u1ed1 s\u1ea3n ph\u1ea9m<\/strong><\/p>\n<div>\n<ul>\n<li class=\"item\">Socket: LGA1200 H\u1ed7 tr\u1ee3 CPU Intel th\u1ebf h\u1ec7 10 &amp; 11<\/li>\n<li class=\"item\">K\u00edch th\u01b0\u1edbc: Micro ATX<\/li>\n<li class=\"item\">Khe c\u1eafm RAM: 2 khe (T\u1ed1i \u0111a 64GB)<\/li>\n<li class=\"item\">Khe c\u1eafm m\u1edf r\u1ed9ng: 1 x PCI Express 4.0 x16 Slot, 1 x PCI Express 3.0 x1 Slot<\/li>\n<li class=\"item\">Khe c\u1eafm \u1ed5 c\u1ee9ng: 1 x Ultra M.2 Socket, 4 x SATA3 6.0 Gb\/s<\/li>\n<\/ul>\n<\/div>\n","protected":false},"featured_media":2695,"comment_status":"open","ping_status":"closed","template":"","meta":{"_acf_changed":false},"product_brand":[391],"product_cat":[327],"product_tag":[364,281,367,366,335,334,333],"class_list":{"0":"post-2037","1":"product","2":"type-product","3":"status-publish","4":"has-post-thumbnail","6":"product_brand-asrock","7":"product_cat-bo-mach-chu-mainboard","8":"product_tag-asrock","9":"product_tag-ddr4","10":"product_tag-h510m","11":"product_tag-hdv","12":"product_tag-intel","13":"product_tag-lga1200","14":"product_tag-matx","16":"first","17":"instock","18":"sale","19":"shipping-taxable","20":"purchasable","21":"product-type-simple"},"acf":[],"jetpack_sharing_enabled":true,"_links":{"self":[{"href":"https:\/\/thanglongcomputer.vn\/index.php?rest_route=\/wp\/v2\/product\/2037","targetHints":{"allow":["GET"]}}],"collection":[{"href":"https:\/\/thanglongcomputer.vn\/index.php?rest_route=\/wp\/v2\/product"}],"about":[{"href":"https:\/\/thanglongcomputer.vn\/index.php?rest_route=\/wp\/v2\/types\/product"}],"replies":[{"embeddable":true,"href":"https:\/\/thanglongcomputer.vn\/index.php?rest_route=%2Fwp%2Fv2%2Fcomments&post=2037"}],"wp:featuredmedia":[{"embeddable":true,"href":"https:\/\/thanglongcomputer.vn\/index.php?rest_route=\/wp\/v2\/media\/2695"}],"wp:attachment":[{"href":"https:\/\/thanglongcomputer.vn\/index.php?rest_route=%2Fwp%2Fv2%2Fmedia&parent=2037"}],"wp:term":[{"taxonomy":"product_brand","embeddable":true,"href":"https:\/\/thanglongcomputer.vn\/index.php?rest_route=%2Fwp%2Fv2%2Fproduct_brand&post=2037"},{"taxonomy":"product_cat","embeddable":true,"href":"https:\/\/thanglongcomputer.vn\/index.php?rest_route=%2Fwp%2Fv2%2Fproduct_cat&post=2037"},{"taxonomy":"product_tag","embeddable":true,"href":"https:\/\/thanglongcomputer.vn\/index.php?rest_route=%2Fwp%2Fv2%2Fproduct_tag&post=2037"}],"curies":[{"name":"wp","href":"https:\/\/api.w.org\/{rel}","templated":true}]}}