{"id":1959,"date":"2025-02-18T16:53:34","date_gmt":"2025-02-18T09:53:34","guid":{"rendered":"https:\/\/thanglongcomputer.vn\/san-pham\/man-hinh-asus-va27ehf-27inch-fullhd-ips-100hz-1ms\/"},"modified":"2025-02-24T09:31:45","modified_gmt":"2025-02-24T02:31:45","slug":"man-hinh-asus-va27ehf-27inch-fullhd-ips-100hz-1ms","status":"publish","type":"product","link":"https:\/\/thanglongcomputer.vn\/?product=man-hinh-asus-va27ehf-27inch-fullhd-ips-100hz-1ms","title":{"rendered":"M\u00e0n H\u00ecnh ASUS VA27EHF (27inch\/ FullHD\/ IPS\/ 100Hz\/ 1Ms)"},"content":{"rendered":"<h3>M\u00e0n h\u00ecnh ASUS VA27EHF\u00a0\u0111\u01b0\u1ee3c thi\u1ebft k\u1ebf v\u1edbi s\u1ee9c kh\u1ecfe c\u1ee7a b\u1ea1n l\u00e0 \u01b0u ti\u00ean h\u00e0ng \u0111\u1ea7u.<\/h3>\n<p><strong>M\u00e0n h\u00ecnh ASUS VA27EHF<\/strong>\u00a0Eye Care c\u00f3 k\u00edch th\u01b0\u1edbc 27 inch v\u00e0 s\u1eed d\u1ee5ng c\u00f4ng ngh\u1ec7 t\u1ea5m n\u1ec1n IPS v\u1edbi \u0111\u1ed9 ph\u00e2n gi\u1ea3i Full HD (1920 x 1080), mang \u0111\u1ebfn g\u00f3c nh\u00ecn r\u1ed9ng 178\u00b0 v\u00e0 ch\u1ea5t l\u01b0\u1ee3ng h\u00ecnh \u1ea3nh s\u1ed1ng \u0111\u1ed9ng. V\u1edbi t\u1ed1c \u0111\u1ed9 l\u00e0m m\u1edbi 100Hz nhanh ch\u00f3ng v\u00e0 c\u00f4ng ngh\u1ec7 Adaptive-Sync, m\u00e0n h\u00ecnh n\u00e0y lo\u1ea1i b\u1ecf hi\u1ec7n t\u01b0\u1ee3ng x\u00e9 h\u00ecnh v\u00e0 t\u00ecnh tr\u1ea1ng khung h\u00ecnh gi\u1eadt, mang \u0111\u1ebfn tr\u1ea3i nghi\u1ec7m m\u01b0\u1ee3t m\u00e0 h\u01a1n bao gi\u1edd h\u1ebft. Ngo\u00e0i ra, s\u1ea3n ph\u1ea9m c\u0169ng t\u00edch h\u1ee3p c\u00f4ng ngh\u1ec7 kh\u1eed nh\u1ea5p nh\u00e1y v\u00e0 \u00e1nh s\u00e1ng xanh th\u1ea5p \u0111\u01b0\u1ee3c ch\u1ee9ng nh\u1eadn b\u1edfi T\u00dcV Rheinland \u0111\u1ec3 \u0111\u1ea3m b\u1ea3o tr\u1ea3i nghi\u1ec7m xem tho\u1ea3i m\u00e1i.<\/p>\n<p><img decoding=\"async\" class=\"loading\" src=\"https:\/\/hanoicomputercdn.com\/media\/lib\/30-08-2023\/man-hinh-asus-va27ehf_4.jpg\" data-was-processed=\"true\" \/><\/p>\n<h3><strong>Thi\u1ebft k\u1ebf, ki\u1ec3u d\u00e1ng<\/strong><\/h3>\n<p>M\u00e0n h\u00ecnh Asus VA27EHF c\u00f3 tr\u1ecdng l\u01b0\u1ee3ng t\u1ed5ng th\u1ec3\u00a0<strong>3.85 kg<\/strong>\u00a0c\u00f9ng k\u00edch th\u01b0\u1edbc r\u1ed9ng\u00a0<strong>61.2 cm<\/strong>, cao\u00a0<strong>46.5 cm<\/strong>\u00a0. D\u00f9 ch\u00e2n \u0111\u1ebf \u0111\u01b0\u1ee3c c\u1ea5u th\u00e0nh t\u1eeb nh\u1ef1a nh\u01b0ng v\u1eabn t\u1ecf r\u00f5 s\u1ef1 c\u1ee9ng c\u00e1p thi\u1ebft k\u1ebf g\u1ecdn nh\u1eb9, mang \u0111\u1ebfn s\u1ef1 di \u0111\u1ed9ng cho ph\u00e9p b\u1ea1n di chuy\u1ec3n \u0111\u1ebfn b\u1ea5t k\u1ef3 v\u1ecb tr\u00ed n\u00e0o tr\u00ean b\u00e0n l\u00e0m vi\u1ec7c hay b\u00e0n h\u1ecdc m\u1ed9t c\u00e1ch d\u1ec5 d\u00e0ng.<\/p>\n<p><img decoding=\"async\" class=\"loading\" src=\"https:\/\/hanoicomputercdn.com\/media\/lib\/30-08-2023\/man-hinh-asus-va27ehf_2.jpg\" data-was-processed=\"true\" \/><\/p>\n<p>Ch\u00e2n \u0111\u1ebf ch\u1ec9 d\u1eebng l\u1ea1i \u1edf c\u00e1c ch\u1ebf \u0111\u1ed9 ng\u1ea3 nghi\u00eang c\u01a1 b\u1ea3n, v\u1eabn c\u00f3 th\u1ec3 mang t\u1edbi c\u1ea3m gi\u00e1c tr\u1ea3i nghi\u1ec7m tr\u1ecdn v\u1eb9n. M\u1eb7t sau h\u1ed7 tr\u1ee3 ng\u00e0m treo m\u00e0n h\u00ecnh ti\u00eau chu\u1ea9n\u00a0<a href=\"https:\/\/hacom.vn\/gia-treo-man-hinh\" target=\"_blank\" rel=\"noopener\">VESA<\/a>\u00a0100x100m, gi\u00fap m\u00e0n h\u00ecnh linh ho\u1ea1t trong vi\u1ec7c t\u1ed1i \u01b0u kh\u00f4ng gian s\u1eed d\u1ee5ng.<\/p>\n<p><img loading=\"lazy\" decoding=\"async\" class=\"loading\" src=\"https:\/\/hanoicomputercdn.com\/media\/lib\/30-08-2023\/man-hinh-asus-va24ehf_1.png\" alt=\"M\u00e0n h\u00ecnh ASUS VA24EHF\" width=\"1020\" height=\"570\" data-was-processed=\"true\" \/><\/p>\n<h3><strong>H\u00ecnh \u1ea3nh ch\u00e2n th\u1ef1c, s\u1eafc n\u00e9t<\/strong><\/h3>\n<p>K\u00edch th\u01b0\u1edbc m\u00e0n h\u00ecnh r\u1ed9ng 27 inch c\u00f9ng \u0111\u1ed9 ph\u00e2n gi\u1ea3i Full HD (1920 x 1080) s\u1eafc n\u00e9t. H\u1ed7 tr\u1ee3 16.7 tri\u1ec7u m\u00e0u gi\u00fap m\u00e0u s\u1eafc c\u1ee7a h\u00ecnh \u1ea3nh t\u00e1i t\u1ea1o l\u1ea1i m\u1ed9t c\u00e1ch ch\u00e2n th\u1ef1c. G\u00f3c nh\u00ecn r\u1ed9ng 178 \u0111\u1ed9 d\u1ecdc v\u00e0 178 \u0111\u1ed9 ngang nh\u1edd v\u00e0o t\u1ea5m n\u1ec1n IPS hi\u1ec7n \u0111\u1ea1i, cho ph\u00e9p h\u00ecnh \u1ea3nh hi\u1ec3n th\u1ecb r\u00f5 n\u00e9t, ch\u00e2n th\u1eadt \u1edf m\u1ecdi g\u00f3c nh\u00ecn. C\u00f4ng ngh\u1ec7\u00a0<strong>Free-Sync<\/strong>\u00a0gi\u00fap t\u1ed1i \u01b0u \u0111\u1ed3ng b\u1ed9 h\u00ecnh \u1ea3nh gi\u1eefa m\u00e0n h\u00ecnh v\u00e0 GPU. Ng\u01b0\u1eddi d\u00f9ng s\u1ebd kh\u00f4ng c\u00f2n ph\u1ea3i b\u1eadn t\u00e2m v\u1ec1 t\u00ecnh tr\u1ea1ng x\u00e9 h\u00ecnh, gi\u1eadt lag th\u01b0\u1eddng th\u1ea5y. T\u0103ng c\u01b0\u1eddng l\u1ee3i th\u1ebf v\u00e0 gi\u00e0nh chi\u1ebfn th\u1eafng khi c\u1ea1nh tranh.<\/p>\n<p><img decoding=\"async\" class=\"loading\" src=\"https:\/\/hanoicomputercdn.com\/media\/lib\/30-08-2023\/man-hinh-asus-va27ehf_3.jpg\" data-was-processed=\"true\" \/><\/p>\n<p>T\u1ea7n s\u1ed1 qu\u00e9t<strong>\u00a0100 Hz<\/strong>\u00a0c\u00f9ng th\u1eddi gian ph\u1ea3n h\u1ed3i\u00a0<strong>1ms<\/strong>\u00a0cung c\u1ea5p nh\u1eefng chuy\u1ec3n \u0111\u1ed9ng h\u00ecnh \u1ea3nh m\u01b0\u1ee3t m\u00e0 v\u1edbi t\u1ed1c \u0111\u1ed9 ph\u1ea3n h\u1ed3i nhanh ch\u00f3ng, cho ph\u00e9p b\u1ea1n l\u00e0m vi\u1ec7c tr\u00ean c\u00e1c \u1ee9ng d\u1ee5ng \u0111\u1ed3 h\u1ecda hay gi\u1ea3i tr\u00ed, xem phim m\u00e0 \u00edt x\u1ea3y ra hi\u1ec7n t\u01b0\u1ee3ng x\u00e9 h\u00ecnh hay b\u00f3ng m\u1edd. \u0110\u1ed9 s\u00e1ng\u00a0250 nits\u00a0cung c\u1ea5p \u0111\u1ee7 l\u01b0\u1ee3ng \u00e1nh s\u00e1ng \u0111\u1ec3 ng\u01b0\u1eddi d\u00f9ng x\u1eed l\u00fd t\u1ed1t m\u1ecdi c\u00f4ng vi\u1ec7c v\u0103n ph\u00f2ng c\u01a1 b\u1ea3n hay \u0111\u1ed3 h\u1ecda n\u00e2ng cao,\u00a0ch\u1ea5t l\u01b0\u1ee3ng h\u00ecnh \u1ea3nh lu\u00f4n \u1ed5n \u0111\u1ecbnh \u1edf\u00a0m\u1ecdi m\u00f4i tr\u01b0\u1eddng \u00e1nh s\u00e1ng kh\u00e1c nhau.<\/p>\n<p><img loading=\"lazy\" decoding=\"async\" class=\"loading\" src=\"https:\/\/hanoicomputercdn.com\/media\/lib\/30-08-2023\/man-hinh-asus-va24ehf_4.png\" alt=\"M\u00e0n h\u00ecnh ASUS VA24EHF\" width=\"1020\" height=\"570\" data-was-processed=\"true\" \/><\/p>\n<h3><strong>C\u00f4ng ngh\u1ec7 b\u1ea3o v\u1ec7 m\u1eaft<\/strong><\/h3>\n<p>C\u00f4ng ngh\u1ec7<strong>\u00a0L\u1ecdc \u00e1nh s\u00e1ng xanh\u00a0<\/strong>l\u00e0m gi\u1ea3m c\u00e1c th\u00e0nh ph\u1ea7n \u00e1nh s\u00e1ng m\u00e0u xanh ph\u00e1t ra t\u1eeb m\u00e0n h\u00ecnh, b\u1ea3o v\u1ec7 th\u1ecb l\u1ef1c c\u1ee7a b\u1ea1n tr\u01b0\u1edbc nh\u1eefng lu\u1ed3ng\u00a0\u00e1nh s\u00e1ng m\u1ea1nh \u0111\u1ed3ng th\u1eddi l\u00e0m gi\u1ea3m t\u00ecnh tr\u1ea1ng m\u1ec7t m\u1ecfi hay kh\u00f4 m\u1eaft khi ph\u1ea3i l\u00e0m vi\u1ec7c qu\u00e1 l\u00e2u v\u1edbi m\u00e0n h\u00ecnh\u00a0m\u00e1y t\u00ednh.<\/p>\n<p><img loading=\"lazy\" decoding=\"async\" class=\"loading\" src=\"https:\/\/hanoicomputercdn.com\/media\/lib\/30-08-2023\/man-hinh-asus-va24ehf_5.png\" alt=\"M\u00e0n h\u00ecnh ASUS VA24EHF\" width=\"1020\" height=\"570\" data-was-processed=\"true\" \/><\/p>\n<h3><strong>K\u1ebft n\u1ed1i t\u1ed1i gi\u1ea3n<\/strong><\/h3>\n<p>H\u1ed7 tr\u1ee3 c\u00e1c k\u1ebft n\u1ed1i \u0111a d\u1ea1ng bao g\u1ed3m HDMI. V\u1edbi nh\u1eefng t\u00ednh n\u0103ng v\u00e0 thi\u1ebft k\u1ebf ti\u1ec7n d\u1ee5ng, m\u00e0n h\u00ecnh ASUS VA24EHF l\u00e0 m\u1ed9t l\u1ef1a ch\u1ecdn t\u1ed1t cho nh\u1eefng ng\u01b0\u1eddi s\u1eed d\u1ee5ng c\u1ea7n m\u1ed9t s\u1ea3n ph\u1ea9m m\u00e0n h\u00ecnh ch\u1ea5t l\u01b0\u1ee3ng v\u1edbi m\u1ee9c gi\u00e1 ph\u1ea3i ch\u0103ng.<\/p>\n<p><img loading=\"lazy\" decoding=\"async\" class=\"loading\" src=\"https:\/\/hanoicomputercdn.com\/media\/lib\/30-08-2023\/man-hinh-asus-va24ehf_6.png\" alt=\"M\u00e0n h\u00ecnh ASUS VA24EHF\" width=\"1020\" height=\"570\" data-was-processed=\"true\" \/><\/p>\n<p><strong>L\u01b0u \u00fd:\u00a0<\/strong><em>B\u00e0i vi\u1ebft v\u00e0 h\u00ecnh \u1ea3nh ch\u1ec9 c\u00f3 t\u00ednh ch\u1ea5t tham kh\u1ea3o v\u00ec c\u1ea5u h\u00ecnh v\u00e0 \u0111\u1eb7c t\u00ednh s\u1ea3n ph\u1ea9m c\u00f3 th\u1ec3 thay \u0111\u1ed5i theo th\u1ecb tr\u01b0\u1eddng v\u00e0 t\u1eebng phi\u00ean b\u1ea3n. Qu\u00fd kh\u00e1ch c\u1ea7n c\u1ea5u h\u00ecnh c\u1ee5 th\u1ec3 vui l\u00f2ng xem b\u1ea3ng th\u00f4ng s\u1ed1 k\u0129 thu\u1eadt ho\u1eb7c h\u1ecfi kinh doanh tr\u01b0\u1edbc khi mua.\u00a0<\/em><\/p>\n","protected":false},"excerpt":{"rendered":"<p class=\"group-title\"><strong>Th\u00f4ng s\u1ed1 s\u1ea3n ph\u1ea9m<\/strong><\/p>\n<div>\n<ul>\n<li class=\"item\">K\u00edch th\u01b0\u1edbc: 27 inch<\/li>\n<li class=\"item\">\u0110\u1ed9 ph\u00e2n gi\u1ea3i: FHD 1920 x 1080<\/li>\n<li class=\"item\">T\u1ea5m n\u1ec1n: IPS<\/li>\n<li class=\"item\">T\u1ea7n s\u1ed1 qu\u00e9t: 100Hz<\/li>\n<li class=\"item\">Th\u1eddi gian ph\u1ea3n h\u1ed3i: 1ms<\/li>\n<li class=\"item\">\u0110\u1ed9 s\u00e1ng: 250cd\/m2<\/li>\n<li class=\"item\">VESA: 100x100mm<\/li>\n<li class=\"item\">T\u1ec9 l\u1ec7 t\u01b0\u01a1ng ph\u1ea3n: 1000:1<\/li>\n<li class=\"item\">D\u1ea3i m\u00e0u: 16.7 tri\u1ec7u m\u00e0u<\/li>\n<li class=\"item\">C\u1ed5ng k\u1ebft n\u1ed1i: HDMI<\/li>\n<li class=\"item\">Ph\u1ee5 ki\u1ec7n: D\u00e2y ngu\u1ed3n, HDMI<\/li>\n<\/ul>\n<\/div>\n","protected":false},"featured_media":2806,"comment_status":"open","ping_status":"closed","template":"","meta":{"_acf_changed":false},"product_brand":[115],"product_cat":[65],"product_tag":[200,208,82,199,198,196,207],"class_list":{"0":"post-1959","1":"product","2":"type-product","3":"status-publish","4":"has-post-thumbnail","6":"product_brand-asus","7":"product_cat-man-hinh-may-tinh","8":"product_tag-100hz","9":"product_tag-27inch","10":"product_tag-asus","11":"product_tag-fhd","12":"product_tag-ips","13":"product_tag-man-hinh","14":"product_tag-va27ehf","16":"first","17":"instock","18":"sale","19":"shipping-taxable","20":"purchasable","21":"product-type-simple"},"acf":[],"jetpack_sharing_enabled":true,"_links":{"self":[{"href":"https:\/\/thanglongcomputer.vn\/index.php?rest_route=\/wp\/v2\/product\/1959","targetHints":{"allow":["GET"]}}],"collection":[{"href":"https:\/\/thanglongcomputer.vn\/index.php?rest_route=\/wp\/v2\/product"}],"about":[{"href":"https:\/\/thanglongcomputer.vn\/index.php?rest_route=\/wp\/v2\/types\/product"}],"replies":[{"embeddable":true,"href":"https:\/\/thanglongcomputer.vn\/index.php?rest_route=%2Fwp%2Fv2%2Fcomments&post=1959"}],"wp:featuredmedia":[{"embeddable":true,"href":"https:\/\/thanglongcomputer.vn\/index.php?rest_route=\/wp\/v2\/media\/2806"}],"wp:attachment":[{"href":"https:\/\/thanglongcomputer.vn\/index.php?rest_route=%2Fwp%2Fv2%2Fmedia&parent=1959"}],"wp:term":[{"taxonomy":"product_brand","embeddable":true,"href":"https:\/\/thanglongcomputer.vn\/index.php?rest_route=%2Fwp%2Fv2%2Fproduct_brand&post=1959"},{"taxonomy":"product_cat","embeddable":true,"href":"https:\/\/thanglongcomputer.vn\/index.php?rest_route=%2Fwp%2Fv2%2Fproduct_cat&post=1959"},{"taxonomy":"product_tag","embeddable":true,"href":"https:\/\/thanglongcomputer.vn\/index.php?rest_route=%2Fwp%2Fv2%2Fproduct_tag&post=1959"}],"curies":[{"name":"wp","href":"https:\/\/api.w.org\/{rel}","templated":true}]}}