{"id":1946,"date":"2025-02-18T16:53:33","date_gmt":"2025-02-18T09:53:33","guid":{"rendered":"https:\/\/thanglongcomputer.vn\/san-pham\/ban-phim-fuhlen-l411-usb-black\/"},"modified":"2025-02-28T16:40:07","modified_gmt":"2025-02-28T09:40:07","slug":"ban-phim-fuhlen-l411-usb-black","status":"publish","type":"product","link":"https:\/\/thanglongcomputer.vn\/?product=ban-phim-fuhlen-l411-usb-black","title":{"rendered":"B\u00e0n ph\u00edm Fuhlen L411 USB Black"},"content":{"rendered":"<h3>B\u00e0n ph\u00edm gaming Fuhlen L411 v\u1edbi nh\u1eefng \u01b0u \u0111i\u1ec3m n\u1ed5i b\u1eadt<\/h3>\n<h3><strong>B\u00e0n ph\u00edm ti\u1ec7n d\u1ee5ng<\/strong><\/h3>\n<p>B\u00e0n ph\u00edm m\u00e1y t\u00ednh\u00a0Fuhlen L411 \u0111\u01b0\u1ee3c trang b\u1ecb c\u00e1c ph\u00edm nh\u1ea5n kh\u00e1 s\u1eafc s\u1ea3o, t\u1ea1o c\u1ea3m gi\u00e1c \u00eam \u00e1i v\u00e0 gi\u1ea3m thi\u1ec3u ti\u1ebfng \u0111\u1ed9ng khi \u0111\u00e1nh v\u0103n b\u1ea3n. Ngo\u00e0i ra, c\u00e1c k\u00ed t\u1ef1 tr\u00ean b\u00e0n ph\u00edm \u0111\u01b0\u1ee3c in to, r\u00f5 r\u00e0ng, m\u00e0u tr\u1eafng n\u1ed5i b\u1eadt tr\u00ean n\u1ec1n ph\u00edm \u0111en, r\u1ea5t d\u1ec5 nh\u1eadn bi\u1ebft. \u0111\u01b0\u1ee3c thi\u1ebft k\u1ebf th\u00e2n thi\u1ec7n v\u1edbi ng\u01b0\u1eddi s\u1eed d\u1ee5ng, ph\u00edm b\u1ea5m c\u00f3 \u0111\u1ed9 n\u1ea3y, r\u1ea5t nh\u1ea1y.<\/p>\n<p>&nbsp;<\/p>\n<p>Thi\u1ebft k\u1ebf m\u1ecfng B\u00e0n ph\u00edm m\u00e1y t\u00ednh Fuhlen L411 c\u00f3 thi\u1ebft k\u1ebf m\u1ecfng, nh\u1eb9 v\u00e0 kh\u00f4ng chi\u1ebfm nhi\u1ec1u di\u1ec7n t\u00edch, kh\u00e1 l\u00e0 th\u00edch h\u1ee3p \u0111\u1ec3 b\u1ea1n c\u00f3 th\u1ec3 k\u1ebft h\u1ee3p \u0103n \u00fd v\u1edbi chi\u1ebfc m\u00e0n h\u00ecnh desktop si\u00eau m\u1ecfng c\u1ee7a m\u00ecnh.<\/p>\n<p>&nbsp;<\/p>\n","protected":false},"excerpt":{"rendered":"<p class=\"group-title\"><strong>Th\u00f4ng s\u1ed1 s\u1ea3n ph\u1ea9m<\/strong><\/p>\n<div>\n<ul>\n<li class=\"item\">B\u00e0n ph\u00edm Fuhlen L411<\/li>\n<li class=\"item\">Ki\u00ea\u0309u k\u00ea\u0301t n\u00f4\u0301i: Co\u0301 d\u00e2y<\/li>\n<li class=\"item\">Chu\u1ea9n k\u00ea\u0301t n\u00f4\u0301i: USB<\/li>\n<li class=\"item\">Ph\u00edm ch\u1ee9c n\u0103ng: Standard<\/li>\n<li class=\"item\">M\u00e0u: \u0110en<\/li>\n<\/ul>\n<\/div>\n","protected":false},"featured_media":2866,"comment_status":"open","ping_status":"closed","template":"","meta":{"_acf_changed":false},"product_brand":[220],"product_cat":[75,137],"product_tag":[142,87,163,164,147],"class_list":{"0":"post-1946","1":"product","2":"type-product","3":"status-publish","4":"has-post-thumbnail","6":"product_brand-fuhlen","7":"product_cat-phu-kien-laptop","8":"product_cat-ban-phim","9":"product_tag-ban-phim-van-phong","10":"product_tag-black","11":"product_tag-fuhlen","12":"product_tag-l411","13":"product_tag-usb","15":"first","16":"instock","17":"sale","18":"shipping-taxable","19":"purchasable","20":"product-type-simple"},"acf":[],"jetpack_sharing_enabled":true,"_links":{"self":[{"href":"https:\/\/thanglongcomputer.vn\/index.php?rest_route=\/wp\/v2\/product\/1946","targetHints":{"allow":["GET"]}}],"collection":[{"href":"https:\/\/thanglongcomputer.vn\/index.php?rest_route=\/wp\/v2\/product"}],"about":[{"href":"https:\/\/thanglongcomputer.vn\/index.php?rest_route=\/wp\/v2\/types\/product"}],"replies":[{"embeddable":true,"href":"https:\/\/thanglongcomputer.vn\/index.php?rest_route=%2Fwp%2Fv2%2Fcomments&post=1946"}],"wp:featuredmedia":[{"embeddable":true,"href":"https:\/\/thanglongcomputer.vn\/index.php?rest_route=\/wp\/v2\/media\/2866"}],"wp:attachment":[{"href":"https:\/\/thanglongcomputer.vn\/index.php?rest_route=%2Fwp%2Fv2%2Fmedia&parent=1946"}],"wp:term":[{"taxonomy":"product_brand","embeddable":true,"href":"https:\/\/thanglongcomputer.vn\/index.php?rest_route=%2Fwp%2Fv2%2Fproduct_brand&post=1946"},{"taxonomy":"product_cat","embeddable":true,"href":"https:\/\/thanglongcomputer.vn\/index.php?rest_route=%2Fwp%2Fv2%2Fproduct_cat&post=1946"},{"taxonomy":"product_tag","embeddable":true,"href":"https:\/\/thanglongcomputer.vn\/index.php?rest_route=%2Fwp%2Fv2%2Fproduct_tag&post=1946"}],"curies":[{"name":"wp","href":"https:\/\/api.w.org\/{rel}","templated":true}]}}