{"id":1938,"date":"2025-02-18T16:53:33","date_gmt":"2025-02-18T09:53:33","guid":{"rendered":"https:\/\/thanglongcomputer.vn\/san-pham\/ban-phim-gia-co-e-dra-ek506-usb-led\/"},"modified":"2025-02-28T16:39:30","modified_gmt":"2025-02-28T09:39:30","slug":"ban-phim-gia-co-e-dra-ek506-usb-led","status":"publish","type":"product","link":"https:\/\/thanglongcomputer.vn\/?product=ban-phim-gia-co-e-dra-ek506-usb-led","title":{"rendered":"B\u00e0n Ph\u00edm Gi\u1ea3 C\u01a1 E-DRA EK506 (USB\/ Led)"},"content":{"rendered":"<p><strong>TH\u00d4NG S\u1ed0 K\u1ef8 THU\u1eacT &#8211; EK506<\/strong><\/p>\n<p>B\u00e0n ph\u00edm ch\u01a1i game gi\u1ea3 c\u01a1 c\u00f3 d\u00e2y E-DRA EK506 m\u00e0u \u0111en\u00a0l\u00e0 s\u1ef1 l\u1ef1a ch\u1ecdn ho\u00e0n h\u1ea3o cho c\u00e1c game th\u1ee7 \u0111ang t\u00ecm ki\u1ebfm m\u1ed9t s\u1ea3n ph\u1ea9m ch\u1ea5t l\u01b0\u1ee3ng cao v\u1edbi gi\u00e1 c\u1ea3 h\u1ee3p l\u00fd. \u0110\u01b0\u1ee3c thi\u1ebft k\u1ebf v\u1edbi v\u1ebb ngo\u00e0i m\u1ea1nh m\u1ebd v\u00e0 t\u00ednh n\u0103ng v\u01b0\u1ee3t tr\u1ed9i, E-DRA EK506 h\u1ee9a h\u1eb9n s\u1ebd mang \u0111\u1ebfn tr\u1ea3i nghi\u1ec7m ch\u01a1i game tuy\u1ec7t v\u1eddi cho ng\u01b0\u1eddi d\u00f9ng.<\/p>\n<p><img decoding=\"async\" src=\"https:\/\/edravn.com\/media\/lib\/519_5062.jpg\" alt=\"\" \/><\/p>\n<h2>K\u00edch th\u01b0\u1edbc<\/h2>\n<p>V\u1edbi k\u00edch th\u01b0\u1edbc 444 x 139 x 30 mm, b\u00e0n ph\u00edm E-DRA EK506 c\u00f3 thi\u1ebft k\u1ebf g\u1ecdn g\u00e0ng, ph\u00f9 h\u1ee3p v\u1edbi nhi\u1ec1u kh\u00f4ng gian kh\u00e1c nhau t\u1eeb b\u00e0n ch\u01a1i game c\u00e1 nh\u00e2n \u0111\u1ebfn ph\u00f2ng l\u00e0m vi\u1ec7c. K\u00edch th\u01b0\u1edbc n\u00e0y kh\u00f4ng ch\u1ec9 gi\u00fap ti\u1ebft ki\u1ec7m kh\u00f4ng gian m\u00e0 c\u00f2n \u0111\u1ea3m b\u1ea3o s\u1ef1 ti\u1ec7n l\u1ee3i khi s\u1eed d\u1ee5ng, \u0111\u1eb7c bi\u1ec7t l\u00e0 trong nh\u1eefng tr\u1eadn \u0111\u1ea5u c\u0103ng th\u1eb3ng y\u00eau c\u1ea7u t\u1ed1c \u0111\u1ed9 ph\u1ea3n \u1ee9ng nhanh<\/p>\n<p><img decoding=\"async\" src=\"https:\/\/edravn.com\/media\/lib\/519_5064.jpg\" alt=\"\" \/><\/p>\n<h2>M\u00e0u s\u1eafc<\/h2>\n<p>M\u00e0u \u0111en ch\u1ee7 \u0111\u1ea1o c\u1ee7a b\u00e0n ph\u00edm mang l\u1ea1i v\u1ebb \u0111\u1eb9p sang tr\u1ecdng v\u00e0 m\u1ea1nh m\u1ebd. \u0110\u00e2y l\u00e0 m\u00e0u s\u1eafc ph\u1ed5 bi\u1ebfn v\u00e0 d\u1ec5 d\u00e0ng ph\u1ed1i h\u1ee3p v\u1edbi c\u00e1c thi\u1ebft b\u1ecb kh\u00e1c trong h\u1ec7 th\u1ed1ng m\u00e1y t\u00ednh c\u1ee7a b\u1ea1n.<\/p>\n<p><img decoding=\"async\" src=\"https:\/\/edravn.com\/media\/lib\/519_5065.jpg\" alt=\"\" \/><\/p>\n<h2>S\u1ed1 l\u01b0\u1ee3ng ph\u00edm<\/h2>\n<p>B\u00e0n ph\u00edm E-DRA EK506 \u0111\u01b0\u1ee3c trang b\u1ecb 104 ph\u00edm, \u0111\u00e1p \u1ee9ng \u0111\u1ea7y \u0111\u1ee7 c\u00e1c nhu c\u1ea7u s\u1eed d\u1ee5ng c\u01a1 b\u1ea3n c\u0169ng nh\u01b0 n\u00e2ng cao c\u1ee7a ng\u01b0\u1eddi d\u00f9ng. C\u00e1c ph\u00edm \u0111\u01b0\u1ee3c b\u1ed1 tr\u00ed h\u1ee3p l\u00fd, gi\u00fap ng\u01b0\u1eddi d\u00f9ng d\u1ec5 d\u00e0ng l\u00e0m quen v\u00e0 s\u1eed d\u1ee5ng hi\u1ec7u qu\u1ea3.<\/p>\n<p><img decoding=\"async\" src=\"https:\/\/edravn.com\/media\/lib\/519_5061.jpg\" alt=\"\" \/><\/p>\n<h2>\u0110\u00e8n b\u00e0n ph\u00edm LED Rainbow<\/h2>\n<p>M\u1ed9t trong nh\u1eefng \u0111i\u1ec3m nh\u1ea5n n\u1ed5i b\u1eadt c\u1ee7a E-DRA EK506 ch\u00ednh l\u00e0 h\u1ec7 th\u1ed1ng \u0111\u00e8n LED Rainbow. H\u1ec7 th\u1ed1ng \u0111\u00e8n n\u00e0y kh\u00f4ng ch\u1ec9 t\u1ea1o n\u00ean hi\u1ec7u \u1ee9ng \u00e1nh s\u00e1ng b\u1eaft m\u1eaft, gi\u00fap t\u0103ng th\u00eam ph\u1ea7n h\u1ee9ng kh\u1edfi khi ch\u01a1i game m\u00e0 c\u00f2n h\u1ed7 tr\u1ee3 ng\u01b0\u1eddi d\u00f9ng trong \u0111i\u1ec1u ki\u1ec7n \u00e1nh s\u00e1ng y\u1ebfu. \u0110\u00e8n LED c\u00f3 th\u1ec3 \u0111i\u1ec1u ch\u1ec9nh, gi\u00fap b\u1ea1n t\u00f9y bi\u1ebfn theo \u00fd th\u00edch v\u00e0 ph\u00f9 h\u1ee3p v\u1edbi kh\u00f4ng gian s\u1eed d\u1ee5ng.<\/p>\n<h2>C\u1ed5ng k\u1ebft n\u1ed1i<\/h2>\n<p>B\u00e0n ph\u00edm s\u1eed d\u1ee5ng c\u1ed5ng k\u1ebft n\u1ed1i USB 2.0, \u0111\u1ea3m b\u1ea3o s\u1ef1 \u1ed5n \u0111\u1ecbnh v\u00e0 t\u1ed1c \u0111\u1ed9 ph\u1ea3n h\u1ed3i nhanh ch\u00f3ng. D\u00e2y c\u00e1p d\u00e0i 1.3m, \u0111\u1ee7 d\u00e0i \u0111\u1ec3 k\u1ebft n\u1ed1i v\u1edbi m\u00e1y t\u00ednh m\u00e0 kh\u00f4ng g\u00e2y v\u01b0\u1edbng v\u00edu hay kh\u00f3 kh\u0103n trong vi\u1ec7c s\u1eafp x\u1ebfp d\u00e2y.<\/p>\n<p><img decoding=\"async\" src=\"https:\/\/edravn.com\/media\/lib\/519_5066.jpg\" alt=\"\" \/><\/p>\n<h2>H\u1ec7 \u0111i\u1ec1u h\u00e0nh h\u1ed7 tr\u1ee3<\/h2>\n<p>B\u00e0n ph\u00edm\u00a0E-DRA EK506 t\u01b0\u01a1ng th\u00edch v\u1edbi nhi\u1ec1u h\u1ec7 \u0111i\u1ec1u h\u00e0nh kh\u00e1c nhau, bao g\u1ed3m Windows 98, 2000, ME, NT, XP v\u00e0 Windows 7. \u0110i\u1ec1u n\u00e0y \u0111\u1ea3m b\u1ea3o r\u1eb1ng b\u1ea1n c\u00f3 th\u1ec3 s\u1eed d\u1ee5ng b\u00e0n ph\u00edm v\u1edbi h\u1ea7u h\u1ebft c\u00e1c phi\u00ean b\u1ea3n Windows ph\u1ed5 bi\u1ebfn m\u00e0 kh\u00f4ng g\u1eb7p ph\u1ea3i b\u1ea5t k\u1ef3 v\u1ea5n \u0111\u1ec1 n\u00e0o v\u1ec1 t\u01b0\u01a1ng th\u00edch.<\/p>\n<h2>B\u00e0n ph\u00edm gi\u1ea3 c\u01a1<\/h2>\n<p>M\u1eb7c d\u00f9 l\u00e0 b\u00e0n ph\u00edm gi\u1ea3 c\u01a1, nh\u01b0ng E-DRA EK506 v\u1eabn mang l\u1ea1i c\u1ea3m gi\u00e1c g\u00f5 ph\u00edm gi\u1ed1ng nh\u01b0 b\u00e0n ph\u00edm c\u01a1 th\u1ef1c th\u1ee5. C\u00e1c ph\u00edm c\u00f3 \u0111\u1ed9 n\u1ea3y t\u1ed1t, \u0111\u1ed9 b\u1ec1n cao v\u00e0 \u0111\u1ed9 ph\u1ea3n h\u1ed3i nhanh, gi\u00fap b\u1ea1n c\u00f3 tr\u1ea3i nghi\u1ec7m ch\u01a1i game tuy\u1ec7t v\u1eddi m\u00e0 kh\u00f4ng c\u1ea7n ph\u1ea3i b\u1ecf ra s\u1ed1 ti\u1ec1n l\u1edbn \u0111\u1ec3 mua b\u00e0n ph\u00edm c\u01a1 th\u1eadt.<\/p>\n<h2>Tr\u1ecdng l\u01b0\u1ee3ng<\/h2>\n<p>V\u1edbi tr\u1ecdng l\u01b0\u1ee3ng kho\u1ea3ng 530g, b\u00e0n ph\u00edm E-DRA EK506 kh\u00e1 nh\u1eb9, gi\u00fap d\u1ec5 d\u00e0ng di chuy\u1ec3n v\u00e0 s\u1eed d\u1ee5ng linh ho\u1ea1t. Tuy nhi\u00ean, b\u00e0n ph\u00edm v\u1eabn \u0111\u1ee7 ch\u1eafc ch\u1eafn \u0111\u1ec3 \u0111\u1ea3m b\u1ea3o kh\u00f4ng b\u1ecb d\u1ecbch chuy\u1ec3n khi g\u00f5 ph\u00edm m\u1ea1nh.<\/p>\n<h3>K\u1ebft lu\u1eadn<\/h3>\n<p>B\u00e0n ph\u00edm ch\u01a1i game gi\u1ea3 c\u01a1 c\u00f3 d\u00e2y\u00a0E-DRA EK506\u00a0m\u00e0u \u0111en l\u00e0 m\u1ed9t s\u1ef1 l\u1ef1a ch\u1ecdn ho\u00e0n h\u1ea3o cho nh\u1eefng ai \u0111ang t\u00ecm ki\u1ebfm m\u1ed9t s\u1ea3n ph\u1ea9m ch\u1ea5t l\u01b0\u1ee3ng v\u1edbi gi\u00e1 th\u00e0nh h\u1ee3p l\u00fd. V\u1edbi thi\u1ebft k\u1ebf \u0111\u1eb9p m\u1eaft, t\u00ednh n\u0103ng \u0111\u00e8n LED Rainbow, kh\u1ea3 n\u0103ng k\u1ebft n\u1ed1i v\u00e0 t\u01b0\u01a1ng th\u00edch t\u1ed1t c\u00f9ng v\u1edbi tr\u1ea3i nghi\u1ec7m g\u00f5 ph\u00edm t\u01b0\u01a1ng t\u1ef1 b\u00e0n ph\u00edm c\u01a1, E-DRA EK506 ch\u1eafc ch\u1eafn s\u1ebd l\u00e0m h\u00e0i l\u00f2ng ngay c\u1ea3 nh\u1eefng game th\u1ee7 kh\u00f3 t\u00ednh nh\u1ea5t.<\/p>\n","protected":false},"excerpt":{"rendered":"<p><strong>Th\u00f4ng tin s\u1ea3n ph\u1ea9m<\/strong><\/p>\n<ul>\n<li><span class=\"p-detail-summary-item\">EDRA Membrane keyboard &#8211; EK506<\/span><span class=\"p-detail-summary-item\">&#8211; <\/span><\/li>\n<li><span class=\"p-detail-summary-item\">Giao di\u1ec7n: USB 2.0;<\/span><span class=\"p-detail-summary-item\">&#8211; <\/span><\/li>\n<li><span class=\"p-detail-summary-item\">S\u1ed1 l\u01b0\u1ee3ng ph\u00edm: 104<\/span><span class=\"p-detail-summary-item\">&#8211; <\/span><\/li>\n<li><span class=\"p-detail-summary-item\">C\u00e1p b\u00e0n ph\u00edm d\u00e0i: 1.3M<\/span><span class=\"p-detail-summary-item\">&#8211; <\/span><\/li>\n<li><span class=\"p-detail-summary-item\">K\u00edch th\u01b0\u1edbc: 444*139*30mm<\/span><span class=\"p-detail-summary-item\">&#8211; <\/span><\/li>\n<li><span class=\"p-detail-summary-item\">C\u00e2n n\u1eb7ng: 530+10g<\/span><span class=\"p-detail-summary-item\">&#8211; <\/span><\/li>\n<li><span class=\"p-detail-summary-item\">T\u01b0\u01a1ng th\u00edch h\u1ec7 \u0111i\u1ec1u h\u00e0nh: Windows 98 \/ 2000 \/ ME \/ NT \/ XP \/ win 7<\/span><span class=\"p-detail-summary-item\">&#8211; <\/span><\/li>\n<li><span class=\"p-detail-summary-item\">M\u00e0u s\u1eafc: m\u00e0u \u0111en<\/span><\/li>\n<li><span class=\"p-detail-summary-item\">Key th\u00edch h\u1ee3p cho Game th\u1ee7 v\u1edbi m\u1ee9c gi\u00e1 ph\u00f9 h\u1ee3p.<\/span><\/li>\n<\/ul>\n","protected":false},"featured_media":2841,"comment_status":"open","ping_status":"closed","template":"","meta":{"_acf_changed":false},"product_brand":[218],"product_cat":[75,137],"product_tag":[146,144,145,147],"class_list":{"0":"post-1938","1":"product","2":"type-product","3":"status-publish","4":"has-post-thumbnail","6":"product_brand-e-dra","7":"product_cat-phu-kien-laptop","8":"product_cat-ban-phim","9":"product_tag-ban-phim-gia-co","10":"product_tag-e-dra","11":"product_tag-ek506","12":"product_tag-usb","14":"first","15":"instock","16":"sale","17":"shipping-taxable","18":"purchasable","19":"product-type-simple"},"acf":[],"jetpack_sharing_enabled":true,"_links":{"self":[{"href":"https:\/\/thanglongcomputer.vn\/index.php?rest_route=\/wp\/v2\/product\/1938","targetHints":{"allow":["GET"]}}],"collection":[{"href":"https:\/\/thanglongcomputer.vn\/index.php?rest_route=\/wp\/v2\/product"}],"about":[{"href":"https:\/\/thanglongcomputer.vn\/index.php?rest_route=\/wp\/v2\/types\/product"}],"replies":[{"embeddable":true,"href":"https:\/\/thanglongcomputer.vn\/index.php?rest_route=%2Fwp%2Fv2%2Fcomments&post=1938"}],"wp:featuredmedia":[{"embeddable":true,"href":"https:\/\/thanglongcomputer.vn\/index.php?rest_route=\/wp\/v2\/media\/2841"}],"wp:attachment":[{"href":"https:\/\/thanglongcomputer.vn\/index.php?rest_route=%2Fwp%2Fv2%2Fmedia&parent=1938"}],"wp:term":[{"taxonomy":"product_brand","embeddable":true,"href":"https:\/\/thanglongcomputer.vn\/index.php?rest_route=%2Fwp%2Fv2%2Fproduct_brand&post=1938"},{"taxonomy":"product_cat","embeddable":true,"href":"https:\/\/thanglongcomputer.vn\/index.php?rest_route=%2Fwp%2Fv2%2Fproduct_cat&post=1938"},{"taxonomy":"product_tag","embeddable":true,"href":"https:\/\/thanglongcomputer.vn\/index.php?rest_route=%2Fwp%2Fv2%2Fproduct_tag&post=1938"}],"curies":[{"name":"wp","href":"https:\/\/api.w.org\/{rel}","templated":true}]}}