{"id":1791,"date":"2025-02-14T15:24:41","date_gmt":"2025-02-14T08:24:41","guid":{"rendered":"https:\/\/thanglongcomputer.vn\/?post_type=product&#038;p=1791"},"modified":"2025-02-14T15:29:16","modified_gmt":"2025-02-14T08:29:16","slug":"nguon-may-tinh-mik-spower-400w","status":"publish","type":"product","link":"https:\/\/thanglongcomputer.vn\/?product=nguon-may-tinh-mik-spower-400w","title":{"rendered":"Ngu\u1ed3n M\u00e1y T\u00ednh MIK S-POWER 400W (M\u00e0u \u0110en)"},"content":{"rendered":"<h3 align=\"center\">Ngu\u1ed3n MIK S-POWER 400W (M\u00e0u \u0110en)<\/h3>\n<p>Thi\u1ebft k\u1ebf \u0111\u1ed9c \u0111\u00e1o v\u00e0 b\u1eaft m\u1eaft c\u00f9ng c\u00e1c d\u00e2y c\u1eafm r\u1ea5t d\u00e0i trong ph\u00e2n kh\u00fac ngu\u1ed3n ph\u1ed5 th\u00f4ng.<\/p>\n<p><img loading=\"lazy\" decoding=\"async\" class=\"loading\" src=\"https:\/\/hanoicomputercdn.com\/media\/product\/70911_mik_s_power_400w__1_.jpg\" alt=\"Ngu\u1ed3n MIK S-POWER 400W (M\u00e0u \u0110en)\" width=\"850\" height=\"850\" data-was-processed=\"true\" \/><\/p>\n","protected":false},"excerpt":{"rendered":"<p class=\"title font-weight-600\"><strong>Th\u00f4ng s\u1ed1 s\u1ea3n ph\u1ea3m:<\/strong><\/p>\n<div id=\"js-pd-summary\" class=\"pd-summary-group active\">\n<ul>\n<li>\n<div class=\"item\">Thi\u1ebft k\u1ebf \u0111\u1ed9c \u0111\u00e1o v\u00e0 b\u1eaft m\u1eaft c\u00f9ng c\u00e1c d\u00e2y c\u1eafm r\u1ea5t d\u00e0i trong ph\u00e2n kh\u00fac ngu\u1ed3n ph\u1ed5 th\u00f4ng.<\/div>\n<div class=\"item\">T\u01b0\u01a1ng th\u00edch v\u1edbi chu\u1ea9n ATX 12V 2.3A.<\/div>\n<div class=\"item\">H\u1ec7 th\u1ed1ng bi\u1ebfn \u00e1p cao c\u1ea5p gi\u00fap c\u00e2n b\u1eb1ng c\u00e1c m\u1ee9c \u0111i\u1ec7n \u00e1p.<\/div>\n<div class=\"item\">B\u1ed9 ngu\u1ed3n chu\u1ea9n Single Rail mang l\u1ea1i hi\u1ec7u n\u0103ng cao c\u1ea5p \u1edf \u0111\u01b0\u1eddng \u0111i\u1ec7n \u00e1p 12V.<\/div>\n<\/li>\n<\/ul>\n<\/div>\n","protected":false},"featured_media":1750,"comment_status":"open","ping_status":"closed","template":"","meta":{"_acf_changed":false},"product_brand":[106],"product_cat":[92],"product_tag":[111,87,88,93,94],"class_list":{"0":"post-1791","1":"product","2":"type-product","3":"status-publish","4":"has-post-thumbnail","6":"product_brand-mik","7":"product_cat-psu-nguon-may-tinh","8":"product_tag-400w","9":"product_tag-black","10":"product_tag-mik","11":"product_tag-nguon","12":"product_tag-psu","14":"first","15":"instock","16":"featured","17":"shipping-taxable","18":"purchasable","19":"product-type-simple"},"acf":[],"jetpack_sharing_enabled":true,"_links":{"self":[{"href":"https:\/\/thanglongcomputer.vn\/index.php?rest_route=\/wp\/v2\/product\/1791","targetHints":{"allow":["GET"]}}],"collection":[{"href":"https:\/\/thanglongcomputer.vn\/index.php?rest_route=\/wp\/v2\/product"}],"about":[{"href":"https:\/\/thanglongcomputer.vn\/index.php?rest_route=\/wp\/v2\/types\/product"}],"replies":[{"embeddable":true,"href":"https:\/\/thanglongcomputer.vn\/index.php?rest_route=%2Fwp%2Fv2%2Fcomments&post=1791"}],"wp:featuredmedia":[{"embeddable":true,"href":"https:\/\/thanglongcomputer.vn\/index.php?rest_route=\/wp\/v2\/media\/1750"}],"wp:attachment":[{"href":"https:\/\/thanglongcomputer.vn\/index.php?rest_route=%2Fwp%2Fv2%2Fmedia&parent=1791"}],"wp:term":[{"taxonomy":"product_brand","embeddable":true,"href":"https:\/\/thanglongcomputer.vn\/index.php?rest_route=%2Fwp%2Fv2%2Fproduct_brand&post=1791"},{"taxonomy":"product_cat","embeddable":true,"href":"https:\/\/thanglongcomputer.vn\/index.php?rest_route=%2Fwp%2Fv2%2Fproduct_cat&post=1791"},{"taxonomy":"product_tag","embeddable":true,"href":"https:\/\/thanglongcomputer.vn\/index.php?rest_route=%2Fwp%2Fv2%2Fproduct_tag&post=1791"}],"curies":[{"name":"wp","href":"https:\/\/api.w.org\/{rel}","templated":true}]}}