{"id":1774,"date":"2025-02-14T10:40:20","date_gmt":"2025-02-14T03:40:20","guid":{"rendered":"https:\/\/thanglongcomputer.vn\/?post_type=product&#038;p=1774"},"modified":"2025-02-14T14:43:08","modified_gmt":"2025-02-14T07:43:08","slug":"nguon-may-tinh-asus-tuf-gaming-650w","status":"publish","type":"product","link":"https:\/\/thanglongcomputer.vn\/?product=nguon-may-tinh-asus-tuf-gaming-650w","title":{"rendered":"Ngu\u1ed3n ASUS TUF GAMING 650W Bronze ( M\u00e0u \u0110en\/80 Plus Bronze )"},"content":{"rendered":"<p><strong>Ngu\u1ed3n ASUS TUF Gaming 650B<\/strong>\u00a0v\u1edbi t\u1ee5 \u0111i\u1ec7n v\u00e0 cu\u1ed9n c\u1ea3m v\u01b0\u1ee3t qua c\u00e1c b\u00e0i ki\u1ec3m tra kh\u1eaft khe \u0111\u1ec3 \u0111\u1ea1t \u0111\u01b0\u1ee3c ch\u1ee9ng nh\u1eadn c\u1ea5p Qu\u00e2n s\u1ef1.\u00a0V\u00f2ng bi qu\u1ea1t bi k\u00e9p c\u00f3 th\u1ec3 k\u00e9o d\u00e0i g\u1ea5p \u0111\u00f4i&#8230;<\/p>\n<h3><\/h3>\n<h3 style=\"text-align: center;\"><strong>Ch\u1ee9ng nh\u1eadn c\u1ea5p qu\u00e2n s\u1ef1<\/strong><\/h3>\n<p><img decoding=\"async\" src=\"https:\/\/nguyencongpc.vn\/photos2\/shares\/Bai-viet\/Gear\/PSU\/ASUS\/TUF-GAMING-450B\/PSU-TUF-Gaming-1.jpg\" alt=\"Ch\u1ee9ng nh\u1eadn c\u1ea5p qu\u00e2n s\u1ef1\" \/><\/p>\n<p>T\u1ea5t c\u1ea3 c\u00e1c t\u1ee5 \u0111i\u1ec7n v\u00e0 cu\u1ed9n c\u1ea3m quan tr\u1ecdng trong\u00a0<strong>TUF Gaming 650B<\/strong>\u00a0\u0111\u1ec1u \u0111\u01b0\u1ee3c ch\u1ee9ng nh\u1eadn theo th\u00f4ng s\u1ed1 k\u1ef9 thu\u1eadt c\u1ea5p qu\u00e2n s\u1ef1, \u0111\u1ea3m b\u1ea3o ho\u1ea1t \u0111\u1ed9ng \u0111\u00e1ng tin c\u1eady trong m\u1ed9t lo\u1ea1t c\u00e1c nhi\u1ec7t \u0111\u1ed9.<\/p>\n<p>&nbsp;<\/p>\n<h3><strong>V\u00f2ng bi qu\u1ea1t k\u00e9p &#8211; Tu\u1ed5i th\u1ecd d\u00e0i h\u01a1n g\u1ea5p \u0111\u00f4i<\/strong><\/h3>\n<p><img decoding=\"async\" src=\"https:\/\/nguyencongpc.vn\/photos2\/shares\/Bai-viet\/Gear\/PSU\/ASUS\/TUF-GAMING-450B\/PSU-TUF-Gaming-2.jpg\" alt=\"V\u00f2ng bi qu\u1ea1t k\u00e9p - Tu\u1ed5i th\u1ecd d\u00e0i h\u01a1n g\u1ea5p \u0111\u00f4i\" \/><\/p>\n<h3><strong>Ch\u1ee9ng nh\u1eadn 80 Plus \u0110\u1ed3ng<\/strong><\/h3>\n<p><img decoding=\"async\" src=\"https:\/\/nguyencongpc.vn\/photos2\/shares\/Bai-viet\/Gear\/PSU\/ASUS\/TUF-GAMING-450B\/PSU-TUF-Gaming-4.jpg\" alt=\"Ch\u1ee9ng nh\u1eadn 80 Plus \u0110\u1ed3ng\" \/><\/p>\n<p>B\u1ed9 \u0111i\u1ec1u khi\u1ec3n t\u00edch h\u1ee3p gi\u00fap qu\u1ea1t 135mm ng\u1eebng ho\u1ea1t \u0111\u1ed9ng khi c\u00f4ng su\u1ea5t thi\u1ebft k\u1ebf nhi\u1ec7t (TDP) d\u01b0\u1edbi 30%, cho ph\u00e9p b\u1ea1n t\u1eadn h\u01b0\u1edfng tr\u00f2 ch\u01a1i nh\u1eb9 trong th\u1eddi gian im l\u1eb7ng t\u01b0\u01a1ng \u0111\u1ed1i. Tr\u00ean 30% TDP, qu\u1ea1t s\u1ebd t\u1ef1\u00a0\u0111\u1ed9ng kh\u1edfi \u0111\u1ed9ng l\u1ea1i.<\/p>\n<p>&nbsp;<\/p>\n<h3><strong>C\u00e1p b\u1ecdc d\u00f9 ch\u1ed1ng r\u1ed1i\u00a0<\/strong><\/h3>\n<p>D\u00f2ng PSU Gaming TUF k\u1ebft h\u1ee3p c\u00e1c th\u00e0nh ph\u1ea7n c\u1ea5p qu\u00e2n s\u1ef1 v\u00e0 gi\u1ea3i ph\u00e1p l\u00e0m m\u00e1t m\u1ea1nh m\u1ebd l\u1ea1i v\u1edbi nhau \u0111\u1ec3 t\u1ea1o ra m\u1ed9t n\u1ec1n t\u1ea3ng n\u0103ng l\u01b0\u1ee3ng m\u00e0 b\u1ea1n c\u00f3 th\u1ec3 tin t\u01b0\u1edfng.\u00a0T\u1ee5 \u0111i\u1ec7n v\u00e0 cu\u1ed9n c\u1ea3m ch\u1ea5t l\u01b0\u1ee3ng cao tr\u1ea3i qua v\u00f4 s\u1ed1 th\u1eed nghi\u1ec7m, bao g\u1ed3m c\u1ea3 th\u1eed nghi\u1ec7m nhi\u1ec7t \u0111\u1ed9 kh\u1eafc nghi\u1ec7t v\u00e0 rung \u0111\u1ed9ng, \u0111\u1ec3 \u0111\u1ea3m b\u1ea3o ch\u00fang \u0111\u00e1p \u1ee9ng c\u00e1c th\u00f4ng s\u1ed1 k\u1ef9 thu\u1eadt nghi\u00eam ng\u1eb7t c\u1ee7a qu\u00e2n \u0111\u1ed9i.\u00a0Qu\u1ea1t c\u00f4ng ngh\u1ec7 Axial v\u1edbi thi\u1ebft k\u1ebf \u1ed5 tr\u1ee5c bi k\u00e9p mang l\u1ea1i tu\u1ed5i th\u1ecd cao h\u01a1n c\u00e1c lo\u1ea1i qu\u1ea1t kh\u00e1c, t\u0103ng tu\u1ed5i th\u1ecd t\u1ed5ng th\u1ec3 c\u1ee7a s\u1ea3n ph\u1ea9m.\u00a0\u0110\u00e2y l\u00e0 PSU ho\u00e0n h\u1ea3o \u0111\u1ec3 l\u1eafp v\u00e0o gi\u00e0n TUF Gaming ho\u1eb7c b\u1ea5t k\u1ef3 thi\u1ebft b\u1ecb DIY n\u00e0o \u0111\u01b0\u1ee3c thi\u1ebft k\u1ebf \u0111\u1ec3 cung c\u1ea5p n\u0103ng l\u01b0\u1ee3ng cho c\u00e1c tr\u00f2 ch\u01a1i AAA trong nhi\u1ec1u n\u0103m t\u1edbi<\/p>\n","protected":false},"excerpt":{"rendered":"<p class=\"title font-weight-600\"><strong>Th\u00f4ng s\u1ed1 s\u1ea3n ph\u1ea3m:<\/strong><\/p>\n<div id=\"js-pd-summary\" class=\"pd-summary-group active\">\n<div>\n<ul>\n<li class=\"item\">T\u1ee5 \u0111i\u1ec7n v\u00e0 cu\u1ed9n c\u1ea3m \u0111\u01b0\u1ee3c ki\u1ec3m tra kh\u1eaft khe \u0111\u1ec3 \u0111\u1ea1t \u0111\u01b0\u1ee3c Ch\u1ee9ng nh\u1eadn c\u1ea5p Qu\u00e2n s\u1ef1.<\/li>\n<li class=\"item\">V\u00f2ng bi qu\u1ea1t bi k\u00e9p c\u00f3 \u0111\u1ed9 b\u1ec1n g\u1ea5p \u0111\u00f4i so v\u1edbi c\u00e1c thi\u1ebft k\u1ebf v\u00f2ng bi kh\u00e1c<\/li>\n<li class=\"item\">M\u1ed9t l\u1edbp ph\u1ee7 PCB b\u1ea3o v\u1ec7 ch\u1ed1ng l\u1ea1i \u0111\u1ed9 \u1ea9m, b\u1ee5i v\u00e0 nhi\u1ec7t \u0111\u1ed9 kh\u1eafc nghi\u1ec7t.<\/li>\n<li class=\"item\">80 Plus Certified \u0111\u01b0\u1ee3c ki\u1ec3m tra v\u1edbi c\u00e1c th\u00e0nh ph\u1ea7n ch\u1ea5t l\u01b0\u1ee3ng cao m\u00e0 v\u01b0\u1ee3t qua th\u1eed nghi\u1ec7m nghi\u00eam ng\u1eb7t.<\/li>\n<li class=\"item\">Thi\u1ebft k\u1ebf qu\u1ea1t c\u00f4ng ngh\u1ec7 h\u01b0\u1edbng tr\u1ee5c c\u00f3 tr\u1ee5c qu\u1ea1t nh\u1ecf h\u01a1n t\u1ea1o \u0111i\u1ec1u ki\u1ec7n cho c\u00e1c c\u00e1nh qu\u1ea1t d\u00e0i h\u01a1n v\u00e0 v\u00f2ng ch\u1eafn gi\u00fap t\u0103ng \u00e1p su\u1ea5t kh\u00f4ng kh\u00ed \u0111i xu\u1ed1ng.<\/li>\n<li class=\"item\">C\u00f4ng ngh\u1ec7 0dB cho ph\u00e9p b\u1ea1n ch\u01a1i game nh\u1eb9 trong kho\u1ea3ng l\u1eb7ng t\u01b0\u01a1ng \u0111\u1ed1i.<\/li>\n<li class=\"item\">C\u00e1c d\u00e2y c\u00e1p c\u00f3 tay c\u1ea7m gi\u00fap thi\u1ebft b\u1ecb c\u1ee7a b\u1ea1n tr\u00f4ng s\u1ea1ch s\u1ebd v\u1ec1 m\u1eb7t chi\u1ebfn thu\u1eadt.<\/li>\n<li class=\"item\">\u0110\u1ea7u n\u1ed1i CPU 8 ch\u00e2n 80cm (EPS 12V)<\/li>\n<\/ul>\n<\/div>\n<\/div>\n<div class=\"pd-variant-group\"><\/div>\n","protected":false},"featured_media":1735,"comment_status":"open","ping_status":"closed","template":"","meta":{"_acf_changed":false},"product_brand":[],"product_cat":[92],"product_tag":[103,82,87,97,93,94,102,104],"class_list":{"0":"post-1774","1":"product","2":"type-product","3":"status-publish","4":"has-post-thumbnail","6":"product_cat-psu-nguon-may-tinh","7":"product_tag-650w","8":"product_tag-asus","9":"product_tag-black","10":"product_tag-gold","11":"product_tag-nguon","12":"product_tag-psu","13":"product_tag-tuf","14":"product_tag-tuf-gaming","16":"first","17":"instock","18":"sale","19":"featured","20":"shipping-taxable","21":"purchasable","22":"product-type-simple"},"acf":[],"jetpack_sharing_enabled":true,"_links":{"self":[{"href":"https:\/\/thanglongcomputer.vn\/index.php?rest_route=\/wp\/v2\/product\/1774","targetHints":{"allow":["GET"]}}],"collection":[{"href":"https:\/\/thanglongcomputer.vn\/index.php?rest_route=\/wp\/v2\/product"}],"about":[{"href":"https:\/\/thanglongcomputer.vn\/index.php?rest_route=\/wp\/v2\/types\/product"}],"replies":[{"embeddable":true,"href":"https:\/\/thanglongcomputer.vn\/index.php?rest_route=%2Fwp%2Fv2%2Fcomments&post=1774"}],"wp:featuredmedia":[{"embeddable":true,"href":"https:\/\/thanglongcomputer.vn\/index.php?rest_route=\/wp\/v2\/media\/1735"}],"wp:attachment":[{"href":"https:\/\/thanglongcomputer.vn\/index.php?rest_route=%2Fwp%2Fv2%2Fmedia&parent=1774"}],"wp:term":[{"taxonomy":"product_brand","embeddable":true,"href":"https:\/\/thanglongcomputer.vn\/index.php?rest_route=%2Fwp%2Fv2%2Fproduct_brand&post=1774"},{"taxonomy":"product_cat","embeddable":true,"href":"https:\/\/thanglongcomputer.vn\/index.php?rest_route=%2Fwp%2Fv2%2Fproduct_cat&post=1774"},{"taxonomy":"product_tag","embeddable":true,"href":"https:\/\/thanglongcomputer.vn\/index.php?rest_route=%2Fwp%2Fv2%2Fproduct_tag&post=1774"}],"curies":[{"name":"wp","href":"https:\/\/api.w.org\/{rel}","templated":true}]}}