{"id":1768,"date":"2025-02-14T09:58:37","date_gmt":"2025-02-14T02:58:37","guid":{"rendered":"https:\/\/thanglongcomputer.vn\/?post_type=product&#038;p=1768"},"modified":"2025-02-14T10:07:40","modified_gmt":"2025-02-14T03:07:40","slug":"nguon-may-tinh-asus-rog-strix-1000w-gold","status":"publish","type":"product","link":"https:\/\/thanglongcomputer.vn\/?product=nguon-may-tinh-asus-rog-strix-1000w-gold","title":{"rendered":"Ngu\u1ed3n M\u00e1y T\u00ednh ASUS ROG STRIX 1000W GOLD &#8211; 1000W ( M\u00e0u \u0110en\/80 Plus Gold \/ Full Modular)"},"content":{"rendered":"<h2 class=\"titlle-descreption font-weight-500\">Gi\u1edbi thi\u1ec7u Ngu\u1ed3n m\u00e1y t\u00ednh ASUS ROG STRIX 1000W Gold Aura Edition<\/h2>\n<p><img decoding=\"async\" src=\"https:\/\/dlcdnwebimgs.asus.com\/files\/media\/E9F0FCD5-EF87-46AB-A08E-A5AEEAADC6B7\/v1\/img\/overview\/bg-overview.jpg\" alt=\"TUF GAMING Hi\u1ec7u n\u0103ng cao b\u1ec1n b\u1ec9.\" \/><\/p>\n<h3>Ngu\u1ed3n ASUS ROG STRIX 1000W GOLD &#8211; 1000W ( M\u00e0u \u0110en\/80 Plus Gold \/ Full Modular)<\/h3>\n<p>B\u1ed9 ngu\u1ed3n PSU ASUS ROG STRIX 1000W c\u00f3 h\u1ec7 th\u1ed1ng v\u00e0 c\u00e1c b\u1ed9 ph\u1eadn l\u00e0m m\u00e1t ho\u1ea1t \u0111\u1ed9ng c\u1ef1c k\u1ef3 \u00eam \u00e1i d\u00e0nh cho \u0111\u1ed1i t\u01b0\u1ee3ng ng\u01b0\u1eddi d\u00f9ng th\u00edch s\u1ef1 y\u00ean t\u0129nh. C\u1ee5m t\u1ea3n nhi\u1ec7t ROG l\u1edbn th\u1eeba h\u01b0\u1edfng c\u00e1c \u01b0u \u0111i\u1ec3m t\u1eeb d\u00f2ng ROG Thor m\u1ea1nh m\u1ebd v\u00e0 c\u00f2n s\u1edf h\u1eefu thi\u1ebft k\u1ebf qu\u1ea1t h\u01b0\u1edbng tr\u1ee5c t\u1eeb c\u00e1c card \u0111\u1ed3 h\u1ecda NVIDIA RTX\u2122 cao c\u1ea5p. B\u00ean trong l\u00e0 c\u00e1c MOSFET th\u1ea5p (b\u1eadt) v\u00e0 t\u1ee5 cao c\u1ea5p t\u1eeb Nh\u1eadt B\u1ea3n gi\u00fap d\u1ec5 d\u00e0ng s\u1ea3n sinh ngu\u1ed3n \u0111i\u1ec7n mong mu\u1ed1n. B\u1ed9 ngu\u1ed3n ho\u1ea1t \u0111\u1ed9ng c\u1ef1c k\u1ef3 \u00eam \u00e1i v\u00e0 hi\u1ec7u qu\u1ea3 v\u1edbi c\u00f4ng su\u1ea5t d\u1ef1 tr\u1eef \u0111\u1ec3 x\u1eed l\u00fd m\u1ecdi t\u00ecnh hu\u1ed1ng.<\/p>\n<p>&nbsp;<\/p>\n<p><img decoding=\"async\" src=\"https:\/\/hanoicomputercdn.com\/media\/lib\/27-06-2022\/strix-gold-1.jpg\" alt=\"Ngu\u1ed3n ASUS ROG STRIX 1000W GOLD - 1000W ( M\u00e0u \u0110en\/80 Plus Gold \/ Full Modular)\" \/><\/p>\n<p><img decoding=\"async\" src=\"https:\/\/hanoicomputercdn.com\/media\/lib\/27-06-2022\/strix-gold-6.jpg\" alt=\"Ngu\u1ed3n ASUS ROG STRIX 1000W GOLD - 1000W ( M\u00e0u \u0110en\/80 Plus Gold \/ Full Modular)\" \/><\/p>\n<p><img decoding=\"async\" src=\"https:\/\/hanoicomputercdn.com\/media\/lib\/27-06-2022\/strix-gold-7.jpg\" alt=\"Ngu\u1ed3n ASUS ROG STRIX 1000W GOLD - 1000W ( M\u00e0u \u0110en\/80 Plus Gold \/ Full Modular)\" \/><\/p>\n<p><img decoding=\"async\" src=\"https:\/\/hanoicomputercdn.com\/media\/lib\/27-06-2022\/strix-gold-8.jpg\" alt=\"Ngu\u1ed3n ASUS ROG STRIX 1000W GOLD - 1000W ( M\u00e0u \u0110en\/80 Plus Gold \/ Full Modular)\" \/><\/p>\n<p>&nbsp;<\/p>\n","protected":false},"excerpt":{"rendered":"<p class=\"title font-weight-600\"><strong>Th\u00f4ng s\u1ed1 s\u1ea3n ph\u1ea3m:<\/strong><\/p>\n<ul id=\"js-summary\" class=\"list-product-summary active\">\n<li>D\u00f2ng s\u1ea3n ph\u1ea9m: ROG STRIX<\/li>\n<li>\u0110\u1ea1t chu\u1ea9n 80 Plus: Gold<\/li>\n<li>M\u00e0u s\u1eafc: \u0110en<\/li>\n<li>C\u00f4ng su\u1ea5t: 1000W<\/li>\n<\/ul>\n","protected":false},"featured_media":1769,"comment_status":"open","ping_status":"closed","template":"","meta":{"_acf_changed":false},"product_brand":[],"product_cat":[92],"product_tag":[98,82,87,97,93,94,83,95],"class_list":{"0":"post-1768","1":"product","2":"type-product","3":"status-publish","4":"has-post-thumbnail","6":"product_cat-psu-nguon-may-tinh","7":"product_tag-1000w","8":"product_tag-asus","9":"product_tag-black","10":"product_tag-gold","11":"product_tag-nguon","12":"product_tag-psu","13":"product_tag-rog","14":"product_tag-rog-strix","16":"first","17":"instock","18":"sale","19":"featured","20":"shipping-taxable","21":"purchasable","22":"product-type-simple"},"acf":[],"jetpack_sharing_enabled":true,"_links":{"self":[{"href":"https:\/\/thanglongcomputer.vn\/index.php?rest_route=\/wp\/v2\/product\/1768","targetHints":{"allow":["GET"]}}],"collection":[{"href":"https:\/\/thanglongcomputer.vn\/index.php?rest_route=\/wp\/v2\/product"}],"about":[{"href":"https:\/\/thanglongcomputer.vn\/index.php?rest_route=\/wp\/v2\/types\/product"}],"replies":[{"embeddable":true,"href":"https:\/\/thanglongcomputer.vn\/index.php?rest_route=%2Fwp%2Fv2%2Fcomments&post=1768"}],"wp:featuredmedia":[{"embeddable":true,"href":"https:\/\/thanglongcomputer.vn\/index.php?rest_route=\/wp\/v2\/media\/1769"}],"wp:attachment":[{"href":"https:\/\/thanglongcomputer.vn\/index.php?rest_route=%2Fwp%2Fv2%2Fmedia&parent=1768"}],"wp:term":[{"taxonomy":"product_brand","embeddable":true,"href":"https:\/\/thanglongcomputer.vn\/index.php?rest_route=%2Fwp%2Fv2%2Fproduct_brand&post=1768"},{"taxonomy":"product_cat","embeddable":true,"href":"https:\/\/thanglongcomputer.vn\/index.php?rest_route=%2Fwp%2Fv2%2Fproduct_cat&post=1768"},{"taxonomy":"product_tag","embeddable":true,"href":"https:\/\/thanglongcomputer.vn\/index.php?rest_route=%2Fwp%2Fv2%2Fproduct_tag&post=1768"}],"curies":[{"name":"wp","href":"https:\/\/api.w.org\/{rel}","templated":true}]}}