{"id":1510,"date":"2021-07-14T15:04:04","date_gmt":"2021-07-14T08:04:04","guid":{"rendered":"http:\/\/hb997.giaodienwebsite.top\/?post_type=product&#038;p=1510"},"modified":"2025-02-15T08:12:05","modified_gmt":"2025-02-15T01:12:05","slug":"thung-may-case-asus-tuf-gaming-gt301-mid-tower","status":"publish","type":"product","link":"https:\/\/thanglongcomputer.vn\/?product=thung-may-case-asus-tuf-gaming-gt301-mid-tower","title":{"rendered":"V\u1ecf Case ASUS TUF Gaming GT301 Mid-Tower"},"content":{"rendered":"<h2><strong>\u00a0\u00a0Gi\u1edbi thi\u1ec7u V\u1ecf Case ASUS TUF Gaming GT301 ATX<\/strong><\/h2>\n<section class=\"KvSummary__KvSummaryOP__2kb6-\">\n<div class=\"KvSummary__KvSummaryOPInnerWrapper__2Dwjy\">\n<div class=\"KvSummary__content__1uWlC\">\n<div class=\"KvSummary__productHeadiing__UPRDo\">Thi\u1ebft k\u1ebf case ASUS TUF Gaming GT301 ATX nh\u1ecf g\u1ecdn, k\u00edch th\u01b0\u1edbc trung b\u00ecnh, m\u1eb7t b\u00ean h\u00f4ng b\u1eb1ng k\u00ednh c\u01b0\u1eddng l\u1ef1c, t\u1ea5m m\u1eb7t tr\u01b0\u1edbc d\u1ea1ng t\u1ed5 ong \u0111\u1ee5c l\u1ed7, qu\u1ea1t RGB kh\u1ea3 l\u1eadp \u0111\u1ecba ch\u1ec9 AURA 120mm, m\u00f3c treo tai nghe v\u00e0 \u0111\u1ebf g\u1eafn b\u1ed9 t\u1ea3n nhi\u1ec7t 360mm.<\/div>\n<div class=\"KvSummary__productIntro__1WXF-\">\n<ul>\n<li>Thi\u1ebft k\u1ebf th\u1eddi trang: T\u1ea5m ph\u00eda tr\u01b0\u1edbc d\u1ea1ng t\u1ed5 ong \u0111\u1ee5c l\u1ed7 h\u1ed7 tr\u1ee3 l\u01b0u th\u00f4ng kh\u00f4ng kh\u00ed, m\u1eb7t b\u00ean h\u00f4ng b\u1eb1ng k\u00ednh c\u01b0\u1eddng l\u1ef1c gi\u00fap tr\u01b0ng b\u00e0y c\u00e1c b\u1ed9 ph\u1eadn b\u00ean trong c\u1ee7a gi\u00e0n m\u00e1y trong k\u1ebft c\u1ea5u case nh\u1ecf g\u1ecdn.<\/li>\n<li>L\u00e0m m\u00e1t hi\u1ec7u qu\u1ea3: \u0110\u01b0\u1ee3c trang b\u1ecb ba qu\u1ea1t \u0111\u00e8n led RGB ki\u1ec3u \u0111\u1ecba ch\u1ec9 120mm d\u00f9ng c\u00f4ng ngh\u1ec7 Aura Sync v\u00e0 m\u1ed9t qu\u1ea1t ph\u00eda sau 120mm, c\u00f9ng v\u1edbi t\u1ed1i \u0111a s\u00e1u \u0111i\u1ec3m g\u1eafn qu\u1ea1t \u0111\u1ec3 gi\u00fap l\u01b0u th\u00f4ng kh\u00f4ng kh\u00ed \u0111\u1ebfn c\u00e1c b\u1ed9 ph\u1eadn.<\/li>\n<li>Kh\u00f4ng gian d\u00e0nh cho b\u1ed9 t\u1ea3n nhi\u1ec7t l\u00e0m m\u00e1t b\u1eb1ng n\u01b0\u1edbc 280\/360mm \u1edf ph\u00eda tr\u01b0\u1edbc v\u00e0 120mm \u1edf ph\u00eda sau<\/li>\n<li>T\u00edch h\u1ee3p b\u1ed9 \u0111i\u1ec1u khi\u1ec3n \u0111\u00e8n led RGB ki\u1ec3u \u0111\u1ecba ch\u1ec9 6 c\u1ed5ng v\u1edbi c\u00f4ng ngh\u1ec7 Aura Sync, v\u00e0 n\u00fat \u0111i\u1ec1u khi\u1ec3n chuy\u00ean d\u1ee5ng tr\u00ean m\u1eb7t tr\u01b0\u1edbc \u0111\u1ec3 t\u1ea1o hi\u1ec7u \u1ee9ng \u0111\u00e8n tuy\u1ec7t \u0111\u1eb9p<\/li>\n<li>T\u00f9y ch\u1ecdn l\u01b0u tr\u1eef m\u1edf r\u1ed9ng: t\u1ed1i \u0111a 2 \u1ed5 c\u1ee9ng (bao g\u1ed3m c\u1ea3 khay) v\u00e0 6 v\u1ecb tr\u00ed g\u1eafn \u1ed5 SSD (2 gi\u00e1 chuy\u00ean d\u1ee5ng, m\u1ed9t gi\u00e1 \u1edf tr\u00ean khung l\u1eafp b\u1ed9 c\u1ea5p ngu\u1ed3n)<\/li>\n<li>S\u1eb5n s\u00e0ng l\u00e2m tr\u1eadn: M\u00f3c tai nghe t\u00f9y ch\u1ec9nh c\u00f3 th\u1ec3 treo \u0111\u01b0\u1ee3c \u1edf c\u1ea3 hai b\u00ean<\/li>\n<\/ul>\n<\/div>\n<\/div>\n<div class=\"KvSummary__OPProductMainImage__1Dy4f\">\n<div class=\"KvSummary__logoWrapper__2hRTy\"><\/div>\n<div class=\"KvSummary__imageWrapper__3tn4t\"><picture><source srcset=\"https:\/\/www.asus.com\/media\/global\/products\/ysr2g8tqynr0xbtv\/P_setting_xxx_0_90_end_500.png\" media=\"(min-width: 1280px)\" \/><source srcset=\"https:\/\/www.asus.com\/media\/global\/products\/ysr2g8tqynr0xbtv\/P_setting_xxx_0_90_end_500.png\" media=\"(min-width: 731px) and (max-width:1279px)\" \/><source srcset=\"https:\/\/www.asus.com\/media\/global\/products\/ysr2g8tqynr0xbtv\/P_setting_xxx_0_90_end_500.png\" media=\"(max-width: 730px)\" \/><img decoding=\"async\" src=\"https:\/\/www.asus.com\/media\/global\/products\/ysr2g8tqynr0xbtv\/P_setting_xxx_0_90_end_500.png\" alt=\"TUF Gaming GT301\" \/><\/picture><\/div>\n<div>\n<div class=\"mtitle\">\n<p>HI\u1ec6U N\u0102NG \u0110\u1ec8NH CAO, S\u1eb4N S\u00c0NG L\u00c2M TR\u1eacN<\/p>\n<\/div>\n<div class=\"info\">Thi\u1ebft k\u1ebf t\u1ed5 ong \u0111\u1ee5c l\u1ed7 tr\u1ea3i r\u1ed9ng kh\u1eafp m\u1eb7t tr\u01b0\u1edbc v\u00e0 m\u1eb7t tr\u00ean c\u1ee7a khung gi\u00fap h\u1ed7 tr\u1ee3 l\u01b0u th\u00f4ng kh\u00f4ng kh\u00ed \u0111\u1ed3ng th\u1eddi t\u1ea1o ra phong c\u00e1ch cho t\u00ednh th\u1ea9m m\u1ef9 v\u1ed1n \u0111\u00e3 \u0111\u1ed9c \u0111\u00e1o<\/div>\n<div><img decoding=\"async\" src=\"https:\/\/nguyencongpc.vn\/photos\/17\/Case\/TUF-Gaming-GT301.jpg\" \/><\/div>\n<\/div>\n<div>\n<div><a href=\"https:\/\/www.asus.com\/vn\/motherboards-components\/cases\/tuf-gaming\/tuf-gaming-gt301\/\" target=\"_blank\" rel=\"noopener\">TUF Gaming GT301\uff5cTh\u00f9ng m\u00e1y\uff5cASUS VN<\/a><\/div>\n<\/div>\n<div><\/div>\n<\/div>\n<\/div>\n<\/section>\n","protected":false},"excerpt":{"rendered":"<p>\u00a0\u00a0Gi\u1edbi thi\u1ec7u V\u1ecf Case ASUS TUF Gaming GT301 ATX Thi\u1ebft k\u1ebf case ASUS TUF Gaming GT301 ATX nh\u1ecf g\u1ecdn, k\u00edch th\u01b0\u1edbc trung b\u00ecnh, m\u1eb7t b\u00ean h\u00f4ng b\u1eb1ng k\u00ednh c\u01b0\u1eddng l\u1ef1c, t\u1ea5m m\u1eb7t tr\u01b0\u1edbc d\u1ea1ng t\u1ed5 ong \u0111\u1ee5c l\u1ed7, qu\u1ea1t RGB kh\u1ea3 l\u1eadp \u0111\u1ecba ch\u1ec9 AURA 120mm, m\u00f3c treo tai nghe v\u00e0 \u0111\u1ebf g\u1eafn b\u1ed9 t\u1ea3n &#8230;<\/p>\n","protected":false},"featured_media":1613,"comment_status":"open","ping_status":"closed","template":"","meta":{"_acf_changed":false},"product_brand":[],"product_cat":[80],"product_tag":[],"class_list":{"0":"post-1510","1":"product","2":"type-product","3":"status-publish","4":"has-post-thumbnail","6":"product_cat-case-thung-may","8":"first","9":"instock","10":"sale","11":"featured","12":"shipping-taxable","13":"purchasable","14":"product-type-simple"},"acf":[],"jetpack_sharing_enabled":true,"_links":{"self":[{"href":"https:\/\/thanglongcomputer.vn\/index.php?rest_route=\/wp\/v2\/product\/1510","targetHints":{"allow":["GET"]}}],"collection":[{"href":"https:\/\/thanglongcomputer.vn\/index.php?rest_route=\/wp\/v2\/product"}],"about":[{"href":"https:\/\/thanglongcomputer.vn\/index.php?rest_route=\/wp\/v2\/types\/product"}],"replies":[{"embeddable":true,"href":"https:\/\/thanglongcomputer.vn\/index.php?rest_route=%2Fwp%2Fv2%2Fcomments&post=1510"}],"wp:featuredmedia":[{"embeddable":true,"href":"https:\/\/thanglongcomputer.vn\/index.php?rest_route=\/wp\/v2\/media\/1613"}],"wp:attachment":[{"href":"https:\/\/thanglongcomputer.vn\/index.php?rest_route=%2Fwp%2Fv2%2Fmedia&parent=1510"}],"wp:term":[{"taxonomy":"product_brand","embeddable":true,"href":"https:\/\/thanglongcomputer.vn\/index.php?rest_route=%2Fwp%2Fv2%2Fproduct_brand&post=1510"},{"taxonomy":"product_cat","embeddable":true,"href":"https:\/\/thanglongcomputer.vn\/index.php?rest_route=%2Fwp%2Fv2%2Fproduct_cat&post=1510"},{"taxonomy":"product_tag","embeddable":true,"href":"https:\/\/thanglongcomputer.vn\/index.php?rest_route=%2Fwp%2Fv2%2Fproduct_tag&post=1510"}],"curies":[{"name":"wp","href":"https:\/\/api.w.org\/{rel}","templated":true}]}}