{"id":906,"date":"2020-08-04T13:44:45","date_gmt":"2020-08-04T06:44:45","guid":{"rendered":"http:\/\/hb997.giaodienwebsite.top\/?page_id=906"},"modified":"2025-02-24T16:46:44","modified_gmt":"2025-02-24T09:46:44","slug":"chinh-sach-doi-tra-hang","status":"publish","type":"page","link":"https:\/\/thanglongcomputer.vn\/?page_id=906","title":{"rendered":"Ch\u00ednh s\u00e1ch \u0111\u1ed5i tr\u1ea3 h\u00e0ng"},"content":{"rendered":"<div id=\"HEADLINE20\" class=\"ladi-element ladi-animation\">\n<h1 class=\"ladi-headline ladi-transition\" style=\"text-align: center;\"><\/h1>\n<\/div>\n<div id=\"HEADLINE517\" class=\"ladi-element\">\n<h1 class=\"ladi-headline\" style=\"text-align: center;\"><strong>CAM K\u1ebeT GI\u00c1 T\u1ed0T NH\u1ea4T TH\u1eca TR\u01af\u1edcNG<\/strong><\/h1>\n<ul>\n<li>\n<h3><strong>N\u1ed8I DUNG CH\u00cdNH S\u00c1CH \u0110\u1ed4I TR\u1ea2 V\u00c0 C\u00c1CH T\u00cdNH PH\u00cd<\/strong><\/h3>\n<ul>\n<li>Th\u1eddi gian \u00e1p d\u1ee5ng ch\u00ednh s\u00e1ch:\n<ul>\n<li>Trong 15 ng\u00e0y \u0111\u1ea7u mua v\u00e0 s\u1eed d\u1ee5ng s\u1ea3n ph\u1ea9m, n\u1ebfu th\u1ea5y kh\u00f4ng ph\u00f9 h\u1ee3p kh\u00e1ch h\u00e0ng c\u00f3 th\u1ec3 tr\u1ea3 l\u1ea1i s\u1ea3n ph\u1ea9m v\u00e0 \u0111\u01b0\u1ee3c ho\u00e0n l\u1ea1i ti\u1ec1n sau khi tr\u1eeb \u0111i kho\u1ea3n chi ph\u00ed kh\u1ea5u hao d\u1ef1a tr\u00ean s\u1ed1 ng\u00e0y th\u1ef1c t\u1ebf \u0111\u00e3 s\u1eed d\u1ee5ng s\u1ea3n ph\u1ea9m.<\/li>\n<\/ul>\n<\/li>\n<li>Quy \u0111\u1ecbnh c\u00e1ch t\u00ednh cho ph\u00ed kh\u1ea5u hao:\n<ul>\n<li>Th\u1eddi gian s\u1eed d\u1ee5ng t\u1eeb 01 &#8211; 05 ng\u00e0y: T\u00ednh ph\u00ed 15%<\/li>\n<li>Th\u1eddi gian s\u1eed d\u1ee5ng t\u1eeb 06 &#8211; 10 ng\u00e0y: T\u00ednh ph\u00ed 25%<\/li>\n<li>Th\u1eddi gian s\u1eed d\u1ee5ng t\u1eeb 10 &#8211; 15 ng\u00e0y: T\u00ednh ph\u00ed 35%<\/li>\n<\/ul>\n<\/li>\n<\/ul>\n<\/li>\n<\/ul>\n<blockquote><p><strong>L\u01b0u \u00fd:\u00a0<\/strong>Ch\u00ednh s\u00e1ch ch\u1ec9 \u00e1p d\u1ee5ng trong 15 ng\u00e0y \u0111\u1ea7u s\u1eed d\u1ee5ng, s\u1ed1 ng\u00e0y \u0111\u01b0\u1ee3c t\u00ednh t\u1eeb l\u00fac kh\u00e1ch h\u00e0ng nh\u1eadn s\u1ea3n ph\u1ea9m. Chi ph\u00ed % kh\u1ea5u hao tr\u1ea3 h\u00e0ng \u0111\u01b0\u1ee3c t\u00ednh theo gi\u00e1 b\u00e1n tr\u00ean ho\u00e1 \u0111\u01a1n.<\/p><\/blockquote>\n<ul>\n<li>\n<h3><b>\u0110I\u1ec0U KI\u1ec6N \u00c1P D\u1ee4NG CH\u00cdNH S\u00c1CH<\/b><\/h3>\n<ul>\n<li>S\u1ea3n ph\u1ea9m tr\u1ea3 l\u1ea1i ph\u1ea3i c\u00f2n \u0111\u1ee7 v\u1ecf h\u1ed9p v\u00e0 kh\u00f4ng r\u00e1ch n\u00e1t (n\u1ebfu c\u00f3). S\u1ea1c, ph\u1ee5 ki\u1ec7n v\u00e0 c\u00e1c s\u1ea3n ph\u1ea9m khuy\u1ebfn m\u1ea1i \u0111i k\u00e8m theo v\u1eabn c\u00f2n \u0111\u1ea7y \u0111\u1ee7.<\/li>\n<li>S\u1ea3n ph\u1ea9m kh\u00f4ng m\u00f3p, kh\u00f4ng m\u00e9o, kh\u00f4ng tr\u1ea7y x\u01b0\u1edbc v\u00e0 kh\u00f4ng ng\u1ea5m ch\u1ea5t l\u1ecfng.<\/li>\n<li>T\u1ed5ng quan c\u00f2n \u0111\u1ee7 \u0111i\u1ec1u ki\u1ec7n b\u1ea3o h\u00e0nh ch\u00ednh h\u00e3ng.<\/li>\n<li>S\u1ebd \u0111\u01b0\u1ee3c h\u1ed7 tr\u1ee3 nhanh v\u00e0 \u0111\u1ea7y \u0111\u1ee7 vi\u1ec7c thu h\u1ed3i ho\u00e1 \u0111\u01a1n VAT ( n\u1ebfu c\u00f3).<\/li>\n<\/ul>\n<\/li>\n<li>\n<h3><strong>QUY \u0110\u1ecaNH C\u00c1C D\u00d2NG S\u1ea2N PH\u1ea8M \u0110\u01af\u1ee2C \u00c1P D\u1ee4NG CH\u00cdNH S\u00c1CH<\/strong><\/h3>\n<ul>\n<li>Danh s\u00e1ch s\u1ea3n ph\u1ea9m \u0111\u01b0\u1ee3c nh\u1eadp l\u1ea1i:\n<ul>\n<li>C\u00e1c d\u00f2ng Laptop, PC, Linh ki\u1ec7n cao c\u1ea5p, M\u00e0n h\u00ecnh, Thi\u1ebft b\u1ecb m\u1ea1ng, C\u00e1c thi\u1ebft b\u1ecb c\u00f3 gi\u00e1 tr\u00ean 1 tri\u1ec7u.<\/li>\n<\/ul>\n<\/li>\n<li>D\u00f2ng s\u1ea3n ph\u1ea9m kh\u00f4ng nh\u1eadp l\u1ea1i:\n<ul>\n<li>C\u00e1c s\u1ea3n ph\u1ea9m \u0111\u1eb7t ri\u00eang theo y\u00eau c\u1ea7u.<\/li>\n<li>C\u00e1c s\u1ea3n ph\u1ea9m kh\u00f4ng n\u1eb1m trong &#8220;<strong>Danh s\u00e1ch s\u1ea3n ph\u1ea9m \u0111\u01b0\u1ee3c nh\u1eadp l\u1ea1i<\/strong>&#8220;.<\/li>\n<li>C\u00e1c nh\u00f3m h\u00e0ng \u0111\u1eb7c bi\u1ec7t theo tho\u1ea3 thu\u1eadn.<\/li>\n<\/ul>\n<\/li>\n<\/ul>\n<\/li>\n<\/ul>\n<hr \/>\n<h1 style=\"text-align: center;\"><span style=\"font-size: 120%; background-color: #d83131; color: #ffff00;\"><strong>C\u00d4NG TY TNHH MTV TH\u0102NG LONG COMPUTER XIN C\u1ea2M \u01a0N QU\u00dd KH\u00c1CH!<\/strong><\/span><\/h1>\n<\/div>\n","protected":false},"excerpt":{"rendered":"<p>CAM K\u1ebeT GI\u00c1 T\u1ed0T NH\u1ea4T TH\u1eca TR\u01af\u1edcNG N\u1ed8I DUNG CH\u00cdNH S\u00c1CH \u0110\u1ed4I TR\u1ea2 V\u00c0 C\u00c1CH T\u00cdNH PH\u00cd Th\u1eddi gian \u00e1p d\u1ee5ng ch\u00ednh s\u00e1ch: Trong 15 ng\u00e0y \u0111\u1ea7u mua v\u00e0 s\u1eed d\u1ee5ng s\u1ea3n ph\u1ea9m, n\u1ebfu th\u1ea5y kh\u00f4ng ph\u00f9 h\u1ee3p kh\u00e1ch h\u00e0ng c\u00f3 th\u1ec3 tr\u1ea3 l\u1ea1i s\u1ea3n ph\u1ea9m v\u00e0 \u0111\u01b0\u1ee3c ho\u00e0n l\u1ea1i ti\u1ec1n sau khi tr\u1eeb \u0111i &#8230;<\/p>\n","protected":false},"author":2,"featured_media":0,"parent":0,"menu_order":0,"comment_status":"closed","ping_status":"closed","template":"","meta":{"_acf_changed":false,"footnotes":""},"class_list":["post-906","page","type-page","status-publish","hentry"],"acf":[],"jetpack_sharing_enabled":true,"_links":{"self":[{"href":"https:\/\/thanglongcomputer.vn\/index.php?rest_route=\/wp\/v2\/pages\/906","targetHints":{"allow":["GET"]}}],"collection":[{"href":"https:\/\/thanglongcomputer.vn\/index.php?rest_route=\/wp\/v2\/pages"}],"about":[{"href":"https:\/\/thanglongcomputer.vn\/index.php?rest_route=\/wp\/v2\/types\/page"}],"author":[{"embeddable":true,"href":"https:\/\/thanglongcomputer.vn\/index.php?rest_route=\/wp\/v2\/users\/2"}],"replies":[{"embeddable":true,"href":"https:\/\/thanglongcomputer.vn\/index.php?rest_route=%2Fwp%2Fv2%2Fcomments&post=906"}],"version-history":[{"count":6,"href":"https:\/\/thanglongcomputer.vn\/index.php?rest_route=\/wp\/v2\/pages\/906\/revisions"}],"predecessor-version":[{"id":2943,"href":"https:\/\/thanglongcomputer.vn\/index.php?rest_route=\/wp\/v2\/pages\/906\/revisions\/2943"}],"wp:attachment":[{"href":"https:\/\/thanglongcomputer.vn\/index.php?rest_route=%2Fwp%2Fv2%2Fmedia&parent=906"}],"curies":[{"name":"wp","href":"https:\/\/api.w.org\/{rel}","templated":true}]}}