{"id":41,"date":"2019-11-14T09:22:20","date_gmt":"2019-11-14T02:22:20","guid":{"rendered":"http:\/\/hb997.giaodienwebsite.top\/?page_id=41"},"modified":"2026-02-25T11:29:27","modified_gmt":"2026-02-25T04:29:27","slug":"lien-he","status":"publish","type":"page","link":"https:\/\/thanglongcomputer.vn\/?page_id=41","title":{"rendered":"Li\u00ean h\u1ec7"},"content":{"rendered":"<div class=\"fusion-text\">\n<p><b>Gi\u1ea3i<\/b>\u00a0<b>ph\u00e1p<\/b>\u00a0<b>ph\u1ea7n<\/b>\u00a0<b>m\u1ec1m<\/b>\u00a0<b>\u0111\u00f3ng<\/b>\u00a0<b>g\u00f3i<\/b><\/p>\n<p>Passport2IT SME ERP l\u00e0 ph\u1ea7n m\u1ec1m chuy\u00ean v\u1ec1 qu\u1ea3n l\u00fd doanh nghi\u1ec7p v\u00e0 Passport2IT POS l\u00e0 ph\u1ea7n m\u1ec1m chuy\u00ean v\u1ec1 qu\u1ea3n l\u00fd c\u1eeda h\u00e0ng \u2013 chu\u1ed7i c\u1eeda h\u00e0ng l\u00e0 2 s\u1ea3n ph\u1ea9m \u0111\u00f3ng g\u00f3i \u0111\u01b0\u1ee3c ph\u00e1t tri\u1ec3n b\u1edfi CIIBOS-VN. C\u00e1c s\u1ea3n ph\u1ea9m n\u00e0y \u0111\u01b0\u1ee3c nghi\u00ean c\u1ee9u, thi\u1ebft k\u1ebf v\u00e0 ph\u00e1t tri\u1ec3n d\u1ef1a tr\u00ean chu\u1ea9n m\u1ef1c c\u1ee7a nh\u00e0 n\u01b0\u1edbc, \u0111\u00e1p \u1ee9ng c\u00e1c y\u00eau c\u1ea7u kh\u00e1c nhau c\u1ee7a kh\u00e1ch h\u00e0ng v\u00e0 \u0111\u01b0\u1ee3c k\u1ebf th\u1eeba m\u1ed9t n\u1ec1n t\u1ea3ng c\u00f4ng ngh\u1ec7 ti\u00ean ti\u1ebfn, c\u00e1c quy tr\u00ecnh ch\u1eb7t ch\u1ebd trong vi\u1ec7c v\u1eadn h\u00e0nh v\u00e0 qu\u1ea3n l\u00fd t\u1eeb c\u00e1c n\u01b0\u1edbc ph\u00e1t tri\u1ec3n.<\/p>\n<\/div>\n<div class=\"fusion-text\">\n<p><b><i>Ch\u1ec9nh<\/i><\/b>\u00a0<b><i>s\u1eeda<\/i><\/b><b><i>,\u00a0<\/i><\/b><b><i>b\u1ed5<\/i><\/b><b><i>\u00a0sung\u00a0<\/i><\/b><b><i>theo<\/i><\/b>\u00a0<b><i>y\u00eau<\/i><\/b>\u00a0<b><i>c\u1ea7u<\/i><\/b>\u00a0<b><i>c\u1ee7a<\/i><\/b>\u00a0<b><i>kh\u00e1ch<\/i><\/b>\u00a0<b><i>h\u00e0ng<\/i><\/b><\/p>\n<p>Nh\u1eb1m \u0111\u00e1p \u1ee9ng nhu c\u1ea7u m\u1edf r\u1ed9ng c\u1ee7a kh\u00e1ch h\u00e0ng, CIIBOS-VN nh\u1eadn gia c\u00f4ng, m\u1edf r\u1ed9ng th\u00eam c\u00e1c ch\u1ee9c n\u0103ng theo \u0111\u1eb7c th\u00f9 t\u1eebng doanh nghi\u1ec7p tr\u00ean ch\u00ednh s\u1ea3n ph\u1ea9m c\u1ee7a m\u00ecnh<b>.<\/b><\/p>\n<\/div>\n<div class=\"fusion-text\">\n<p><b>T\u01b0 v\u1ea5n gi\u1ea3i ph\u00e1p v\u00e0 gia c\u00f4ng ph\u1ea7n m\u1ec1m<\/b><\/p>\n<p>V\u1edbi \u0111\u1ed9i ng\u0169 nh\u00e2n s\u1ef1 c\u00f3 chuy\u00ean m\u00f4n\u00a0 nghi\u1ec7p v\u1ee5 s\u00e2u tr\u00ean c\u00e1c l\u0129nh v\u1ef1c: ph\u1ea7n m\u1ec1m qu\u1ea3n l\u00fd c\u1ea3ng bi\u1ec3n, logistics, t\u00e0i ch\u00ednh \u2013 k\u1ebf to\u00e1n, ERP, Data mining, Business Intelligent\u2026, v\u00e0 l\u1eadp tr\u00ecnh vi\u00ean c\u1ee9ng v\u1ec1 k\u0129 thu\u1eadt\u00a0 th\u00ec CIIBOS-VN hi\u1ec7n l\u00e0 \u0111\u1ed1i t\u00e1c tri\u1ec3n khai c\u1ee7a RBS Australia v\u00e0 Cargo WiseOne Australia trong vi\u1ec7c t\u00ecm ki\u1ebfm kh\u00e1ch h\u00e0ng v\u00e0 tri\u1ec3n khai c\u00e1c gi\u1ea3i ph\u00e1p qu\u1ea3n l\u00fd c\u1ea3ng bi\u1ec3n, qu\u1ea3n l\u00fd logistics chuy\u00ean nghi\u1ec7p t\u1ea1i th\u1ecb tr\u01b0\u1eddng Vi\u1ec7t Nam<\/p>\n<\/div>\n<p>&nbsp;<\/p>\n","protected":false},"excerpt":{"rendered":"<p>Gi\u1ea3i\u00a0ph\u00e1p\u00a0ph\u1ea7n\u00a0m\u1ec1m\u00a0\u0111\u00f3ng\u00a0g\u00f3i Passport2IT SME ERP l\u00e0 ph\u1ea7n m\u1ec1m chuy\u00ean v\u1ec1 qu\u1ea3n l\u00fd doanh nghi\u1ec7p v\u00e0 Passport2IT POS l\u00e0 ph\u1ea7n m\u1ec1m chuy\u00ean v\u1ec1 qu\u1ea3n l\u00fd c\u1eeda h\u00e0ng \u2013 chu\u1ed7i c\u1eeda h\u00e0ng l\u00e0 2 s\u1ea3n ph\u1ea9m \u0111\u00f3ng g\u00f3i \u0111\u01b0\u1ee3c ph\u00e1t tri\u1ec3n b\u1edfi CIIBOS-VN. C\u00e1c s\u1ea3n ph\u1ea9m n\u00e0y \u0111\u01b0\u1ee3c nghi\u00ean c\u1ee9u, thi\u1ebft k\u1ebf v\u00e0 ph\u00e1t tri\u1ec3n d\u1ef1a tr\u00ean chu\u1ea9n &#8230;<\/p>\n","protected":false},"author":2,"featured_media":0,"parent":0,"menu_order":0,"comment_status":"closed","ping_status":"closed","template":"page-right-sidebar.php","meta":{"_acf_changed":false,"footnotes":""},"class_list":["post-41","page","type-page","status-publish","hentry"],"acf":[],"jetpack_sharing_enabled":true,"_links":{"self":[{"href":"https:\/\/thanglongcomputer.vn\/index.php?rest_route=\/wp\/v2\/pages\/41","targetHints":{"allow":["GET"]}}],"collection":[{"href":"https:\/\/thanglongcomputer.vn\/index.php?rest_route=\/wp\/v2\/pages"}],"about":[{"href":"https:\/\/thanglongcomputer.vn\/index.php?rest_route=\/wp\/v2\/types\/page"}],"author":[{"embeddable":true,"href":"https:\/\/thanglongcomputer.vn\/index.php?rest_route=\/wp\/v2\/users\/2"}],"replies":[{"embeddable":true,"href":"https:\/\/thanglongcomputer.vn\/index.php?rest_route=%2Fwp%2Fv2%2Fcomments&post=41"}],"version-history":[{"count":3,"href":"https:\/\/thanglongcomputer.vn\/index.php?rest_route=\/wp\/v2\/pages\/41\/revisions"}],"predecessor-version":[{"id":825,"href":"https:\/\/thanglongcomputer.vn\/index.php?rest_route=\/wp\/v2\/pages\/41\/revisions\/825"}],"wp:attachment":[{"href":"https:\/\/thanglongcomputer.vn\/index.php?rest_route=%2Fwp%2Fv2%2Fmedia&parent=41"}],"curies":[{"name":"wp","href":"https:\/\/api.w.org\/{rel}","templated":true}]}}