{"id":2986,"date":"2025-02-28T11:04:44","date_gmt":"2025-02-28T04:04:44","guid":{"rendered":"https:\/\/thanglongcomputer.vn\/?page_id=2986"},"modified":"2025-02-28T18:06:36","modified_gmt":"2025-02-28T11:06:36","slug":"gioi-thieu-cong-ty","status":"publish","type":"page","link":"https:\/\/thanglongcomputer.vn\/?page_id=2986","title":{"rendered":"Gi\u1edbi thi\u1ec7u c\u00f4ng ty"},"content":{"rendered":"<h1 style=\"text-align: center;\"><span style=\"color: #ed1c24;\"><strong>GI\u1edaI THI\u1ec6U V\u1ec0 TH\u0102NG LONG COMPUTER<\/strong><\/span><\/h1>\n<p>&nbsp;<\/p>\n<h2><strong>GI\u1edaI THI\u1ec6U CHUNG<\/strong><\/h2>\n<p><strong>&#8211; C\u00f4ng Ty TNHH MTV Th\u0103ng Long Computer<\/strong>\u00a0(vi\u1ebft t\u1eaft l\u00e0 \u201c<strong>ThangLongComputer<\/strong>\u201d), \u0111\u01b0\u1ee3c th\u00e0nh l\u1eadp v\u00e0o th\u00e1ng 04\/2011, ho\u1ea1t \u0111\u1ed9ng ch\u1ee7 y\u1ebfu trong l\u0129nh v\u1ef1c b\u00e1n bu\u00f4n,b\u00e1n l\u1ebb c\u00e1c s\u1ea3n ph\u1ea9m m\u00e1y t\u00ednh v\u00e0 thi\u1ebft b\u1ecb v\u0103n ph\u00f2ng. Tr\u1ea3i qua ch\u1eb7ng \u0111\u01b0\u1eddng h\u01a1n 15 n\u0103m ph\u00e1t tri\u1ec3n, \u0111\u1ebfn nay ThangLongComputer \u0111\u00e3 tr\u1edf th\u00e0nh m\u1ed9t trong nh\u1eefng th\u01b0\u01a1ng hi\u1ec7u h\u00e0ng \u0111\u1ea7u trong l\u0129nh v\u1ef1c kinh doanh c\u00e1c s\u1ea3n ph\u1ea9m C\u00f4ng ngh\u1ec7 th\u00f4ng tin t\u1ea1i Ho\u00e0 B\u00ecnh.<\/p>\n<p>Nhi\u1ec1u t\u1ed5 ch\u1ee9c uy t\u00edn li\u00ean t\u1ee5c \u0111\u00e1nh gi\u00e1 cao ThangLongComputer v\u1edbi nhi\u1ec1u Th\u00e0nh T\u1ef1u:<\/p>\n<p>V\u1edbi kh\u1ea9u hi\u1ec7u\u00a0<strong>\u201cUy t\u00edn t\u1ea1o d\u1ef1ng ni\u1ec1m tin\u201d<\/strong>, ThangLongComputer mong mu\u1ed1n x\u00e2y d\u1ef1ng \u201cni\u1ec1m tin\u201d c\u1ee7a Kh\u00e1ch h\u00e0ng b\u1eb1ng ch\u1ea5t l\u01b0\u1ee3ng d\u1ecbch v\u1ee5 t\u1ed1t nh\u1ea5t, v\u01b0\u1ee3t tr\u1ed9i nh\u1ea5t. \u0110\u00f3 c\u0169ng ch\u00ednh l\u00e0 kim ch\u1ec9 nam cho s\u1ef1 ph\u00e1t tri\u1ec3n b\u1ec1n v\u1eefng m\u00e0 ThangLongComputer h\u01b0\u1edbng \u0111\u1ebfn.<\/p>\n<h2><strong>T\u1ea6M NH\u00ccN V\u00c0 S\u1ee8 M\u1ec6NH<\/strong><\/h2>\n<ul>\n<li>T\u1ea7m nh\u00ecn:<\/li>\n<\/ul>\n<p>&#8211; L\u00e0 c\u1eeda h\u00e0ng b\u00e1n l\u1ebb c\u00e1c s\u1ea3n ph\u1ea9m c\u00f4ng ngh\u1ec7 h\u00e0ng \u0111\u1ea7u v\u1edbi \u0111\u1ed9 ph\u1ee7 r\u1ed9ng kh\u1eafp c\u00e1c T\u1ec9nh Mi\u1ec1n B\u1eafc<\/p>\n<ul>\n<li>S\u1ee9 m\u1ec7nh:<\/li>\n<\/ul>\n<p>&#8211; V\u1edbi s\u1ee9 m\u1ec7nh ph\u1ee5ng s\u1ef1, ch\u00fang t\u00f4i \u0111em \u0111\u1ebfn cho kh\u00e1ch h\u00e0ng nh\u1eefng tr\u1ea3i nghi\u1ec7m v\u00e0 d\u1ecbch v\u1ee5 \u01b0u vi\u1ec7t, qua \u0111\u00f3 t\u1ea1o n\u00ean nh\u1eefng gi\u00e1 tr\u1ecb t\u1ed1t \u0111\u1eb9p h\u01a1n cho c\u1ed9ng \u0111\u1ed3ng v\u00e0 cu\u1ed9c s\u1ed1ng.<\/p>\n<h2><strong>GI\u00c1 TR\u1eca C\u1ed0T L\u00d5I<\/strong><\/h2>\n<p>&#8211; V\u0103n h\u00f3a ThangLongComputer \u0111\u01b0\u1ee3c th\u1ec3 hi\u1ec7n qua b\u1ed1n gi\u00e1 tr\u1ecb c\u1ed1t l\u00f5i: <strong>T\u1eacN T\u00c2M \u2013 TR\u00c1CH NHI\u1ec6M &#8211; \u0110O\u00c0N K\u1ebeT \u2013 KH\u00c1C BI\u1ec6T \u2013 S\u00c1NG T\u1ea0O<\/strong><\/p>\n<div class=\"hnc-static-equal\">\n<div class=\"hnc-static-all-center hnc-static-equal-half\">\n<h3 class=\"hnc-static-brand-text\">T\u1eacN T\u00c2M<\/h3>\n<p class=\"hnc-static-slogan-text\"><em>\u201cV\u01b0\u1ee3t tr\u00ean s\u1ef1 mong \u0111\u1ee3i\u201d<\/em><\/p>\n<p class=\"hnc-static-explain-text\">THANGLONGCOMPUTER\u00a0\u0111\u1eb7t t\u1eadn t\u00e2m l\u00e0 n\u1ec1n t\u1ea3ng c\u1ee7a ph\u1ee5c v\u1ee5, l\u1ea5y kh\u00e1ch h\u00e0ng l\u00e0m trung t\u00e2m, mang \u0111\u1ebfn nh\u1eefng gi\u00e1 tr\u1ecb \u0111\u00edch th\u1ef1c t\u1edbi kh\u00e1ch h\u00e0ng v\u00e0 \u0111\u1ed1i t\u00e1c.<\/p>\n<\/div>\n<div class=\"hnc-static-all-center hnc-static-equal-half\">\n<h3 class=\"hnc-static-brand-text\">TR\u00c1CH NHI\u1ec6M<\/h3>\n<p class=\"hnc-static-slogan-text\"><em>\u201cCh\u00fang ta lu\u00f4n c\u1ed1 g\u1eafng\u201d<\/em><\/p>\n<p class=\"hnc-static-explain-text\">THANGLONGCOMPUTER \u0111\u1eb7t ch\u1eef T\u00cdN l\u00ean h\u00e0ng \u0111\u1ea7u, lu\u00f4n th\u1ec3 hi\u1ec7n tinh th\u1ea7n tr\u00e1ch nhi\u1ec7m cao c\u00f9ng ph\u01b0\u01a1ng ch\u00e2m \u201cL\u00e0m h\u1ebft vi\u1ec7c ch\u1ee9 kh\u00f4ng l\u00e0m h\u1ebft gi\u1edd\u201d.<\/p>\n<\/div>\n<div class=\"hnc-static-all-center hnc-static-equal-half\">\n<h3 class=\"hnc-static-brand-text\">\u0110O\u00c0N K\u1ebeT<\/h3>\n<p class=\"hnc-static-slogan-text\"><em>\u201c\u0110o\u00e0n k\u1ebft \u0111\u1ec3 th\u00e0nh c\u00f4ng\u201d<\/em><\/p>\n<p class=\"hnc-static-explain-text\">L\u00e0m vi\u1ec7c d\u1ef1a tr\u00ean tinh th\u1ea7n h\u1ee3p t\u00e1c, t\u00f4n tr\u1ecdng, \u0111\u1ed3ng l\u00f2ng, h\u1ed7 tr\u1ee3, tin t\u01b0\u1edfng v\u00e0 s\u1ebb chia \u0111\u1ec3 c\u00f9ng nhau ho\u00e0n th\u00e0nh nh\u1eefng m\u1ee5c ti\u00eau chung.<\/p>\n<\/div>\n<div class=\"hnc-static-all-center hnc-static-equal-half\">\n<h3 class=\"hnc-static-brand-text\">KH\u00c1C BI\u1ec6T<\/h3>\n<p class=\"hnc-static-slogan-text\"><em>\u201cD\u00e1m ngh\u0129 \u2013 D\u00e1m l\u00e0m\u201d<\/em><\/p>\n<p class=\"hnc-static-explain-text\">THANGLONGCOMPUTER \u0111\u1eb7t s\u1ef1 kh\u00e1c bi\u1ec7t l\u00e0 ch\u1ee7 tr\u01b0\u01a1ng \u0111\u1ec3 x\u00e2y d\u1ef1ng c\u00f4ng ty th\u00e0nh m\u1ed9t doanh nghi\u1ec7p d\u1eabn \u0111\u1ea7u.<\/p>\n<\/div>\n<div class=\"hnc-static-all-center hnc-static-equal-half\">\n<h3 class=\"hnc-static-brand-text\">S\u00c1NG T\u1ea0O<\/h3>\n<p class=\"hnc-static-slogan-text\"><em>\u201cKh\u00f4ng g\u00ec l\u00e0 kh\u00f4ng th\u1ec3\u201d<\/em><\/p>\n<p class=\"hnc-static-explain-text\">THANGLONGCOMPUTER coi s\u00e1ng t\u1ea1o l\u00e0 \u0111\u00f2n b\u1ea9y \u0111\u1ec3 ph\u00e1t tri\u1ec3n, lu\u00f4n \u0111\u1ec1 cao c\u00e1c s\u00e1ng ki\u1ebfn \u0111\u1ec3 ho\u00e0n thi\u1ec7n, hi\u1ec7u qu\u1ea3 h\u01a1n, n\u00e2ng t\u1ea7m gi\u00e1 tr\u1ecb.<\/p>\n<p>&nbsp;<\/p>\n<\/div>\n<\/div>\n","protected":false},"excerpt":{"rendered":"<p>GI\u1edaI THI\u1ec6U V\u1ec0 TH\u0102NG LONG COMPUTER &nbsp; GI\u1edaI THI\u1ec6U CHUNG &#8211; C\u00f4ng Ty TNHH MTV Th\u0103ng Long Computer\u00a0(vi\u1ebft t\u1eaft l\u00e0 \u201cThangLongComputer\u201d), \u0111\u01b0\u1ee3c th\u00e0nh l\u1eadp v\u00e0o th\u00e1ng 04\/2011, ho\u1ea1t \u0111\u1ed9ng ch\u1ee7 y\u1ebfu trong l\u0129nh v\u1ef1c b\u00e1n bu\u00f4n,b\u00e1n l\u1ebb c\u00e1c s\u1ea3n ph\u1ea9m m\u00e1y t\u00ednh v\u00e0 thi\u1ebft b\u1ecb v\u0103n ph\u00f2ng. Tr\u1ea3i qua ch\u1eb7ng \u0111\u01b0\u1eddng h\u01a1n 15 n\u0103m ph\u00e1t &#8230;<\/p>\n","protected":false},"author":2,"featured_media":0,"parent":0,"menu_order":0,"comment_status":"closed","ping_status":"closed","template":"","meta":{"_acf_changed":false,"footnotes":""},"class_list":["post-2986","page","type-page","status-publish","hentry"],"acf":[],"jetpack_sharing_enabled":true,"_links":{"self":[{"href":"https:\/\/thanglongcomputer.vn\/index.php?rest_route=\/wp\/v2\/pages\/2986","targetHints":{"allow":["GET"]}}],"collection":[{"href":"https:\/\/thanglongcomputer.vn\/index.php?rest_route=\/wp\/v2\/pages"}],"about":[{"href":"https:\/\/thanglongcomputer.vn\/index.php?rest_route=\/wp\/v2\/types\/page"}],"author":[{"embeddable":true,"href":"https:\/\/thanglongcomputer.vn\/index.php?rest_route=\/wp\/v2\/users\/2"}],"replies":[{"embeddable":true,"href":"https:\/\/thanglongcomputer.vn\/index.php?rest_route=%2Fwp%2Fv2%2Fcomments&post=2986"}],"version-history":[{"count":3,"href":"https:\/\/thanglongcomputer.vn\/index.php?rest_route=\/wp\/v2\/pages\/2986\/revisions"}],"predecessor-version":[{"id":3108,"href":"https:\/\/thanglongcomputer.vn\/index.php?rest_route=\/wp\/v2\/pages\/2986\/revisions\/3108"}],"wp:attachment":[{"href":"https:\/\/thanglongcomputer.vn\/index.php?rest_route=%2Fwp%2Fv2%2Fmedia&parent=2986"}],"curies":[{"name":"wp","href":"https:\/\/api.w.org\/{rel}","templated":true}]}}